{"id":18475,"date":"2026-02-01T18:07:15","date_gmt":"2026-02-01T17:07:15","guid":{"rendered":"https:\/\/www.lltrezor.sk\/shop\/?post_type=product&#038;p=18475"},"modified":"2026-02-19T14:36:00","modified_gmt":"2026-02-19T13:36:00","slug":"diana-queen-b-iv","status":"publish","type":"product","link":"https:\/\/www.lltrezor.sk\/shop\/product\/diana-queen-b-iv\/","title":{"rendered":"Diana Queen &#8220;B&#8221; IV."},"content":{"rendered":"<div class=\"product-sdesc\">\n<div class=\"product-sdesc\">\n<div class=\"product-sdesc\">\n<div class=\"product-sdesc\">\n<div class=\"product-sdesc\">\n<div class=\"product-sdesc\">\n<div class=\"product-sdesc\">\n<div class=\"product-sdesc\">\n<div class=\"product-sdesc\">\n<div class=\"product-sdesc\">\n<p data-start=\"228\" data-end=\"512\"><strong data-start=\"228\" data-end=\"254\">Bezpe\u010dnostn\u00e1 kartot\u00e9ka<\/strong> je ur\u010den\u00e1 na spo\u013eahliv\u00fa ochranu kancel\u00e1rskych dokumentov, zml\u00fav a firemnej dokument\u00e1cie. V\u010faka <strong data-start=\"350\" data-end=\"405\">certifikovanej kon\u0161trukcii a protipo\u017eiarnej ochrane<\/strong> poskytuje vysok\u00fa \u00farove\u0148 zabezpe\u010denia a je vhodn\u00e1 pre <strong data-start=\"459\" data-end=\"509\">firmy, in\u0161tit\u00facie aj administrat\u00edvne priestory<\/strong>.<\/p>\n<p data-start=\"514\" data-end=\"647\">Vn\u00fatorn\u00fd priestor je optimalizovan\u00fd pre <strong data-start=\"554\" data-end=\"587\">\u0161tandardn\u00e9 kr\u00fa\u017ekov\u00e9 zaklada\u010de<\/strong>, \u010do umo\u017e\u0148uje <strong data-start=\"601\" data-end=\"646\">preh\u013eadn\u00e9 a efekt\u00edvne ulo\u017eenie dokumentov<\/strong>.<\/p>\n<hr data-start=\"649\" data-end=\"652\" \/>\n<h3 data-start=\"654\" data-end=\"684\">\ud83d\udd10 Bezpe\u010dnostn\u00e9 vlastnosti<\/h3>\n<ul>\n<li data-start=\"687\" data-end=\"739\"><strong data-start=\"687\" data-end=\"737\">Certifik\u00e1cia EN 14450 \u2013 bezpe\u010dnostn\u00e1 trieda S1<\/strong><\/li>\n<li data-start=\"742\" data-end=\"777\">dvojstenn\u00e9 telo a dvere s <strong data-start=\"806\" data-end=\"830\">oh\u0148ovzdornou v\u00fdpl\u0148ou<\/strong><\/li>\n<li data-start=\"835\" data-end=\"874\"><strong data-start=\"835\" data-end=\"872\">trojsmerov\u00e9 uzamykanie v 5 bodoch<\/strong><\/li>\n<li data-start=\"877\" data-end=\"913\"><strong data-start=\"877\" data-end=\"911\">22 mm oce\u013eov\u00fdch uzamykac\u00edch \u010dapov<\/strong><\/li>\n<li data-start=\"916\" data-end=\"973\">certifikovan\u00fd z\u00e1mok <strong data-start=\"936\" data-end=\"971\">VdS chr\u00e1nen\u00fd mang\u00e1nov\u00fdm plechom<\/strong><\/li>\n<li data-start=\"976\" data-end=\"1021\">mo\u017enos\u0165 <strong data-start=\"984\" data-end=\"1019\">ukotvenia k podlahe alebo stene<\/strong><\/li>\n<\/ul>\n<hr data-start=\"1023\" data-end=\"1026\" \/>\n<h3 data-start=\"979\" data-end=\"1017\">\ud83d\udccf Rozmery a vn\u00fatorn\u00e9 usporiadanie<\/h3>\n<ul>\n<li>priestor prisp\u00f4soben\u00fd pre zaklada\u010de <strong data-start=\"1106\" data-end=\"1127\">320 \u00d7 60 \u00d7 300 mm<\/strong><\/li>\n<li>kapacita a\u017e <strong>40 zaklada\u010dov<\/strong><\/li>\n<li><strong data-start=\"1166\" data-end=\"1178\">4 police<\/strong>, z toho 2 v\u00fd\u0161kovo nastavite\u013en\u00e9<\/li>\n<li>dvere s otvoren\u00edm <strong data-start=\"1232\" data-end=\"1243\">do 180\u00b0<\/strong> pre pohodln\u00fa manipul\u00e1ciu<\/li>\n<\/ul>\n<hr data-start=\"1272\" data-end=\"1275\" \/>\n<h3 data-start=\"1277\" data-end=\"1303\">\ud83c\udfa8 Dizajn a prevedenie<\/h3>\n<ul>\n<li data-start=\"1306\" data-end=\"1349\">\u0161tandardn\u00e1 farba: <strong data-start=\"1324\" data-end=\"1347\">svetlosiv\u00e1 RAL 7035<\/strong><\/li>\n<li data-start=\"1352\" data-end=\"1388\">kotviaci materi\u00e1l s\u00fa\u010das\u0165ou balenia<\/li>\n<li data-start=\"1391\" data-end=\"1408\"><strong data-start=\"1391\" data-end=\"1406\">2 ks k\u013e\u00fa\u010dov<\/strong><\/li>\n<\/ul>\n<hr data-start=\"1410\" data-end=\"1413\" \/>\n<h3 data-start=\"1415\" data-end=\"1437\">\u2699 Volite\u013en\u00e1 v\u00fdbava<\/h3>\n<ul>\n<li data-start=\"1440\" data-end=\"1470\">uzamykate\u013en\u00fd vn\u00fatorn\u00fd trezor<\/li>\n<li data-start=\"1473\" data-end=\"1515\">elektronick\u00fd z\u00e1mok s \u010dasov\u00fdm oneskoren\u00edm<\/li>\n<li data-start=\"1518\" data-end=\"1547\">mechanick\u00fd kombina\u010dn\u00fd z\u00e1mok<\/li>\n<li data-start=\"1550\" data-end=\"1583\">predpr\u00edprava na alarmov\u00fd senzor<\/li>\n<li data-start=\"1586\" data-end=\"1610\">opa\u010dn\u00e9 otv\u00e1ranie dver\u00ed<\/li>\n<li data-start=\"1613\" data-end=\"1658\">individu\u00e1lne lakovanie pod\u013ea <strong data-start=\"1642\" data-end=\"1656\">RAL palety<\/strong><\/li>\n<\/ul>\n<hr data-start=\"1660\" data-end=\"1663\" \/>\n<h3 data-start=\"1665\" data-end=\"1716\">\u2714\ufe0f Pre\u010do si vybra\u0165 t\u00fato bezpe\u010dnostn\u00fa kartot\u00e9ku?<\/h3>\n<ul>\n<li data-start=\"1719\" data-end=\"1767\"><strong data-start=\"1719\" data-end=\"1765\">leg\u00e1lna a certifikovan\u00e1 ochrana dokumentov<\/strong><\/li>\n<li data-start=\"1770\" data-end=\"1812\">vysok\u00e1 odolnos\u0165 proti vl\u00e1maniu a po\u017eiaru<\/li>\n<li data-start=\"1815\" data-end=\"1852\">preh\u013eadn\u00e9 ulo\u017eenie a\u017e 40 zaklada\u010dov<\/li>\n<li data-start=\"1855\" data-end=\"1915\">flexibiln\u00e9 vn\u00fatorn\u00e9 usporiadanie s nastavite\u013en\u00fdmi policami<\/li>\n<li data-start=\"1918\" data-end=\"1965\">mo\u017enos\u0165 doplnkovej v\u00fdbavy pod\u013ea potrieb firmy<\/li>\n<\/ul>\n<p data-start=\"1967\" data-end=\"2117\"><strong data-start=\"1967\" data-end=\"2115\">Ide\u00e1lne rie\u0161enie pre firmy a in\u0161tit\u00facie, ktor\u00e9 potrebuj\u00fa spo\u013eahlivo chr\u00e1ni\u0165 svoje dokumenty a z\u00e1rove\u0148 ma\u0165 praktick\u00fd a preh\u013eadn\u00fd \u00falo\u017en\u00fd priestor.<\/strong><\/p>\n<\/div>\n<\/div>\n<\/div>\n<\/div>\n<\/div>\n<\/div>\n<\/div>\n<\/div>\n<\/div>\n<\/div>\n","protected":false},"excerpt":{"rendered":"<p>Bezpe\u010dnostn\u00e1 kartot\u00e9ka \u2013 ochrana dokumentov pre firmy a in\u0161tit\u00facie<\/p>\n","protected":false},"featured_media":18478,"comment_status":"open","ping_status":"closed","template":"","meta":{"_monsterinsights_skip_tracking":false,"_monsterinsights_sitenote_active":false,"_monsterinsights_sitenote_note":"","_monsterinsights_sitenote_category":0},"product_brand":[318],"product_cat":[1443,559,106],"product_tag":[542],"class_list":{"0":"post-18475","1":"product","2":"type-product","3":"status-publish","4":"has-post-thumbnail","6":"product_brand-trezor-liktor","7":"product_cat-trezory_lltrezor","8":"product_cat-ohnuvzodrne-trezory-na-dokumenty","9":"product_cat-trezory-na-kratke-zbrane","10":"product_tag-diana","11":"product_shipping_class-od-1001-kg-do-150kg","12":"pa_bezpecnostna-trieda-bezpecnostnej-triedy-a-v-zmysle-normy-en-1300","13":"pa_bezpecnostna-trieda-s1-podla-normy-en-14450","14":"pa_material-ocel","15":"pa_miesto-instalacie-volne-stojace","16":"pa_vnutorna-hlbka-598","17":"pa_vnutorna-sirka-575","18":"pa_vnutorna-vyska-668","19":"pa_vonkajsia-hlbka-540","20":"pa_vonkajsia-sirka-576","21":"pa_vonkajsia-vyska-555","22":"ts_product_brand-trezor-liktor","24":"first","25":"onbackorder","26":"taxable","27":"shipping-taxable","28":"purchasable","29":"product-type-simple"},"aioseo_notices":[],"jetpack_sharing_enabled":true,"_links":{"self":[{"href":"https:\/\/www.lltrezor.sk\/shop\/wp-json\/wp\/v2\/product\/18475","targetHints":{"allow":["GET"]}}],"collection":[{"href":"https:\/\/www.lltrezor.sk\/shop\/wp-json\/wp\/v2\/product"}],"about":[{"href":"https:\/\/www.lltrezor.sk\/shop\/wp-json\/wp\/v2\/types\/product"}],"replies":[{"embeddable":true,"href":"https:\/\/www.lltrezor.sk\/shop\/wp-json\/wp\/v2\/comments?post=18475"}],"wp:featuredmedia":[{"embeddable":true,"href":"https:\/\/www.lltrezor.sk\/shop\/wp-json\/wp\/v2\/media\/18478"}],"wp:attachment":[{"href":"https:\/\/www.lltrezor.sk\/shop\/wp-json\/wp\/v2\/media?parent=18475"}],"wp:term":[{"taxonomy":"product_brand","embeddable":true,"href":"https:\/\/www.lltrezor.sk\/shop\/wp-json\/wp\/v2\/product_brand?post=18475"},{"taxonomy":"product_cat","embeddable":true,"href":"https:\/\/www.lltrezor.sk\/shop\/wp-json\/wp\/v2\/product_cat?post=18475"},{"taxonomy":"product_tag","embeddable":true,"href":"https:\/\/www.lltrezor.sk\/shop\/wp-json\/wp\/v2\/product_tag?post=18475"}],"curies":[{"name":"wp","href":"https:\/\/api.w.org\/{rel}","templated":true}]}}