{"id":18438,"date":"2026-02-01T10:04:39","date_gmt":"2026-02-01T09:04:39","guid":{"rendered":"https:\/\/www.lltrezor.sk\/shop\/?post_type=product&#038;p=18438"},"modified":"2026-02-19T14:33:26","modified_gmt":"2026-02-19T13:33:26","slug":"gradium-ii","status":"publish","type":"product","link":"https:\/\/www.lltrezor.sk\/shop\/product\/gradium-ii\/","title":{"rendered":"Gr\u00e1dium II."},"content":{"rendered":"<div id=\"artdet__short-descrition\" class=\"artdet__short-descripton mb-4\">\n<div class=\"read-more has-button is-processed is-opened\">\n<div id=\"artdet__short-descrition\" class=\"artdet__short-descripton mb-4\">\n<div class=\"read-more has-button is-processed is-opened\">\n<div id=\"artdet__short-descrition\" class=\"artdet__short-descripton mb-4\">\n<div class=\"read-more has-button is-processed is-opened\">\n<div id=\"artdet__short-descrition\" class=\"artdet__short-descripton mb-4\">\n<div class=\"read-more has-button is-processed is-opened\">\n<h3 data-start=\"146\" data-end=\"217\"><strong style=\"font-size: 16px;\" data-start=\"283\" data-end=\"302\">Robustn\u00fd trezor<\/strong><span style=\"font-size: 16px;\"> kombinuje klasick\u00fd dizajn s vysokou \u00farov\u0148ou bezpe\u010dnosti a je ide\u00e1lny pre ulo\u017eenie <\/span><strong style=\"font-size: 16px;\" data-start=\"385\" data-end=\"449\">cennost\u00ed, \u0161perkov, dokumentov, cenn\u00fdch papierov \u010di hotovosti<\/strong><span style=\"font-size: 16px;\">, aj vo v\u00e4\u010d\u0161om objeme. Trezor je dostupn\u00fd v <\/span><strong style=\"font-size: 16px;\" data-start=\"493\" data-end=\"523\">1- alebo 2-z\u00e1mkovej verzii<\/strong><span style=\"font-size: 16px;\"> s mo\u017enos\u0165ou v\u00fdberu r\u00f4znych typov z\u00e1mkov pod\u013ea va\u0161ich bezpe\u010dnostn\u00fdch po\u017eiadaviek. Produkt je dostupn\u00fd <\/span><strong style=\"font-size: 16px;\" data-start=\"625\" data-end=\"646\">na predobjedn\u00e1vku<\/strong><span style=\"font-size: 16px;\">.<\/span><\/h3>\n<div id=\"artdet__short-descrition\" class=\"artdet__short-descripton mb-4\">\n<div class=\"read-more has-button is-processed is-opened\">\n<div id=\"artdet__short-descrition\" class=\"artdet__short-descripton mb-4\">\n<div class=\"read-more has-button is-processed is-opened\">\n<div id=\"artdet__short-descrition\" class=\"artdet__short-descripton mb-4\">\n<div class=\"read-more has-button is-processed is-opened\">\n<div id=\"artdet__short-descrition\" class=\"artdet__short-descripton mb-4\">\n<div class=\"read-more has-button is-processed is-opened\">\n<hr data-start=\"651\" data-end=\"654\" \/>\n<h3 data-start=\"656\" data-end=\"686\">\ud83d\udd10 Bezpe\u010dnostn\u00e9 vlastnosti<\/h3>\n<ul>\n<li data-start=\"603\" data-end=\"658\"><strong data-start=\"603\" data-end=\"630\">Bezpe\u010dnostn\u00e1 trieda III<\/strong> pod\u013ea normy <strong data-start=\"643\" data-end=\"656\">EN 1143-1<\/strong><\/li>\n<li data-start=\"661\" data-end=\"721\">z\u00e1mok v <strong data-start=\"669\" data-end=\"695\">bezpe\u010dnostnej triede A<\/strong> pod\u013ea normy <strong data-start=\"708\" data-end=\"719\">EN 1300<\/strong><\/li>\n<li>pevn\u00e9 <strong data-start=\"695\" data-end=\"722\">dvojstenn\u00e9 oce\u013eov\u00e9 telo<\/strong> so \u0161peci\u00e1lnou \u201esendvi\u010dovou\u201c vlo\u017ekou, ktor\u00e1 pri pokuse o vandalizmus men\u00ed svoju \u0161trukt\u00faru<\/li>\n<li data-start=\"816\" data-end=\"896\"><strong data-start=\"816\" data-end=\"836\">trojstenn\u00e9 dvere<\/strong> s 12 mm oce\u013eov\u00fdm obkladom pre zv\u00fd\u0161en\u00fa mechanick\u00fa odolnos\u0165<\/li>\n<li data-start=\"899\" data-end=\"995\"><strong data-start=\"899\" data-end=\"929\">zamykacie body v 12 bodoch<\/strong>, 4-smerov\u00e9 uzamykanie pomocou okr\u00fahlych oce\u013eov\u00fdch \u010dapov \u00d8 30 mm<\/li>\n<li data-start=\"998\" data-end=\"1073\"><strong data-start=\"998\" data-end=\"1024\">pas\u00edvny ochrann\u00fd z\u00e1mok<\/strong>, aktivuj\u00faci sa pri n\u00e1silnom pokuse o vniknutie<\/li>\n<li data-start=\"1076\" data-end=\"1161\">protipo\u017eiarna izol\u00e1cia a <strong data-start=\"1101\" data-end=\"1129\">labyrintov\u00fd syst\u00e9m dver\u00ed<\/strong> zvy\u0161uj\u00faci odolnos\u0165 proti oh\u0148u<\/li>\n<li data-start=\"1164\" data-end=\"1204\">\u0161peci\u00e1lna ochrana z\u00e1mkov proti v\u0155taniu<\/li>\n<li data-start=\"1207\" data-end=\"1256\">pr\u00edprava na pripojenie k <strong data-start=\"1232\" data-end=\"1254\">popla\u0161n\u00fdm syst\u00e9mom<\/strong><\/li>\n<li data-start=\"1259\" data-end=\"1328\">mo\u017enos\u0165 <strong data-start=\"1267\" data-end=\"1288\">pevn\u00e9ho ukotvenia<\/strong> k nosn\u00fdm prvkom stavebnej kon\u0161trukcie<\/li>\n<\/ul>\n<hr data-start=\"1330\" data-end=\"1333\" \/>\n<h3 data-start=\"979\" data-end=\"1017\">\ud83d\udccf Rozmery a vn\u00fatorn\u00e9 usporiadanie<\/h3>\n<ul>\n<li><strong data-start=\"1366\" data-end=\"1378\">2 police<\/strong> v z\u00e1kladnom balen\u00ed<\/li>\n<li>mo\u017enos\u0165 flexibiln\u00e9ho ulo\u017eenia cennost\u00ed a dokumentov<\/li>\n<li>dodato\u010dn\u00e9 konzoly na police (<strong data-start=\"1487\" data-end=\"1499\">2 \u00d7 4 ks<\/strong>) umo\u017e\u0148uj\u00fa optim\u00e1lne rozdelenie priestoru<\/li>\n<\/ul>\n<hr data-start=\"1544\" data-end=\"1547\" \/>\n<h3 data-start=\"1549\" data-end=\"1578\">\u2699\ufe0f Pr\u00edslu\u0161enstvo v balen\u00ed<\/h3>\n<ul>\n<li data-start=\"1581\" data-end=\"1627\">2 \u00d7 hmo\u017edinky ve\u013ekosti 12 mm na pevn\u00e9 upevnenie<\/li>\n<li data-start=\"1630\" data-end=\"1640\">4 \u00d7 k\u013e\u00fa\u010d<\/li>\n<li data-start=\"1643\" data-end=\"1665\">2 \u00d7 police + konzoly<\/li>\n<\/ul>\n<hr data-start=\"1667\" data-end=\"1670\" \/>\n<h3 data-start=\"1672\" data-end=\"1708\">\u2714\ufe0f Pre\u010do si vybra\u0165 tento trezor?<\/h3>\n<ul>\n<li data-start=\"1711\" data-end=\"1771\">klasick\u00fd dizajn spojen\u00fd s <strong data-start=\"1737\" data-end=\"1769\">maxim\u00e1lnou ochranou cennost\u00ed<\/strong><\/li>\n<li data-start=\"1711\" data-end=\"1771\">certifikovan\u00fd z\u00e1mok <strong data-start=\"1805\" data-end=\"1833\">v bezpe\u010dnostnej triede A<\/strong> a <strong data-start=\"1836\" data-end=\"1859\">trezor v triede III<\/strong> pod\u013ea EN noriem<\/li>\n<li data-start=\"1774\" data-end=\"1835\">robustn\u00e1 <strong data-start=\"1783\" data-end=\"1833\">oce\u013eov\u00e1 kon\u0161trukcia s pas\u00edvnou ochranou z\u00e1mkov<\/strong><\/li>\n<li data-start=\"1838\" data-end=\"1882\">vysok\u00e1 mechanick\u00e1 a protipo\u017eiarn\u00e1 odolnos\u0165<\/li>\n<li data-start=\"1885\" data-end=\"1939\">pripraven\u00fd na pripojenie k alarmom a pevn\u00e9 ukotvenie<\/li>\n<li data-start=\"1942\" data-end=\"2000\">flexibiln\u00e9 vn\u00fatorn\u00e9 usporiadanie pre r\u00f4zne typy cennost\u00ed<\/li>\n<\/ul>\n<p data-start=\"2002\" data-end=\"2127\"><strong data-start=\"2002\" data-end=\"2125\">Ide\u00e1lne rie\u0161enie pre dom\u00e1cnosti, kancel\u00e1rie a firmy, ktor\u00e9 po\u017eaduj\u00fa spo\u013eahliv\u00fa ochranu svojich najcennej\u0161\u00edch predmetov.<\/strong><\/p>\n<\/div>\n<\/div>\n<\/div>\n<\/div>\n<\/div>\n<\/div>\n<\/div>\n<\/div>\n<\/div>\n<\/div>\n<\/div>\n<\/div>\n<\/div>\n<\/div>\n<\/div>\n<\/div>\n","protected":false},"excerpt":{"rendered":"<p>Robustn\u00fd trezor s tradi\u010dn\u00fdm dizajnom \u2013 maxim\u00e1lna ochrana cennost\u00ed<\/p>\n","protected":false},"featured_media":18439,"comment_status":"open","ping_status":"closed","template":"","meta":{"_monsterinsights_skip_tracking":false,"_monsterinsights_sitenote_active":false,"_monsterinsights_sitenote_note":"","_monsterinsights_sitenote_category":0},"product_brand":[318],"product_cat":[1443,559],"product_tag":[1500],"class_list":{"0":"post-18438","1":"product","2":"type-product","3":"status-publish","4":"has-post-thumbnail","6":"product_brand-trezor-liktor","7":"product_cat-trezory_lltrezor","8":"product_cat-ohnuvzodrne-trezory-na-dokumenty","9":"product_tag-gradium","10":"product_shipping_class-od-4001-kg-do-600kg","11":"pa_bezpecnostna-trieda-bezpecnostnej-triedy-a-v-zmysle-normy-en-1300","12":"pa_bezpecnostna-trieda-norma-en-1143-1-v-bezpecnostnej-triede-iii","13":"pa_material-ocel","14":"pa_miesto-instalacie-pripevnitelne-k-stene-aj-k-podlahe","15":"pa_vaha-1501","16":"pa_vnutorna-hlbka-1503","17":"pa_vnutorna-sirka-810","18":"pa_vnutorna-vyska-1502","19":"pa_vonkajsia-hlbka-1419","20":"pa_vonkajsia-sirka-1420","21":"pa_vonkajsia-vyska-1418","22":"ts_product_brand-trezor-liktor","24":"first","25":"onbackorder","26":"taxable","27":"shipping-taxable","28":"purchasable","29":"product-type-simple"},"aioseo_notices":[],"jetpack_sharing_enabled":true,"_links":{"self":[{"href":"https:\/\/www.lltrezor.sk\/shop\/wp-json\/wp\/v2\/product\/18438","targetHints":{"allow":["GET"]}}],"collection":[{"href":"https:\/\/www.lltrezor.sk\/shop\/wp-json\/wp\/v2\/product"}],"about":[{"href":"https:\/\/www.lltrezor.sk\/shop\/wp-json\/wp\/v2\/types\/product"}],"replies":[{"embeddable":true,"href":"https:\/\/www.lltrezor.sk\/shop\/wp-json\/wp\/v2\/comments?post=18438"}],"wp:featuredmedia":[{"embeddable":true,"href":"https:\/\/www.lltrezor.sk\/shop\/wp-json\/wp\/v2\/media\/18439"}],"wp:attachment":[{"href":"https:\/\/www.lltrezor.sk\/shop\/wp-json\/wp\/v2\/media?parent=18438"}],"wp:term":[{"taxonomy":"product_brand","embeddable":true,"href":"https:\/\/www.lltrezor.sk\/shop\/wp-json\/wp\/v2\/product_brand?post=18438"},{"taxonomy":"product_cat","embeddable":true,"href":"https:\/\/www.lltrezor.sk\/shop\/wp-json\/wp\/v2\/product_cat?post=18438"},{"taxonomy":"product_tag","embeddable":true,"href":"https:\/\/www.lltrezor.sk\/shop\/wp-json\/wp\/v2\/product_tag?post=18438"}],"curies":[{"name":"wp","href":"https:\/\/api.w.org\/{rel}","templated":true}]}}