{"id":17499,"date":"2026-01-14T20:32:19","date_gmt":"2026-01-14T19:32:19","guid":{"rendered":"https:\/\/www.lltrezor.sk\/shop\/?post_type=product&#038;p=17499"},"modified":"2026-02-18T21:31:23","modified_gmt":"2026-02-18T20:31:23","slug":"alpha-6-decor","status":"publish","type":"product","link":"https:\/\/www.lltrezor.sk\/shop\/product\/alpha-6-decor\/","title":{"rendered":"Alpha 6 Dekor"},"content":{"rendered":"<div class=\"product-sdesc\">\n<div class=\"product-sdesc\">\n<div class=\"product-sdesc\">\n<div class=\"product-sdesc\">\n<div class=\"product-sdesc\">\n<div class=\"product-sdesc\">\n<div class=\"product-sdesc\">\n<div class=\"product-sdesc\">\n<div class=\"product-sdesc\">\n<div class=\"product-sdesc\">\n<div class=\"product-sdesc\">\n<div class=\"product-sdesc\">\n<p data-start=\"265\" data-end=\"564\">Elegantn\u00e1 a bezpe\u010dn\u00e1 <strong data-start=\"286\" data-end=\"306\">skri\u0148a na zbrane<\/strong> ur\u010den\u00e1 na ulo\u017eenie <strong data-start=\"326\" data-end=\"352\">a\u017e 6 ks dlh\u00fdch zbran\u00ed<\/strong>, vybaven\u00e1 <strong data-start=\"363\" data-end=\"413\">samostatne uzamykate\u013enou schr\u00e1nkou na strelivo<\/strong>. V\u010faka <strong data-start=\"451\" data-end=\"466\">drevodekoru<\/strong> p\u00f4sob\u00ed esteticky a prirodzene zapadne do interi\u00e9ru domu, po\u013eovn\u00edckej izby aj na po\u013eovn\u00edcku chatu.<\/p>\n<p data-start=\"566\" data-end=\"717\">Skri\u0148a <strong data-start=\"573\" data-end=\"645\">sp\u013a\u0148a podmienky \u00a7 55 z\u00e1kona \u010d. 190\/2003 Z. z. o zbraniach a strelive<\/strong>, a je preto vhodn\u00e1 na <strong data-start=\"668\" data-end=\"716\">leg\u00e1lnu a bezpe\u010dn\u00fa \u00faschovu zbran\u00ed a streliva<\/strong>.<\/p>\n<hr data-start=\"719\" data-end=\"722\" \/>\n<h3 data-start=\"724\" data-end=\"750\">\ud83d\udee1\ufe0f Z\u00e1konn\u00e1 bezpe\u010dnos\u0165<\/h3>\n<ul>\n<li data-start=\"753\" data-end=\"797\">v s\u00falade s <strong data-start=\"764\" data-end=\"797\">\u00a7 55 z\u00e1kona \u010d. 190\/2003 Z. z.<\/strong><\/li>\n<li data-start=\"800\" data-end=\"855\">ur\u010den\u00e1 na bezpe\u010dn\u00e9 ulo\u017eenie streln\u00fdch zbran\u00ed a streliva<\/li>\n<li data-start=\"858\" data-end=\"901\">vhodn\u00e1 pre dom\u00e1cnosti aj po\u013eovn\u00edcke objekty<\/li>\n<\/ul>\n<hr data-start=\"903\" data-end=\"906\" \/>\n<h3 data-start=\"908\" data-end=\"941\">\u2699\ufe0f Kon\u0161trukcia a zabezpe\u010denie<\/h3>\n<ul>\n<li data-start=\"944\" data-end=\"1006\"><strong data-start=\"944\" data-end=\"981\">jednopl\u00e1\u0161\u0165ov\u00e1 oce\u013eov\u00e1 kon\u0161trukcia<\/strong> z plechu hr\u00fabky <strong data-start=\"998\" data-end=\"1006\">2 mm<\/strong><\/li>\n<li data-start=\"1009\" data-end=\"1071\"><strong data-start=\"1009\" data-end=\"1041\">dvojpl\u00e1\u0161\u0165ov\u00e9 zosilnen\u00e9 dvere<\/strong> s kon\u0161trukciou proti vl\u00e1maniu<\/li>\n<li data-start=\"1074\" data-end=\"1121\"><strong data-start=\"1074\" data-end=\"1121\">trojstrann\u00fd p\u00e4\u0165bodov\u00fd rozvorov\u00fd mechanizmus<\/strong><\/li>\n<li data-start=\"1124\" data-end=\"1169\">oce\u013eov\u00e9 z\u00e1vorov\u00e9 \u010dapy s priemerom <strong data-start=\"1158\" data-end=\"1169\">\u00d8 22 mm<\/strong><\/li>\n<li>mo\u017enos\u0165 zamykania:<\/li>\n<li><strong data-start=\"1195\" data-end=\"1223\">\u00a0 \u00a0 \u00a0 \u00a0 \u00a0 mechanick\u00fd k\u013e\u00fa\u010dov\u00fd z\u00e1mok<\/strong><\/li>\n<li><strong data-start=\"1228\" data-end=\"1250\">\u00a0 \u00a0 \u00a0 \u00a0 \u00a0 elektronick\u00fd z\u00e1mok<\/strong> (volite\u013en\u00e1 v\u00fdbava)<\/li>\n<li data-start=\"1272\" data-end=\"1375\">skrinka je pripraven\u00e1 na <strong data-start=\"1297\" data-end=\"1329\">kotvenie do podlahy aj steny<\/strong><br data-start=\"1329\" data-end=\"1332\" \/><em data-start=\"1334\" data-end=\"1375\">(kotviaci materi\u00e1l je s\u00fa\u010das\u0165ou balenia)<\/em><\/li>\n<\/ul>\n<hr data-start=\"1377\" data-end=\"1380\" \/>\n<h3 data-start=\"1382\" data-end=\"1410\">\ud83c\udfaf Vn\u00fatorn\u00e9 usporiadanie<\/h3>\n<ul>\n<li data-start=\"1413\" data-end=\"1443\">kapacita: 6<strong data-start=\"1423\" data-end=\"1443\">\u00a0dlh\u00fdch zbran\u00ed<\/strong><\/li>\n<li data-start=\"1446\" data-end=\"1497\">dostato\u010dn\u00fd priestor aj pre <strong data-start=\"1473\" data-end=\"1497\">zbrane s pu\u0161koh\u013eadom<\/strong><\/li>\n<li data-start=\"1500\" data-end=\"1551\"><strong data-start=\"1500\" data-end=\"1522\">molitanov\u00e1 opierka<\/strong> pre bezpe\u010dn\u00e9 ulo\u017eenie zbran\u00ed<\/li>\n<li data-start=\"1554\" data-end=\"1652\"><strong data-start=\"1554\" data-end=\"1602\">samostatne uzamykate\u013en\u00e1 schr\u00e1nka na strelivo <\/strong><\/li>\n<li data-start=\"1554\" data-end=\"1652\">dr\u017eiaky na <strong data-start=\"1742\" data-end=\"1761\">\u010distenie zbran\u00ed<\/strong> na vn\u00fatornej strane dver\u00ed<\/li>\n<\/ul>\n<hr data-start=\"1789\" data-end=\"1792\" \/>\n<h3 data-start=\"1794\" data-end=\"1822\">\ud83d\udd11 Z\u00e1mky a pr\u00edslu\u0161enstvo<\/h3>\n<ul>\n<li data-start=\"1825\" data-end=\"1865\"><strong data-start=\"1825\" data-end=\"1865\">2 ks trezorov\u00fdch mot\u00fdlikov\u00fdch k\u013e\u00fa\u010dov<\/strong><\/li>\n<li data-start=\"1868\" data-end=\"1923\"><strong data-start=\"1868\" data-end=\"1902\">2 ks k\u013e\u00fa\u010dov s poradov\u00fdm \u010d\u00edslom<\/strong> k vn\u00fatornej schr\u00e1nke<\/li>\n<li data-start=\"1926\" data-end=\"1953\">kompletn\u00fd kotviaci materi\u00e1l<\/li>\n<\/ul>\n<hr data-start=\"1955\" data-end=\"1958\" \/>\n<h3 data-start=\"1960\" data-end=\"1994\">\ud83c\udfa8 Dizajn a farebn\u00e9 prevedenie<\/h3>\n<ul>\n<li data-start=\"1997\" data-end=\"2041\">estetick\u00fd <strong data-start=\"2007\" data-end=\"2021\">drevodekor<\/strong> vhodn\u00fd do interi\u00e9ru<\/li>\n<li data-start=\"2044\" data-end=\"2086\">z\u00e1kladn\u00e1 farba skrine: <strong data-start=\"2067\" data-end=\"2086\">\u010dierna RAL 9005<\/strong><\/li>\n<li data-start=\"2089\" data-end=\"2171\">in\u00e9 farebn\u00e9 prevedenia pod\u013ea <strong data-start=\"2118\" data-end=\"2132\">RAL palety<\/strong><br data-start=\"2132\" data-end=\"2135\" \/><em data-start=\"2137\" data-end=\"2171\">(na objedn\u00e1vku, +10 % pr\u00edplatok)<\/em><\/li>\n<\/ul>\n<hr data-start=\"2173\" data-end=\"2176\" \/>\n<h3 data-start=\"2178\" data-end=\"2200\">\ud83d\udccf Technick\u00e9 \u00fadaje<\/h3>\n<ul>\n<li data-start=\"2203\" data-end=\"2238\">maxim\u00e1lna d\u013a\u017eka zbran\u00ed: <strong data-start=\"2227\" data-end=\"2238\">1300 mm<\/strong><\/li>\n<\/ul>\n<hr data-start=\"2240\" data-end=\"2243\" \/>\n<h3 data-start=\"2245\" data-end=\"2290\">\u2714\ufe0f Pre\u010do si vybra\u0165 t\u00fato skri\u0148u na zbrane?<\/h3>\n<ul>\n<li data-start=\"2293\" data-end=\"2346\">z\u00e1konn\u00e1 \u00faschova zbran\u00ed pod\u013ea slovenskej legislat\u00edvy<\/li>\n<li data-start=\"2349\" data-end=\"2379\">kapacita a\u017e 6 dlh\u00fdch zbran\u00ed<\/li>\n<li data-start=\"2382\" data-end=\"2416\">oddelen\u00e9 a uzamykate\u013en\u00e9 strelivo<\/li>\n<li>dizajnov\u00e9 prevedenie s drevodekorom<\/li>\n<li data-start=\"2459\" data-end=\"2502\">vysok\u00e1 \u00farove\u0148 zabezpe\u010denia proti vl\u00e1maniu<\/li>\n<\/ul>\n<\/div>\n<\/div>\n<\/div>\n<\/div>\n<\/div>\n<\/div>\n<\/div>\n<\/div>\n<\/div>\n<\/div>\n<\/div>\n<\/div>\n","protected":false},"excerpt":{"rendered":"<p>Dizajnov\u00e9 prevedenie s drevodekorom<\/p>\n","protected":false},"featured_media":17514,"comment_status":"open","ping_status":"closed","template":"","meta":{"_monsterinsights_skip_tracking":false,"_monsterinsights_sitenote_active":false,"_monsterinsights_sitenote_note":"","_monsterinsights_sitenote_category":0},"product_brand":[318],"product_cat":[82],"product_tag":[629],"class_list":{"0":"post-17499","1":"product","2":"type-product","3":"status-publish","4":"has-post-thumbnail","6":"product_brand-trezor-liktor","7":"product_cat-skrine-na-dlhe-zbrane","8":"product_tag-alpha","9":"product_shipping_class-od-401-kg-do-70kg","10":"pa_bezpecnostna-trieda-bezpecnostnej-triedy-a-v-zmysle-normy-en-1300","11":"pa_farba-matna-cierna","12":"pa_farba-ral-1015-bezova","13":"pa_farba-ral-6005-zelena","14":"pa_farba-ral-7024-seda","15":"pa_farba-ral-7035-svetloseda","16":"pa_farba-ral-8014-hneda","17":"pa_farba-ral-9005-cierna","18":"pa_material-ocel","19":"pa_miesto-instalacie-volne-stojace","20":"pa_typ-zamku-elektronicky-zamok","21":"pa_typ-zamku-mechanicky-zamok","22":"pa_vnutorna-hlbka-630","23":"pa_vnutorna-sirka-631","24":"pa_vnutorna-vyska-567","25":"pa_vnutorny-objem-537","26":"pa_vonkajsia-hlbka-618","27":"pa_vonkajsia-sirka-632","28":"pa_vonkajsia-vyska-581","29":"ts_product_brand-trezor-liktor","31":"first","32":"instock","33":"featured","34":"taxable","35":"shipping-taxable","36":"purchasable","37":"product-type-variable","38":"has-default-attributes"},"aioseo_notices":[],"jetpack_sharing_enabled":true,"_links":{"self":[{"href":"https:\/\/www.lltrezor.sk\/shop\/wp-json\/wp\/v2\/product\/17499","targetHints":{"allow":["GET"]}}],"collection":[{"href":"https:\/\/www.lltrezor.sk\/shop\/wp-json\/wp\/v2\/product"}],"about":[{"href":"https:\/\/www.lltrezor.sk\/shop\/wp-json\/wp\/v2\/types\/product"}],"replies":[{"embeddable":true,"href":"https:\/\/www.lltrezor.sk\/shop\/wp-json\/wp\/v2\/comments?post=17499"}],"wp:featuredmedia":[{"embeddable":true,"href":"https:\/\/www.lltrezor.sk\/shop\/wp-json\/wp\/v2\/media\/17514"}],"wp:attachment":[{"href":"https:\/\/www.lltrezor.sk\/shop\/wp-json\/wp\/v2\/media?parent=17499"}],"wp:term":[{"taxonomy":"product_brand","embeddable":true,"href":"https:\/\/www.lltrezor.sk\/shop\/wp-json\/wp\/v2\/product_brand?post=17499"},{"taxonomy":"product_cat","embeddable":true,"href":"https:\/\/www.lltrezor.sk\/shop\/wp-json\/wp\/v2\/product_cat?post=17499"},{"taxonomy":"product_tag","embeddable":true,"href":"https:\/\/www.lltrezor.sk\/shop\/wp-json\/wp\/v2\/product_tag?post=17499"}],"curies":[{"name":"wp","href":"https:\/\/api.w.org\/{rel}","templated":true}]}}