{"id":16920,"date":"2026-01-09T20:26:29","date_gmt":"2026-01-09T19:26:29","guid":{"rendered":"https:\/\/www.lltrezor.sk\/shop\/?post_type=product&#038;p=16920"},"modified":"2026-02-19T15:33:45","modified_gmt":"2026-02-19T14:33:45","slug":"yeti-w9","status":"publish","type":"product","link":"https:\/\/www.lltrezor.sk\/shop\/product\/yeti-w9\/","title":{"rendered":"YETI W9"},"content":{"rendered":"<p data-start=\"138\" data-end=\"445\">Stenov\u00fd trezor <strong data-start=\"153\" data-end=\"174\">Spell SB \u2013 YETY W<\/strong> pon\u00faka vysok\u00fa \u00farove\u0148 ochrany cennost\u00ed pri zachovan\u00ed nen\u00e1padn\u00e9ho vzh\u013eadu a \u00faspory priestoru. V\u010faka zabudovaniu do steny je ide\u00e1lnym rie\u0161en\u00edm pre rodinn\u00e9 domy, byty aj rekon\u0161trukcie, kde trezor nezaber\u00e1 miesto v interi\u00e9ri a d\u00e1 sa \u013eahko ukry\u0165 pred zrakmi nepovolan\u00fdch os\u00f4b.<\/p>\n<p data-start=\"447\" data-end=\"658\">Trezor sp\u013a\u0148a <strong data-start=\"460\" data-end=\"505\">bezpe\u010dnostn\u00fa triedu I pod\u013ea STN EN 1143-1<\/strong> a je vybaven\u00fd <strong data-start=\"520\" data-end=\"575\">certifikovan\u00fdm trezorov\u00fdm z\u00e1mkom EN 1300 \u2013 trieda A<\/strong>, \u010do zaru\u010duje spo\u013eahliv\u00fa ochranu dokumentov, hotovosti, \u0161perkov a \u010fal\u0161\u00edch cennost\u00ed.<\/p>\n<p data-start=\"660\" data-end=\"692\">\ud83d\udee1\ufe0f <strong data-start=\"664\" data-end=\"692\">Certifikovan\u00e1 bezpe\u010dnos\u0165<\/strong><\/p>\n<ul>\n<li data-start=\"695\" data-end=\"741\">bezpe\u010dnostn\u00e1 trieda <strong>I\u00a0pod\u013ea STN EN 1143-1<\/strong><\/li>\n<li data-start=\"744\" data-end=\"802\">trezorov\u00fd z\u00e1mok certifikovan\u00fd pod\u013ea <strong data-start=\"780\" data-end=\"802\">EN 1300 \u2013 trieda A<\/strong><\/li>\n<li data-start=\"805\" data-end=\"847\">vhodn\u00fd na ochranu cennost\u00ed v dom\u00e1cnostiach<\/li>\n<li data-start=\"850\" data-end=\"889\">ide\u00e1lny pre novostavby aj rekon\u0161trukcie<\/li>\n<\/ul>\n<p data-start=\"891\" data-end=\"924\">\u2699\ufe0f <strong data-start=\"894\" data-end=\"924\">Kon\u0161trukcia a zabezpe\u010denie<\/strong><\/p>\n<ul>\n<li data-start=\"927\" data-end=\"972\">kvalitn\u00e1 oce\u013eov\u00e1 kon\u0161trukcia v\u00e4\u010d\u0161\u00edch rozmerov<\/li>\n<li data-start=\"975\" data-end=\"1016\">\u010deln\u00e1 doska dver\u00ed z ocele <strong data-start=\"1001\" data-end=\"1016\">hr\u00fabky 8 mm<\/strong><\/li>\n<li data-start=\"1019\" data-end=\"1105\">z\u00e1mkov\u00fd a rozvorov\u00fd mechanizmus chr\u00e1nen\u00fd proti odv\u0155taniu <strong data-start=\"1076\" data-end=\"1105\">kalenou mang\u00e1novou doskou<\/strong><\/li>\n<li data-start=\"1108\" data-end=\"1153\">uzamykacie z\u00e1vory zo \u017eiaruvzdorn\u00e9ho materi\u00e1lu<\/li>\n<li data-start=\"1156\" data-end=\"1240\"><strong data-start=\"1156\" data-end=\"1193\">trojstrann\u00fd uzamykac\u00ed mechanizmus<\/strong> pre zv\u00fd\u0161en\u00fa odolnos\u0165 proti n\u00e1siln\u00e9mu vniknutiu<\/li>\n<\/ul>\n<p data-start=\"1242\" data-end=\"1266\">\ud83e\uddf1 <strong data-start=\"1245\" data-end=\"1266\">Mont\u00e1\u017e a osadenie<\/strong><\/p>\n<ul>\n<li data-start=\"1269\" data-end=\"1303\">ur\u010den\u00fd na <strong data-start=\"1279\" data-end=\"1303\">zamurovanie do steny<\/strong><\/li>\n<li data-start=\"1306\" data-end=\"1373\">potrebn\u00e9 vyh\u013abi\u0165 otvor v\u00e4\u010d\u0161\u00ed minim\u00e1lne o <strong data-start=\"1347\" data-end=\"1373\">100 mm na ka\u017ed\u00fa stranu<\/strong><\/li>\n<li data-start=\"1376\" data-end=\"1403\">spevnenie oce\u013eovou v\u00fdstuhou<\/li>\n<li data-start=\"1406\" data-end=\"1443\">zaliatie <strong data-start=\"1415\" data-end=\"1443\">vysokopevnostn\u00fdm bet\u00f3nom<\/strong><\/li>\n<li data-start=\"1446\" data-end=\"1494\">po osaden\u00ed nezaber\u00e1 \u017eiadny priestor v miestnosti<\/li>\n<\/ul>\n<p data-start=\"1496\" data-end=\"1531\">\ud83c\udfe1 <strong data-start=\"1499\" data-end=\"1531\">Kde trezor najlep\u0161ie vynikne<\/strong><\/p>\n<ul>\n<li data-start=\"1534\" data-end=\"1545\">rodinn\u00fd dom<\/li>\n<li data-start=\"1548\" data-end=\"1551\">byt<\/li>\n<li>rekon\u0161truovan\u00fd interi\u00e9r<\/li>\n<li data-start=\"1593\" data-end=\"1618\">kancel\u00e1ria alebo pracov\u0148a<\/li>\n<\/ul>\n<p data-start=\"1620\" data-end=\"1646\">\ud83c\udfa8 <strong data-start=\"1623\" data-end=\"1646\">Dizajn a prevedenie<\/strong><\/p>\n<ul>\n<li data-start=\"1649\" data-end=\"1674\">modern\u00fd, nen\u00e1padn\u00fd dizajn<\/li>\n<li data-start=\"1677\" data-end=\"1712\">mo\u017enos\u0165 diskr\u00e9tneho ukrytia v stene<\/li>\n<li data-start=\"1715\" data-end=\"1746\">nezasahuje do vzh\u013eadu interi\u00e9ru<\/li>\n<li data-start=\"1749\" data-end=\"1787\">praktick\u00e9 rie\u0161enie bez ru\u0161iv\u00fdch prvkov<\/li>\n<\/ul>\n<p data-start=\"1789\" data-end=\"1815\">\u2139\ufe0f <strong data-start=\"1792\" data-end=\"1815\">Z\u00e1kladn\u00e9 inform\u00e1cie<\/strong><\/p>\n<ul>\n<li data-start=\"1818\" data-end=\"1837\">typ: stenov\u00fd trezor<\/li>\n<li data-start=\"1840\" data-end=\"1864\">model: Spell SB \u2013 YETY W<\/li>\n<li data-start=\"1867\" data-end=\"1889\">bezpe\u010dnostn\u00e1 trieda: I<\/li>\n<li data-start=\"1892\" data-end=\"1917\">krajina p\u00f4vodu: Slovensko<\/li>\n<\/ul>\n<p data-start=\"857\" data-end=\"874\">\ud83d\udd10 <strong>Opcie uzamykania<\/strong><\/p>\n<ul>\n<li data-start=\"1628\" data-end=\"1675\">K \u2013 trezor s mechanick\u00fdm z\u00e1mkom na k\u013e\u00fa\u010d MAUER<\/li>\n<li data-start=\"1628\" data-end=\"1675\">MK \u2013\u00a0 trezor s mechanick\u00fdm kombina\u010dn\u00fdm z\u00e1mkom\u00a0 LA GARD alebo M-LOCKS<\/li>\n<li data-start=\"1628\" data-end=\"1675\">MKN \u2013\u00a0\u00a0trezor s trojcestn\u00fdm mechanick\u00fdm kombina\u010dn\u00fdm z\u00e1mkom\u00a0 LA GARD alebo M-LOCKS<\/li>\n<li data-start=\"1628\" data-end=\"1675\">EL \u2013\u00a0\u00a0trezor s elektronick\u00fdm z\u00e1mkom\u00a0 LA GARD Basic<\/li>\n<li data-start=\"1628\" data-end=\"1675\">EN \u2013\u00a0\u00a0trezor s elektronick\u00fdm z\u00e1mkom\u00a0 M-LOCKS<\/li>\n<li data-start=\"1628\" data-end=\"1675\">EP \u2013\u00a0 schr\u00e1nka s elektronick\u00fdm z\u00e1mkom E-Pass M-LOCKS<\/li>\n<li data-start=\"1628\" data-end=\"1675\">EPH \u2013\u00a0 schr\u00e1nka s elektronick\u00fdm z\u00e1mkom E-Pass M-LOCKS v hotelovej verzii<\/li>\n<li data-start=\"1628\" data-end=\"1675\">KK \u2013\u00a0 trezor s dvomi mechanick\u00fdmi z\u00e1mkami na k\u013e\u00fa\u010d MAUER<\/li>\n<li data-start=\"1628\" data-end=\"1675\">KMK \u2013\u00a0 trezor s mechanick\u00fdm z\u00e1mkom na k\u013e\u00fa\u010d MAUER a mechanick\u00fdm kombina\u010dn\u00fdm z\u00e1mkom\u00a0 LA GARD alebo M-LOCKS<\/li>\n<li data-start=\"1628\" data-end=\"1675\">KEL \u2013\u00a0 trezor s mechanick\u00fdm z\u00e1mkom na k\u013e\u00fa\u010d MAUER a elektronick\u00fdm z\u00e1mkom\u00a0 LA GARD Basic<\/li>\n<li data-start=\"1628\" data-end=\"1675\">KEN \u2013\u00a0 trezor s mechanick\u00fdm z\u00e1mkom na k\u013e\u00fa\u010d MAUER a elektronick\u00fdm z\u00e1mkom\u00a0 M-LOCKS<\/li>\n<li data-start=\"1628\" data-end=\"1675\">KEP \u2013\u00a0 schr\u00e1nka s mechanick\u00fdm z\u00e1mkom na k\u013e\u00fa\u010d a elektronick\u00fdm z\u00e1mkom\u00a0 E-Pass M-LOCKS<\/li>\n<\/ul>\n<p data-start=\"1919\" data-end=\"1975\">\u2714\ufe0f <strong data-start=\"1922\" data-end=\"1975\">Pre\u010do si vybra\u0165 stenov\u00fd trezor Spell SB \u2013 YETY W?<\/strong><\/p>\n<ul>\n<li data-start=\"1978\" data-end=\"2026\">certifikovan\u00e1 bezpe\u010dnos\u0165 pod\u013ea eur\u00f3pskych noriem<\/li>\n<li data-start=\"2029\" data-end=\"2071\">vysok\u00e1 odolnos\u0165 proti odv\u0155taniu a vl\u00e1maniu<\/li>\n<li data-start=\"2074\" data-end=\"2102\">\u00faspora priestoru v interi\u00e9ri<\/li>\n<li data-start=\"2105\" data-end=\"2146\">mo\u017enos\u0165 skrytia pred nepovolan\u00fdmi osobami<\/li>\n<li data-start=\"2149\" data-end=\"2178\">kvalitn\u00e1 <strong data-start=\"2158\" data-end=\"2178\">slovensk\u00e1 v\u00fdroba<\/strong><\/li>\n<li data-start=\"2181\" data-end=\"2217\">ide\u00e1lne rie\u0161enie pre modern\u00e9 b\u00fdvanie<\/li>\n<\/ul>\n<p data-start=\"2219\" data-end=\"2375\"><strong data-start=\"2219\" data-end=\"2255\">Stenov\u00fd trezor Spell SB \u2013 YETY W<\/strong> je ide\u00e1lnou vo\u013ebou pre t\u00fdch, ktor\u00ed h\u013eadaj\u00fa kombin\u00e1ciu bezpe\u010dnosti, funk\u010dnosti a nen\u00e1padn\u00e9ho rie\u0161enia ulo\u017eenia cennost\u00ed.<\/p>\n","protected":false},"excerpt":{"rendered":"<p>Ide\u00e1lnou vo\u013ebou pre t\u00fdch, ktor\u00ed h\u013eadaj\u00fa kombin\u00e1ciu bezpe\u010dnosti, funk\u010dnosti a nen\u00e1padn\u00e9ho rie\u0161enia ulo\u017eenia cennost\u00ed<\/p>\n","protected":false},"featured_media":16918,"comment_status":"open","ping_status":"closed","template":"","meta":{"_monsterinsights_skip_tracking":false,"_monsterinsights_sitenote_active":false,"_monsterinsights_sitenote_note":"","_monsterinsights_sitenote_category":0},"product_brand":[917],"product_cat":[558],"product_tag":[1355],"class_list":{"0":"post-16920","1":"product","2":"type-product","3":"status-publish","4":"has-post-thumbnail","6":"product_brand-spell-sb-slovakia","7":"product_cat-stenove-sejfy","8":"product_tag-yety-w","9":"product_shipping_class-od-1001-kg-do-150kg","10":"pa_bezpecnostna-trieda-bezpecnostnej-triedy-a-v-zmysle-normy-en-1300","11":"pa_bezpecnostna-trieda-norma-en1143-1-v-bezpecnostnej-triede-i","12":"pa_farba-antracitova-ral7016","13":"pa_farba-biela-ral9003","14":"pa_farba-cierna-ral9011","15":"pa_farba-mysacia-seda-ral7005","16":"pa_farba-sedobiela-ral7035","17":"pa_material-ocel","18":"pa_miesto-instalacie-kotvenie-do-steny","19":"pa_typ-zamku-el-trezor-s-elektronickym-zamkom-la-gard-basic","20":"pa_typ-zamku-k-trezor-s-mechanickym-zamkom-na-kluc-mauer","21":"pa_typ-zamku-kel-trezor-s-mechanickym-zamkom-na-kluc-mauer-a-elektronickym-zamkom-la-gard-basic","22":"pa_typ-zamku-kk-trezor-s-dvomi-mechanickymi-zamkami-na-kluc-mauer","23":"pa_typ-zamku-kmk-trezor-s-mechanickym-zamkom-na-kluc-mauer-a-mechanickym-kombinacnym-zamkom-la-gard-alebo-m-locks","24":"pa_typ-zamku-mk-trezor-s-mechanickym-kombinacnym-zamkom-la-gard-alebo-m-locks","25":"pa_vnutorna-hlbka-1508","26":"pa_vnutorna-sirka-718","27":"pa_vnutorna-vyska-1577","28":"pa_vnutorny-objem-1356","29":"pa_vonkajsia-hlbka-1590","30":"pa_vonkajsia-sirka-1591","31":"pa_vonkajsia-vyska-1593","32":"ts_product_brand-spell-sb-slovakia","34":"first","35":"onbackorder","36":"taxable","37":"shipping-taxable","38":"purchasable","39":"product-type-variable"},"aioseo_notices":[],"jetpack_sharing_enabled":true,"_links":{"self":[{"href":"https:\/\/www.lltrezor.sk\/shop\/wp-json\/wp\/v2\/product\/16920","targetHints":{"allow":["GET"]}}],"collection":[{"href":"https:\/\/www.lltrezor.sk\/shop\/wp-json\/wp\/v2\/product"}],"about":[{"href":"https:\/\/www.lltrezor.sk\/shop\/wp-json\/wp\/v2\/types\/product"}],"replies":[{"embeddable":true,"href":"https:\/\/www.lltrezor.sk\/shop\/wp-json\/wp\/v2\/comments?post=16920"}],"wp:featuredmedia":[{"embeddable":true,"href":"https:\/\/www.lltrezor.sk\/shop\/wp-json\/wp\/v2\/media\/16918"}],"wp:attachment":[{"href":"https:\/\/www.lltrezor.sk\/shop\/wp-json\/wp\/v2\/media?parent=16920"}],"wp:term":[{"taxonomy":"product_brand","embeddable":true,"href":"https:\/\/www.lltrezor.sk\/shop\/wp-json\/wp\/v2\/product_brand?post=16920"},{"taxonomy":"product_cat","embeddable":true,"href":"https:\/\/www.lltrezor.sk\/shop\/wp-json\/wp\/v2\/product_cat?post=16920"},{"taxonomy":"product_tag","embeddable":true,"href":"https:\/\/www.lltrezor.sk\/shop\/wp-json\/wp\/v2\/product_tag?post=16920"}],"curies":[{"name":"wp","href":"https:\/\/api.w.org\/{rel}","templated":true}]}}