{"id":16470,"date":"2025-12-24T13:35:44","date_gmt":"2025-12-24T12:35:44","guid":{"rendered":"https:\/\/www.lltrezor.sk\/shop\/?post_type=product&#038;p=16470"},"modified":"2026-02-18T21:32:10","modified_gmt":"2026-02-18T20:32:10","slug":"mini-safe-home-tsk","status":"publish","type":"product","link":"https:\/\/www.lltrezor.sk\/shop\/product\/mini-safe-home-tsk\/","title":{"rendered":"Hotel TSK 2"},"content":{"rendered":"<div class=\"elementor-element elementor-element-f1dca08 elementor-widget elementor-widget-text-editor\" data-id=\"f1dca08\" data-element_type=\"widget\" data-widget_type=\"text-editor.default\">\n<p data-start=\"168\" data-end=\"504\"><strong data-start=\"168\" data-end=\"199\">Hotelov\u00fd sejf Technomax TSK<\/strong> od renomovan\u00e9ho talianskeho v\u00fdrobcu <strong data-start=\"236\" data-end=\"249\">Technomax<\/strong> je praktick\u00e9 rie\u0161enie na bezpe\u010dn\u00e9 ulo\u017eenie osobn\u00fdch vec\u00ed v hoteloch, penzi\u00f3noch, apartm\u00e1noch, kancel\u00e1ri\u00e1ch aj dom\u00e1cnostiach. V\u010faka <strong data-start=\"381\" data-end=\"410\">mal\u00fdm kompaktn\u00fdm rozmerom<\/strong>, jednoduch\u00e9mu ovl\u00e1daniu a minimalistick\u00e9mu dizajnu sa \u013eahko prisp\u00f4sob\u00ed ak\u00e9muko\u013evek interi\u00e9ru.<\/p>\n<p data-start=\"506\" data-end=\"780\">Sejf sa vyr\u00e1ba <strong data-start=\"521\" data-end=\"544\">v dvoch ve\u013ekostiach<\/strong>, \u010do umo\u017e\u0148uje zvoli\u0165 ide\u00e1lne rie\u0161enie pod\u013ea dostupn\u00e9ho priestoru a po\u017eiadaviek na ulo\u017eenie cennost\u00ed. Model TSK je ur\u010den\u00fd na z\u00e1kladn\u00fa ochranu bez certifik\u00e1cie, vhodn\u00fd najm\u00e4 na ulo\u017eenie dokladov, hotovosti, \u0161perkov \u010di drobnej elektroniky.<\/p>\n<p data-start=\"782\" data-end=\"818\">\ud83d\udee1\ufe0f <strong data-start=\"786\" data-end=\"818\">Z\u00e1kladn\u00e1 ochrana a funk\u010dnos\u0165<\/strong><\/p>\n<ul>\n<li data-start=\"821\" data-end=\"851\">hotelov\u00fd sejf bez certifik\u00e1cie<\/li>\n<li data-start=\"854\" data-end=\"907\">bezpe\u010dnostn\u00fd <strong data-start=\"867\" data-end=\"907\">k\u013e\u00fa\u010dov\u00fd z\u00e1mok s dvojdr\u00e1\u017ekov\u00fdm k\u013e\u00fa\u010dom<\/strong><\/li>\n<li data-start=\"910\" data-end=\"930\">dod\u00e1van\u00e9 <strong data-start=\"919\" data-end=\"930\">2 k\u013e\u00fa\u010de<\/strong><\/li>\n<li data-start=\"933\" data-end=\"995\">k\u013e\u00fa\u010d nie je mo\u017en\u00e9 vybra\u0165, pokia\u013e s\u00fa uzamykacie z\u00e1vory zasunut\u00e9<\/li>\n<li data-start=\"998\" data-end=\"1042\">jednoduch\u00e9 a spo\u013eahliv\u00e9 mechanick\u00e9 ovl\u00e1danie<\/li>\n<\/ul>\n<p data-start=\"1044\" data-end=\"1075\">\u2699\ufe0f <strong data-start=\"1047\" data-end=\"1075\">Kon\u0161trukcia a prevedenie<\/strong><\/p>\n<ul>\n<li data-start=\"1078\" data-end=\"1100\">hr\u00fabka dver\u00ed: <strong data-start=\"1092\" data-end=\"1100\">4 mm<\/strong><\/li>\n<li data-start=\"1103\" data-end=\"1127\">hr\u00fabka korpusu: <strong data-start=\"1119\" data-end=\"1127\">2 mm<\/strong><\/li>\n<li data-start=\"1130\" data-end=\"1155\">pevn\u00e1 oce\u013eov\u00e1 kon\u0161trukcia<\/li>\n<li data-start=\"1158\" data-end=\"1210\">podlo\u017eka na z\u00e1kladni pre ochranu ulo\u017een\u00fdch predmetov<\/li>\n<li data-start=\"1213\" data-end=\"1274\">svetlosiv\u00fd <strong data-start=\"1224\" data-end=\"1254\">termosetov\u00fd pr\u00e1\u0161kov\u00fd n\u00e1ter<\/strong> s dlhou \u017eivotnos\u0165ou<\/li>\n<\/ul>\n<p data-start=\"1276\" data-end=\"1300\">\ud83d\udd29 <strong data-start=\"1279\" data-end=\"1300\">Mont\u00e1\u017e a kotvenie<\/strong><\/p>\n<ul>\n<li data-start=\"1303\" data-end=\"1361\">kotviace otvory na zadnej strane a na z\u00e1kladni (<strong data-start=\"1351\" data-end=\"1360\">2 + 2<\/strong>)<\/li>\n<li data-start=\"1364\" data-end=\"1411\">mo\u017enos\u0165 pevn\u00e9ho uchytenia k stene alebo podlahe<\/li>\n<li data-start=\"1414\" data-end=\"1459\"><strong data-start=\"1414\" data-end=\"1459\">upev\u0148ovacie hmo\u017edinky s\u00fa s\u00fa\u010das\u0165ou balenia<\/strong><\/li>\n<\/ul>\n<p data-start=\"1461\" data-end=\"1483\">\ud83c\udfe8 <strong data-start=\"1464\" data-end=\"1483\">Vhodn\u00e9 pou\u017eitie<\/strong><\/p>\n<ul>\n<li data-start=\"1486\" data-end=\"1503\">hotely a penzi\u00f3ny<\/li>\n<li data-start=\"1506\" data-end=\"1539\">apartm\u00e1ny a ubytovacie zariadenia<\/li>\n<li data-start=\"1542\" data-end=\"1552\">kancel\u00e1rie<\/li>\n<li data-start=\"1555\" data-end=\"1565\">dom\u00e1cnosti<\/li>\n<li data-start=\"1568\" data-end=\"1589\">recepcie a pracovisk\u00e1<\/li>\n<\/ul>\n<p data-start=\"1591\" data-end=\"1617\">\u2139\ufe0f <strong data-start=\"1594\" data-end=\"1617\">Z\u00e1kladn\u00e9 inform\u00e1cie<\/strong><\/p>\n<ul>\n<li data-start=\"1620\" data-end=\"1630\">model: TSK<\/li>\n<li data-start=\"1633\" data-end=\"1651\">typ: hotelov\u00fd sejf<\/li>\n<li data-start=\"1654\" data-end=\"1676\">v\u00fdrobca: Technomax SRL<\/li>\n<li data-start=\"1679\" data-end=\"1704\">krajina p\u00f4vodu: Taliansko<\/li>\n<li data-start=\"1707\" data-end=\"1740\">dostupn\u00e9 ve\u013ekosti: <strong data-start=\"1726\" data-end=\"1740\">2 varianty<\/strong><\/li>\n<\/ul>\n<p data-start=\"1742\" data-end=\"1793\">\u2714\ufe0f <strong data-start=\"1745\" data-end=\"1793\">Pre\u010do si vybra\u0165 hotelov\u00fd sejf Technomax TSK?<\/strong><\/p>\n<ul>\n<li data-start=\"1796\" data-end=\"1843\">ide\u00e1lny sejf pre hotely a kr\u00e1tkodob\u00e9 ubytovanie<\/li>\n<li data-start=\"1846\" data-end=\"1887\">kompaktn\u00e9 rozmery a minimalistick\u00fd dizajn<\/li>\n<li data-start=\"1890\" data-end=\"1930\">jednoduch\u00fd k\u013e\u00fa\u010dov\u00fd z\u00e1mok bez elektroniky<\/li>\n<li data-start=\"1933\" data-end=\"1961\">mo\u017enos\u0165 bezpe\u010dn\u00e9ho ukotvenia<\/li>\n<li data-start=\"1964\" data-end=\"2007\">kvalitn\u00e9 spracovanie od talianskeho v\u00fdrobcu<\/li>\n<\/ul>\n<p data-start=\"2009\" data-end=\"2148\"><strong data-start=\"2009\" data-end=\"2040\">Hotelov\u00fd sejf Technomax TSK<\/strong> je praktick\u00fdm rie\u0161en\u00edm pre t\u00fdch, ktor\u00ed h\u013eadaj\u00fa jednoduch\u00fd, nen\u00e1padn\u00fd a funk\u010dn\u00fd sejf na ka\u017edodenn\u00e9 pou\u017eitie.<\/p>\n<\/div>\n","protected":false},"excerpt":{"rendered":"<p>Praktick\u00fdm rie\u0161en\u00edm pre t\u00fdch, ktor\u00ed h\u013eadaj\u00fa jednoduch\u00fd, nen\u00e1padn\u00fd a funk\u010dn\u00fd sejf na ka\u017edodenn\u00e9 pou\u017eitie.<\/p>\n","protected":false},"featured_media":16471,"comment_status":"open","ping_status":"closed","template":"","meta":{"_monsterinsights_skip_tracking":false,"_monsterinsights_sitenote_active":false,"_monsterinsights_sitenote_note":"","_monsterinsights_sitenote_category":0},"product_brand":[785],"product_cat":[111,557],"product_tag":[1307],"class_list":{"0":"post-16470","1":"product","2":"type-product","3":"status-publish","4":"has-post-thumbnail","6":"product_brand-technomax","7":"product_cat-nabytkove-trezory","8":"product_cat-nabytkove-hotelove-a-office-sejfy","9":"product_tag-mini-safe","10":"product_shipping_class-od-101-kg-do-25kg","11":"pa_bezpecnostna-trieda-1306","12":"pa_material-ocel","13":"pa_miesto-instalacie-volne-stojace","14":"pa_vnutorna-hlbka-1644","15":"pa_vnutorna-sirka-711","16":"pa_vnutorna-vyska-928","17":"pa_vnutorny-objem-1645","18":"pa_vonkajsia-hlbka-572","19":"pa_vonkajsia-sirka-632","20":"pa_vonkajsia-vyska-875","21":"ts_product_brand-technomax","23":"first","24":"onbackorder","25":"taxable","26":"shipping-taxable","27":"purchasable","28":"product-type-simple"},"aioseo_notices":[],"jetpack_sharing_enabled":true,"_links":{"self":[{"href":"https:\/\/www.lltrezor.sk\/shop\/wp-json\/wp\/v2\/product\/16470","targetHints":{"allow":["GET"]}}],"collection":[{"href":"https:\/\/www.lltrezor.sk\/shop\/wp-json\/wp\/v2\/product"}],"about":[{"href":"https:\/\/www.lltrezor.sk\/shop\/wp-json\/wp\/v2\/types\/product"}],"replies":[{"embeddable":true,"href":"https:\/\/www.lltrezor.sk\/shop\/wp-json\/wp\/v2\/comments?post=16470"}],"wp:featuredmedia":[{"embeddable":true,"href":"https:\/\/www.lltrezor.sk\/shop\/wp-json\/wp\/v2\/media\/16471"}],"wp:attachment":[{"href":"https:\/\/www.lltrezor.sk\/shop\/wp-json\/wp\/v2\/media?parent=16470"}],"wp:term":[{"taxonomy":"product_brand","embeddable":true,"href":"https:\/\/www.lltrezor.sk\/shop\/wp-json\/wp\/v2\/product_brand?post=16470"},{"taxonomy":"product_cat","embeddable":true,"href":"https:\/\/www.lltrezor.sk\/shop\/wp-json\/wp\/v2\/product_cat?post=16470"},{"taxonomy":"product_tag","embeddable":true,"href":"https:\/\/www.lltrezor.sk\/shop\/wp-json\/wp\/v2\/product_tag?post=16470"}],"curies":[{"name":"wp","href":"https:\/\/api.w.org\/{rel}","templated":true}]}}