{"id":16460,"date":"2025-12-24T12:53:10","date_gmt":"2025-12-24T11:53:10","guid":{"rendered":"https:\/\/www.lltrezor.sk\/shop\/?post_type=product&#038;p=16460"},"modified":"2026-04-23T12:59:41","modified_gmt":"2026-04-23T10:59:41","slug":"mini-safe-cs-4n","status":"publish","type":"product","link":"https:\/\/www.lltrezor.sk\/shop\/product\/mini-safe-cs-4n\/","title":{"rendered":"MINI SAFE CS\/4N"},"content":{"rendered":"<p data-start=\"0\" data-end=\"126\"><strong data-start=\"0\" data-end=\"124\">Vozidlov\u00fd motorizovan\u00fd trezor <span class=\"hover:entity-accent entity-underline inline cursor-pointer align-baseline\"><span class=\"whitespace-normal\">Technomax<\/span><\/span> MINI SAFE CS\/4N \u2013 elektronick\u00fd z\u00e1mok s LED displejom<\/strong><\/p>\n<p data-start=\"128\" data-end=\"414\">Model <strong data-start=\"134\" data-end=\"163\">Technomax MINI SAFE CS\/4N<\/strong> je taliansky vyroben\u00fd kompaktn\u00fd motorizovan\u00fd trezor ur\u010den\u00fd pre vozidl\u00e1, dom\u00e1cnosti alebo kancel\u00e1rie. V\u010faka spo\u013eahliv\u00e9mu elektronick\u00e9mu z\u00e1mku a LED displeju poskytuje bezpe\u010dn\u00e9 ulo\u017eenie <strong data-start=\"348\" data-end=\"411\">notebooku, dokumentov, cennost\u00ed a kr\u00e1tkych streln\u00fdch zbran\u00ed<\/strong>.<\/p>\n<hr data-start=\"416\" data-end=\"419\" \/>\n<h2 data-start=\"421\" data-end=\"468\">\ud83d\udd10 Motorizovan\u00fd digit\u00e1lny elektronick\u00fd z\u00e1mok<\/h2>\n<ul>\n<li data-start=\"472\" data-end=\"510\">Vysoko spo\u013eahliv\u00fd motorizovan\u00fd z\u00e1mok<\/li>\n<li data-start=\"513\" data-end=\"572\"><strong data-start=\"513\" data-end=\"544\">6-miestny modr\u00fd LED displej<\/strong> indikuj\u00faci v\u0161etky funkcie<\/li>\n<li data-start=\"575\" data-end=\"643\">Modr\u00e9 LED podsvietenie kl\u00e1vesnice pri stla\u010den\u00ed \u013eubovo\u013en\u00e9ho kl\u00e1vesu<\/li>\n<li data-start=\"646\" data-end=\"691\">Plynov\u00fd piest pre u\u013eah\u010denie otv\u00e1rania dver\u00ed<\/li>\n<li data-start=\"694\" data-end=\"765\">K\u013e\u00fa\u010dov\u00fd z\u00e1mok pre n\u00fadzov\u00e9 otvorenie (s\u00fa\u010das\u0165ou balenia s\u00fa <strong data-start=\"751\" data-end=\"762\">2 k\u013e\u00fa\u010de<\/strong>)<\/li>\n<\/ul>\n<p data-start=\"767\" data-end=\"865\">Motorizovan\u00fd syst\u00e9m zais\u0165uje presn\u00e9 a bezpe\u010dn\u00e9 zamykanie bez nutnosti manu\u00e1lneho zas\u00favania z\u00e1mkov.<\/p>\n<hr data-start=\"867\" data-end=\"870\" \/>\n<h2 data-start=\"872\" data-end=\"910\">\u2699\ufe0f Kon\u0161trukcia a bezpe\u010dnostn\u00e9 prvky<\/h2>\n<ul>\n<li data-start=\"914\" data-end=\"956\">Hr\u00fabka dver\u00ed: 5 mm, hr\u00fabka korpusu: 2 mm<\/li>\n<li data-start=\"959\" data-end=\"1010\">Upev\u0148ovacie otvory na operadle a z\u00e1kladni (2 + 4)<\/li>\n<li data-start=\"1013\" data-end=\"1062\">Oce\u013eov\u00e9 lano na bezpe\u010dn\u00e9 upevnenie v kufri auta<\/li>\n<li data-start=\"1065\" data-end=\"1106\">Upev\u0148ovacie skrutky s\u00fa s\u00fa\u010das\u0165ou balenia<\/li>\n<li data-start=\"1109\" data-end=\"1157\">Podlo\u017eka na podstavci pre stabiln\u00e9 umiestnenie<\/li>\n<li data-start=\"1160\" data-end=\"1221\">Povrchov\u00e1 \u00faprava <strong data-start=\"1177\" data-end=\"1219\">\u010diernym termosetov\u00fdm pr\u00e1\u0161kov\u00fdm n\u00e1terom<\/strong><\/li>\n<\/ul>\n<hr data-start=\"1223\" data-end=\"1226\" \/>\n<h2 data-start=\"1228\" data-end=\"1250\">\ud83d\ude97 Ide\u00e1lne vyu\u017eitie<\/h2>\n<ul>\n<li data-start=\"1254\" data-end=\"1299\">Vozidlov\u00fd trezor \u2013 bezpe\u010dn\u00e9 ulo\u017eenie v aute<\/li>\n<li data-start=\"1302\" data-end=\"1337\">Dom\u00e1ce alebo kancel\u00e1rske pou\u017eitie<\/li>\n<li data-start=\"1340\" data-end=\"1415\">Ulo\u017eenie <strong data-start=\"1349\" data-end=\"1413\">notebooku, dokumentov, cennost\u00ed alebo kr\u00e1tkej streln\u00e9 zbrane<\/strong><\/li>\n<\/ul>\n<p data-start=\"1417\" data-end=\"1518\">Kompaktn\u00e9 rozmery a bezpe\u010dnostn\u00e9 prvky zais\u0165uj\u00fa spo\u013eahliv\u00fa ochranu pri cestovan\u00ed alebo na pracovisku.<\/p>\n<hr data-start=\"1520\" data-end=\"1523\" \/>\n<h3 data-start=\"1525\" data-end=\"1571\">Pre\u010do si vybra\u0165 Technomax MINI SAFE CS\/4N?<\/h3>\n<p data-start=\"1573\" data-end=\"1870\">\u2714 Talianska v\u00fdroba a prec\u00edzne spracovanie<br data-start=\"1614\" data-end=\"1617\" \/>\u2714 Motorizovan\u00fd elektronick\u00fd z\u00e1mok s LED displejom<br data-start=\"1666\" data-end=\"1669\" \/>\u2714 Plynov\u00fd piest pre jednoduch\u00e9 otv\u00e1ranie dver\u00ed<br data-start=\"1715\" data-end=\"1718\" \/>\u2714 K\u013e\u00fa\u010dov\u00fd n\u00fadzov\u00fd z\u00e1mok so 2 k\u013e\u00fa\u010dmi<br data-start=\"1753\" data-end=\"1756\" \/>\u2714 Oce\u013eov\u00e9 lano pre bezpe\u010dn\u00e9 upevnenie v aute<br data-start=\"1800\" data-end=\"1803\" \/>\u2714 Kompaktn\u00e9 rie\u0161enie vhodn\u00e9 aj na ulo\u017eenie kr\u00e1tkej streln\u00e9 zbrane<\/p>\n<p data-start=\"1872\" data-end=\"2050\" data-is-last-node=\"\" data-is-only-node=\"\">Ak h\u013ead\u00e1te <strong data-start=\"1883\" data-end=\"1940\">spo\u013eahliv\u00fd vozidlov\u00fd trezor na elektronick\u00e9 zamykanie<\/strong>, model Technomax MINI SAFE CS\/4N poskytuje maxim\u00e1lnu bezpe\u010dnos\u0165 a komfort pri preprave cennost\u00ed alebo zbran\u00ed.<\/p>\n","protected":false},"excerpt":{"rendered":"<p>Vozidlov\u00fd motorizovan\u00fd trezor <span class=\"hover:entity-accent entity-underline inline cursor-pointer align-baseline\"><span class=\"whitespace-normal\">Technomax<\/span><\/span> MINI SAFE CS\/4N \u2013 elektronick\u00fd z\u00e1mok s LED displejom<\/p>\n","protected":false},"featured_media":16464,"comment_status":"open","ping_status":"closed","template":"","meta":{"_monsterinsights_skip_tracking":false,"_monsterinsights_sitenote_active":false,"_monsterinsights_sitenote_note":"","_monsterinsights_sitenote_category":0},"product_brand":[785],"product_cat":[301,183,111,557],"product_tag":[1307],"class_list":{"0":"post-16460","1":"product","2":"type-product","3":"status-publish","4":"has-post-thumbnail","6":"product_brand-technomax","7":"product_cat-autotrezory","8":"product_cat-kazety-na-kratke-zbrane","9":"product_cat-nabytkove-trezory","10":"product_cat-nabytkove-hotelove-a-office-sejfy","11":"product_tag-mini-safe","12":"product_shipping_class-od-101-kg-do-25kg","13":"pa_bezpecnostna-trieda-1306","14":"pa_material-ocel","15":"pa_miesto-instalacie-volne-stojace","16":"pa_vnutorna-hlbka-598","17":"pa_vnutorna-sirka-786","18":"pa_vnutorna-vyska-787","19":"pa_vnutorny-objem-1000","20":"pa_vonkajsia-hlbka-788","21":"pa_vonkajsia-sirka-614","22":"pa_vonkajsia-vyska-1610","23":"ts_product_brand-technomax","25":"first","26":"instock","27":"featured","28":"taxable","29":"shipping-taxable","30":"purchasable","31":"product-type-simple"},"aioseo_notices":[],"jetpack_sharing_enabled":true,"_links":{"self":[{"href":"https:\/\/www.lltrezor.sk\/shop\/wp-json\/wp\/v2\/product\/16460","targetHints":{"allow":["GET"]}}],"collection":[{"href":"https:\/\/www.lltrezor.sk\/shop\/wp-json\/wp\/v2\/product"}],"about":[{"href":"https:\/\/www.lltrezor.sk\/shop\/wp-json\/wp\/v2\/types\/product"}],"replies":[{"embeddable":true,"href":"https:\/\/www.lltrezor.sk\/shop\/wp-json\/wp\/v2\/comments?post=16460"}],"wp:featuredmedia":[{"embeddable":true,"href":"https:\/\/www.lltrezor.sk\/shop\/wp-json\/wp\/v2\/media\/16464"}],"wp:attachment":[{"href":"https:\/\/www.lltrezor.sk\/shop\/wp-json\/wp\/v2\/media?parent=16460"}],"wp:term":[{"taxonomy":"product_brand","embeddable":true,"href":"https:\/\/www.lltrezor.sk\/shop\/wp-json\/wp\/v2\/product_brand?post=16460"},{"taxonomy":"product_cat","embeddable":true,"href":"https:\/\/www.lltrezor.sk\/shop\/wp-json\/wp\/v2\/product_cat?post=16460"},{"taxonomy":"product_tag","embeddable":true,"href":"https:\/\/www.lltrezor.sk\/shop\/wp-json\/wp\/v2\/product_tag?post=16460"}],"curies":[{"name":"wp","href":"https:\/\/api.w.org\/{rel}","templated":true}]}}