{"id":15525,"date":"2025-10-19T13:26:32","date_gmt":"2025-10-19T11:26:32","guid":{"rendered":"https:\/\/www.lltrezor.sk\/shop\/?post_type=product&#038;p=15525"},"modified":"2026-03-21T08:24:05","modified_gmt":"2026-03-21T07:24:05","slug":"four-lines-dub","status":"publish","type":"product","link":"https:\/\/www.lltrezor.sk\/shop\/product\/four-lines-dub\/","title":{"rendered":"Four Lines Dub"},"content":{"rendered":"<div class=\"product-sdesc\">\n<p data-start=\"355\" data-end=\"626\">Kvalitn\u00e1 exteri\u00e9rov\u00e1 po\u0161tov\u00e1 schr\u00e1nka odoln\u00e1 proti poveternostn\u00fdm vplyvom, s predn\u00fdmi \u0161tyrmi obd\u013a\u017enikov\u00fdmi kovov\u00fdmi ozdobami v dekore dubov\u00e9ho dreva, cylindrick\u00fdm z\u00e1mkom s dvoma k\u013e\u00fa\u010dmi a predpripraven\u00fdmi mont\u00e1\u017enymi otvormi na zadnej strane.<\/p>\n<hr data-start=\"628\" data-end=\"631\" \/>\n<h3 data-start=\"633\" data-end=\"663\">\ud83c\udfd7\ufe0f Materi\u00e1l a kon\u0161trukcia<\/h3>\n<ul>\n<li data-start=\"666\" data-end=\"738\">Vyroben\u00e1 z <strong data-start=\"677\" data-end=\"699\">pozinkovanej ocele<\/strong>, odolnej vo\u010di nepriazniv\u00e9mu po\u010dasiu.<\/li>\n<li data-start=\"741\" data-end=\"810\"><strong data-start=\"741\" data-end=\"761\">Elegantn\u00fd dizajn<\/strong>, vhodn\u00fd do modern\u00fdch exteri\u00e9rov aj interi\u00e9rov.<\/li>\n<li data-start=\"813\" data-end=\"877\"><strong data-start=\"813\" data-end=\"845\">Predn\u00e1 a zadn\u00e1 \u010das\u0165 chr\u00e1nen\u00e1<\/strong>, vhodn\u00e1 pre po\u0161tu form\u00e1tu A4.<\/li>\n<li data-start=\"880\" data-end=\"968\">Predn\u00e1 strana so <strong data-start=\"897\" data-end=\"939\">\u0161tyrmi obd\u013a\u017enikov\u00fdmi kovov\u00fdmi ozdobami<\/strong> v imit\u00e1cii dubov\u00e9ho dreva.<\/li>\n<li data-start=\"971\" data-end=\"1063\">Zadn\u00e1 strana s pripraven\u00fdmi otvormi na upevnenie (materi\u00e1l na upevnenie s\u00fa\u010das\u0165ou balenia).<\/li>\n<\/ul>\n<hr data-start=\"1065\" data-end=\"1068\" \/>\n<h3 data-start=\"1070\" data-end=\"1095\">\ud83d\udd12 Z\u00e1mok a bezpe\u010dnos\u0165<\/h3>\n<ul>\n<li data-start=\"1098\" data-end=\"1137\"><strong data-start=\"1098\" data-end=\"1119\">Cylindrick\u00fd z\u00e1mok<\/strong> s dvoma k\u013e\u00fa\u010dmi.<\/li>\n<li data-start=\"1140\" data-end=\"1195\">Mo\u017enos\u0165 doobjedna\u0165 \u010fal\u0161ie k\u013e\u00fa\u010de pod\u013ea \u010d\u00edsla produktu.<\/li>\n<\/ul>\n<hr data-start=\"1197\" data-end=\"1200\" \/>\n<h3 data-start=\"1202\" data-end=\"1225\">\ud83c\udfa8 Farby a varianty<\/h3>\n<ul>\n<li data-start=\"1228\" data-end=\"1259\"><strong data-start=\"1228\" data-end=\"1257\">RAL 7016 \u2013 matn\u00fd antracit<\/strong><\/li>\n<li data-start=\"1262\" data-end=\"1273\"><strong data-start=\"1262\" data-end=\"1271\">Hned\u00e1<\/strong><\/li>\n<li data-start=\"1276\" data-end=\"1299\"><strong data-start=\"1276\" data-end=\"1297\">RAL 1015 \u2013 b\u00e9\u017eov\u00e1<\/strong><\/li>\n<\/ul>\n<hr data-start=\"1301\" data-end=\"1304\" \/>\n<h3 data-start=\"1306\" data-end=\"1320\">\ud83d\udcd0 Rozmery<\/h3>\n<ul data-start=\"1321\" data-end=\"1370\">\n<li data-start=\"1321\" data-end=\"1370\">\n<p data-start=\"1323\" data-end=\"1370\">V\u00fd\u0161ka \u00d7 \u0161\u00edrka \u00d7 h\u013abka: <strong data-start=\"1346\" data-end=\"1368\">339 \u00d7 266 \u00d7 100 mm<\/strong><\/p>\n<\/li>\n<\/ul>\n<\/div>\n","protected":false},"excerpt":{"rendered":"<p>Odoln\u00e1 po\u0161tov\u00e1 schr\u00e1nka z pozinkovanej ocele, vhodn\u00e1 pre po\u0161tu form\u00e1tu A4, s cylindrick\u00fdm z\u00e1mkom a elegantn\u00fdmi kovov\u00fdmi ozdobami v imit\u00e1cii dubov\u00e9ho dreva<\/p>\n","protected":false},"featured_media":15528,"comment_status":"open","ping_status":"closed","template":"","meta":{"_monsterinsights_skip_tracking":false,"_monsterinsights_sitenote_active":false,"_monsterinsights_sitenote_note":"","_monsterinsights_sitenote_category":0},"product_brand":[318],"product_cat":[309],"product_tag":[1686],"class_list":{"0":"post-15525","1":"product","2":"type-product","3":"status-publish","4":"has-post-thumbnail","6":"product_brand-trezor-liktor","7":"product_cat-postove-schranky","8":"product_tag-dreveny-dekor","9":"product_shipping_class-do-10kg","10":"pa_farba-hneda","11":"pa_farba-ral-1015-bezova","12":"pa_farba-ral7016-matna-antracitova","13":"pa_material-ocel","14":"pa_vonkajsia-hlbka-805","15":"pa_vonkajsia-sirka-1281","16":"pa_vonkajsia-vyska-1282","17":"ts_product_brand-trezor-liktor","19":"first","20":"instock","21":"featured","22":"taxable","23":"shipping-taxable","24":"purchasable","25":"product-type-variable"},"aioseo_notices":[],"jetpack_sharing_enabled":true,"_links":{"self":[{"href":"https:\/\/www.lltrezor.sk\/shop\/wp-json\/wp\/v2\/product\/15525","targetHints":{"allow":["GET"]}}],"collection":[{"href":"https:\/\/www.lltrezor.sk\/shop\/wp-json\/wp\/v2\/product"}],"about":[{"href":"https:\/\/www.lltrezor.sk\/shop\/wp-json\/wp\/v2\/types\/product"}],"replies":[{"embeddable":true,"href":"https:\/\/www.lltrezor.sk\/shop\/wp-json\/wp\/v2\/comments?post=15525"}],"wp:featuredmedia":[{"embeddable":true,"href":"https:\/\/www.lltrezor.sk\/shop\/wp-json\/wp\/v2\/media\/15528"}],"wp:attachment":[{"href":"https:\/\/www.lltrezor.sk\/shop\/wp-json\/wp\/v2\/media?parent=15525"}],"wp:term":[{"taxonomy":"product_brand","embeddable":true,"href":"https:\/\/www.lltrezor.sk\/shop\/wp-json\/wp\/v2\/product_brand?post=15525"},{"taxonomy":"product_cat","embeddable":true,"href":"https:\/\/www.lltrezor.sk\/shop\/wp-json\/wp\/v2\/product_cat?post=15525"},{"taxonomy":"product_tag","embeddable":true,"href":"https:\/\/www.lltrezor.sk\/shop\/wp-json\/wp\/v2\/product_tag?post=15525"}],"curies":[{"name":"wp","href":"https:\/\/api.w.org\/{rel}","templated":true}]}}