{"id":15436,"date":"2025-10-19T12:11:29","date_gmt":"2025-10-19T10:11:29","guid":{"rendered":"https:\/\/www.lltrezor.sk\/shop\/?post_type=product&#038;p=15436"},"modified":"2026-03-20T20:17:26","modified_gmt":"2026-03-20T19:17:26","slug":"black-edition","status":"publish","type":"product","link":"https:\/\/www.lltrezor.sk\/shop\/product\/black-edition\/","title":{"rendered":"Black Edition"},"content":{"rendered":"<div class=\"product-sdesc\">\n<p data-start=\"163\" data-end=\"354\">Elegantn\u00e1 vonkaj\u0161ia po\u0161tov\u00e1 schr\u00e1nka z pozinkovanej ocele s horn\u00fdm chr\u00e1nen\u00fdm vhozom pre po\u0161tu form\u00e1tu A4 a dizajnovou nerezovou prednou stranou s mo\u017enos\u0165ou personaliz\u00e1cie.<\/p>\n<hr data-start=\"356\" data-end=\"359\" \/>\n<h3 data-start=\"361\" data-end=\"398\">\ud83c\udfd7\ufe0f Kvalitn\u00e1 a odoln\u00e1 kon\u0161trukcia<\/h3>\n<ul>\n<li data-start=\"401\" data-end=\"489\">Vyroben\u00e1 z <strong data-start=\"412\" data-end=\"434\">pozinkovanej ocele<\/strong>, odolnej vo\u010di nepriazniv\u00fdm poveternostn\u00fdm podmienkam<\/li>\n<li data-start=\"492\" data-end=\"535\">Vhodn\u00e1 na <strong data-start=\"502\" data-end=\"533\">dlhodob\u00e9 vonkaj\u0161ie pou\u017eitie<\/strong><\/li>\n<li data-start=\"538\" data-end=\"568\"><strong data-start=\"538\" data-end=\"566\">Elegantn\u00fd modern\u00fd dizajn<\/strong><\/li>\n<\/ul>\n<hr data-start=\"570\" data-end=\"573\" \/>\n<h3 data-start=\"575\" data-end=\"602\">\ud83d\udcee Praktick\u00fd horn\u00fd vhoz<\/h3>\n<ul>\n<li data-start=\"605\" data-end=\"651\"><strong data-start=\"605\" data-end=\"649\">Horn\u00fd chr\u00e1nen\u00fd vhoz pre po\u0161tu form\u00e1tu A4<\/strong><\/li>\n<li data-start=\"654\" data-end=\"714\">Bezpe\u010dn\u00e9 ulo\u017eenie po\u0161ty chr\u00e1nen\u00e9 pred da\u017e\u010fom a ne\u010distotami<\/li>\n<\/ul>\n<hr data-start=\"716\" data-end=\"719\" \/>\n<h3 data-start=\"721\" data-end=\"747\">\ud83d\udd10 Bezpe\u010dn\u00e9 uzamykanie<\/h3>\n<ul>\n<li data-start=\"750\" data-end=\"773\"><strong data-start=\"750\" data-end=\"771\">Cylindrick\u00fd z\u00e1mok<\/strong><\/li>\n<li data-start=\"776\" data-end=\"802\"><strong data-start=\"776\" data-end=\"791\">2 ks k\u013e\u00fa\u010dov<\/strong> v balen\u00ed<\/li>\n<li data-start=\"805\" data-end=\"868\">Mo\u017enos\u0165 <strong data-start=\"813\" data-end=\"844\">doobjednania \u010fal\u0161\u00edch k\u013e\u00fa\u010dov<\/strong> pod\u013ea v\u00fdrobn\u00e9ho \u010d\u00edsla<\/li>\n<\/ul>\n<hr data-start=\"870\" data-end=\"873\" \/>\n<h3 data-start=\"875\" data-end=\"900\">\ud83c\udfa8 Farebn\u00e9 prevedenie<\/h3>\n<ul>\n<li data-start=\"903\" data-end=\"937\"><strong data-start=\"903\" data-end=\"924\">RAL 9005 \u2013 \u010dierna<\/strong> (\u0161tandard)<\/li>\n<li data-start=\"940\" data-end=\"997\"><strong data-start=\"940\" data-end=\"972\">RAL 7016 \u2013 matn\u00e1 antracitov\u00e1<\/strong> <em data-start=\"973\" data-end=\"995\">(pr\u00edplatkov\u00e1 verzia)<\/em><\/li>\n<\/ul>\n<hr data-start=\"999\" data-end=\"1002\" \/>\n<h3 data-start=\"1004\" data-end=\"1042\">\u2728 Dizajnov\u00e1 nerezov\u00e1 predn\u00e1 strana<\/h3>\n<ul>\n<li data-start=\"1045\" data-end=\"1114\"><strong data-start=\"1045\" data-end=\"1071\">Nerezov\u00e1 predn\u00e1 strana<\/strong> \u0161tandardne dod\u00e1van\u00e1 s <strong data-start=\"1094\" data-end=\"1112\">mot\u00edvom ob\u00e1lky<\/strong><\/li>\n<li data-start=\"1117\" data-end=\"1185\"><strong data-start=\"1117\" data-end=\"1170\">Mo\u017enos\u0165 grav\u00edrovania alebo laserov\u00e9ho vyrez\u00e1vania<\/strong> za pr\u00edplatok<\/li>\n<li data-start=\"1190\" data-end=\"1223\">Cena: <strong data-start=\"1196\" data-end=\"1221\">+12 \u20ac za ka\u017ed\u00fd riadok<\/strong><\/li>\n<li data-start=\"1228\" data-end=\"1308\">Text uve\u010fte do pozn\u00e1mky k objedn\u00e1vke \u2013 priprav\u00edme <strong data-start=\"1278\" data-end=\"1308\">individu\u00e1lnu cenov\u00fa ponuku<\/strong><\/li>\n<\/ul>\n<hr data-start=\"1310\" data-end=\"1313\" \/>\n<h3 data-start=\"1315\" data-end=\"1339\">\ud83e\udde9 Jednoduch\u00e1 mont\u00e1\u017e<\/h3>\n<ul>\n<li data-start=\"1342\" data-end=\"1399\">Zadn\u00e1 strana schr\u00e1nky m\u00e1 <strong data-start=\"1367\" data-end=\"1397\">pripraven\u00e9 mont\u00e1\u017ene otvory<\/strong><\/li>\n<li data-start=\"1402\" data-end=\"1445\"><strong data-start=\"1402\" data-end=\"1445\">Upev\u0148ovac\u00ed materi\u00e1l je s\u00fa\u010das\u0165ou balenia<\/strong><\/li>\n<\/ul>\n<hr data-start=\"1447\" data-end=\"1450\" \/>\n<h3 data-start=\"1452\" data-end=\"1466\">\ud83d\udcd0 Rozmery<\/h3>\n<ul data-start=\"1467\" data-end=\"1517\">\n<li data-start=\"1467\" data-end=\"1517\">\n<p data-start=\"1469\" data-end=\"1517\"><strong data-start=\"1469\" data-end=\"1495\">V\u00fd\u0161ka \u00d7 \u0161\u00edrka \u00d7 h\u013abka:<\/strong> <strong data-start=\"1496\" data-end=\"1517\">380 \u00d7 250 \u00d7 95 mm<\/strong><\/p>\n<\/li>\n<\/ul>\n<\/div>\n","protected":false},"excerpt":{"rendered":"<p>Po\u0161tov\u00e1 schr\u00e1nka s nerezovou prednou stranou \u2013 A4<\/p>\n","protected":false},"featured_media":15441,"comment_status":"open","ping_status":"closed","template":"","meta":{"_monsterinsights_skip_tracking":false,"_monsterinsights_sitenote_active":false,"_monsterinsights_sitenote_note":"","_monsterinsights_sitenote_category":0},"product_brand":[318],"product_cat":[309],"product_tag":[1687],"class_list":{"0":"post-15436","1":"product","2":"type-product","3":"status-publish","4":"has-post-thumbnail","6":"product_brand-trezor-liktor","7":"product_cat-postove-schranky","8":"product_tag-designove","9":"product_shipping_class-do-10kg","10":"pa_material-ocel","11":"pa_vonkajsia-hlbka-1277","12":"pa_vonkajsia-sirka-573","13":"pa_vonkajsia-vyska-1127","14":"ts_product_brand-trezor-liktor","16":"first","17":"instock","18":"featured","19":"taxable","20":"shipping-taxable","21":"purchasable","22":"product-type-variable"},"aioseo_notices":[],"jetpack_sharing_enabled":true,"_links":{"self":[{"href":"https:\/\/www.lltrezor.sk\/shop\/wp-json\/wp\/v2\/product\/15436","targetHints":{"allow":["GET"]}}],"collection":[{"href":"https:\/\/www.lltrezor.sk\/shop\/wp-json\/wp\/v2\/product"}],"about":[{"href":"https:\/\/www.lltrezor.sk\/shop\/wp-json\/wp\/v2\/types\/product"}],"replies":[{"embeddable":true,"href":"https:\/\/www.lltrezor.sk\/shop\/wp-json\/wp\/v2\/comments?post=15436"}],"wp:featuredmedia":[{"embeddable":true,"href":"https:\/\/www.lltrezor.sk\/shop\/wp-json\/wp\/v2\/media\/15441"}],"wp:attachment":[{"href":"https:\/\/www.lltrezor.sk\/shop\/wp-json\/wp\/v2\/media?parent=15436"}],"wp:term":[{"taxonomy":"product_brand","embeddable":true,"href":"https:\/\/www.lltrezor.sk\/shop\/wp-json\/wp\/v2\/product_brand?post=15436"},{"taxonomy":"product_cat","embeddable":true,"href":"https:\/\/www.lltrezor.sk\/shop\/wp-json\/wp\/v2\/product_cat?post=15436"},{"taxonomy":"product_tag","embeddable":true,"href":"https:\/\/www.lltrezor.sk\/shop\/wp-json\/wp\/v2\/product_tag?post=15436"}],"curies":[{"name":"wp","href":"https:\/\/api.w.org\/{rel}","templated":true}]}}