{"id":15195,"date":"2025-10-18T20:12:14","date_gmt":"2025-10-18T18:12:14","guid":{"rendered":"https:\/\/www.lltrezor.sk\/shop\/?post_type=product&#038;p=15195"},"modified":"2026-02-19T17:21:12","modified_gmt":"2026-02-19T16:21:12","slug":"mc-david-seria-kl10-53","status":"publish","type":"product","link":"https:\/\/www.lltrezor.sk\/shop\/product\/mc-david-seria-kl10-53\/","title":{"rendered":"MC David seria KL10 &#8211; 5+3"},"content":{"rendered":"<p data-start=\"210\" data-end=\"482\">T\u00e1to <strong data-start=\"215\" data-end=\"238\">bezpe\u010dnostn\u00e1 skri\u0148a<\/strong> je ide\u00e1lna pre s\u00fakromn\u00fdch vlastn\u00edkov aj profesion\u00e1lne prev\u00e1dzky, ktor\u00e9 vy\u017eaduj\u00fa <strong data-start=\"319\" data-end=\"377\">spo\u013eahliv\u00e9 ulo\u017eenie dlh\u00fdch zbran\u00ed, streliva a doplnkov<\/strong>. Elegantn\u00fd dizajn a robustn\u00e1 kon\u0161trukcia umo\u017e\u0148uj\u00fa bezpe\u010dne a preh\u013eadne ulo\u017ei\u0165 v\u0161etky d\u00f4le\u017eit\u00e9 polo\u017eky.<\/p>\n<hr data-start=\"484\" data-end=\"487\" \/>\n<h3 data-start=\"489\" data-end=\"519\">\ud83d\udee0\ufe0f Stru\u010dn\u00fd popis produktu<\/h3>\n<ul>\n<li data-start=\"523\" data-end=\"572\">Opierka pre <strong data-start=\"535\" data-end=\"554\">5 dlh\u00fdch zbran\u00ed<\/strong> + <strong data-start=\"557\" data-end=\"570\">3 poli\u010dky<\/strong><\/li>\n<li data-start=\"575\" data-end=\"655\">Na po\u017eiadavku: <strong data-start=\"590\" data-end=\"638\">samostatne uzamykate\u013en\u00e1 schr\u00e1nka na strelivo<\/strong> (za pr\u00edplatok)<\/li>\n<li data-start=\"658\" data-end=\"720\"><strong data-start=\"658\" data-end=\"687\">Jednopl\u00e1\u0161\u0165ov\u00e1 kon\u0161trukcia<\/strong> z oce\u013eov\u00e9ho plechu hr\u00fabky 2 mm<\/li>\n<li data-start=\"723\" data-end=\"777\"><strong data-start=\"723\" data-end=\"745\">Dvojpl\u00e1\u0161\u0165ov\u00e9 dvere<\/strong> s kon\u0161trukciou proti vl\u00e1maniu<\/li>\n<li data-start=\"780\" data-end=\"810\"><strong data-start=\"780\" data-end=\"808\">Mechanick\u00fd z\u00e1mok na k\u013e\u00fa\u010d<\/strong><\/li>\n<li data-start=\"813\" data-end=\"863\"><strong data-start=\"813\" data-end=\"861\">Trojstrann\u00fd trojbodov\u00fd rozvorov\u00fd mechanizmus<\/strong><\/li>\n<li data-start=\"866\" data-end=\"915\">Skrine prisp\u00f4soben\u00e9 na <strong data-start=\"889\" data-end=\"913\">ukotvenie do podlahy<\/strong><\/li>\n<li data-start=\"918\" data-end=\"960\"><strong data-start=\"918\" data-end=\"939\">Povrchov\u00e1 \u00faprava:<\/strong> pr\u00e1\u0161kov\u00e9 lakovanie<\/li>\n<li data-start=\"963\" data-end=\"990\"><strong data-start=\"963\" data-end=\"982\">Farebn\u00fd odtie\u0148:<\/strong> orech<\/li>\n<\/ul>\n<hr data-start=\"992\" data-end=\"995\" \/>\n<h3 data-start=\"997\" data-end=\"1020\">\ud83c\udfed V\u00fdroba a dodanie<\/h3>\n<ul>\n<li data-start=\"1024\" data-end=\"1107\">Z\u00e1kazkov\u00e1 v\u00fdroba talianskej spolo\u010dnosti <strong data-start=\"1064\" data-end=\"1105\"><span class=\"hover:entity-accent entity-underline inline cursor-pointer align-baseline\"><span class=\"whitespace-normal\">METALK S.r.l.<\/span><\/span><\/strong><\/li>\n<li data-start=\"1110\" data-end=\"1143\">Dodacia doba:<strong> 14 \u2013 18 t\u00fd\u017ed\u0148ov<\/strong><\/li>\n<li data-start=\"1146\" data-end=\"1270\">Pri objednan\u00ed je potrebn\u00e1 <strong data-start=\"1172\" data-end=\"1187\">z\u00e1loha 50 %<\/strong> pod\u013ea obchodn\u00fdch podmienok spolo\u010dnosti <strong data-start=\"1227\" data-end=\"1268\"><span class=\"hover:entity-accent entity-underline inline cursor-pointer align-baseline\"><span class=\"whitespace-normal\">DELTA COMMERCE, s.r.o.<\/span><\/span><\/strong><\/li>\n<li data-start=\"1273\" data-end=\"1369\">Po vytvoren\u00ed objedn\u00e1vky <strong data-start=\"1297\" data-end=\"1336\">telefonick\u00e9 potvrdenie konfigur\u00e1cie<\/strong> pre kontrolu v\u0161etk\u00fdch polo\u017eiek<\/li>\n<\/ul>\n<hr data-start=\"1371\" data-end=\"1374\" \/>\n<h3 data-start=\"1376\" data-end=\"1410\">\u2714\ufe0f Pre\u010do si vybra\u0165 t\u00fato skri\u0148u<\/h3>\n<ul>\n<li data-start=\"1414\" data-end=\"1494\"><strong data-start=\"1414\" data-end=\"1438\">Maxim\u00e1lna bezpe\u010dnos\u0165<\/strong> \u2013 mechanick\u00fd z\u00e1mok a trojbodov\u00fd rozvorov\u00fd mechanizmus<\/li>\n<li data-start=\"1497\" data-end=\"1572\"><strong data-start=\"1497\" data-end=\"1532\">Praktick\u00e9 vn\u00fatorn\u00e9 usporiadanie<\/strong> \u2013 pohodln\u00e9 ulo\u017eenie zbran\u00ed a streliva<\/li>\n<li data-start=\"1575\" data-end=\"1641\"><strong data-start=\"1575\" data-end=\"1597\">Odoln\u00e1 kon\u0161trukcia<\/strong> \u2013 jednopl\u00e1\u0161\u0165ov\u00e9 telo a dvojpl\u00e1\u0161\u0165ov\u00e9 dvere<\/li>\n<li data-start=\"1644\" data-end=\"1720\"><strong data-start=\"1644\" data-end=\"1664\">Elegantn\u00fd dizajn<\/strong> \u2013 farebn\u00fd odtie\u0148 orech s pr\u00e1\u0161kovou povrchovou \u00fapravou<\/li>\n<li data-start=\"1723\" data-end=\"1795\"><strong data-start=\"1723\" data-end=\"1753\">Z\u00e1kazkov\u00e1 talianska v\u00fdroba<\/strong> \u2013 vysok\u00e1 kvalita a prec\u00edzne spracovanie<\/li>\n<\/ul>\n","protected":false},"excerpt":{"rendered":"<p>Impozantn\u00e1 skri\u0148a na zbrane a strelivo \u2013 bezpe\u010dnos\u0165 a elegancia<\/p>\n","protected":false},"featured_media":15194,"comment_status":"open","ping_status":"closed","template":"","meta":{"_monsterinsights_skip_tracking":false,"_monsterinsights_sitenote_active":false,"_monsterinsights_sitenote_note":"","_monsterinsights_sitenote_category":0},"product_brand":[908],"product_cat":[82],"product_tag":[1192],"class_list":{"0":"post-15195","1":"product","2":"type-product","3":"status-publish","4":"has-post-thumbnail","6":"product_brand-metalk-s-r-l","7":"product_cat-skrine-na-dlhe-zbrane","8":"product_tag-mc-david","9":"product_shipping_class-od-401-kg-do-70kg","10":"pa_bezpecnostna-trieda-bezpecnostnej-triedy-a-v-zmysle-normy-en-1300","11":"pa_material-ocel","12":"pa_miesto-instalacie-prisposobene-na-ukotvenie-do-podlahy","13":"pa_miesto-instalacie-volne-stojace","14":"pa_vnutorna-hlbka-608","15":"pa_vnutorna-sirka-1035","16":"pa_vnutorna-vyska-567","17":"pa_vnutorny-objem-1238","18":"pa_vonkajsia-hlbka-670","19":"pa_vonkajsia-sirka-826","20":"pa_vonkajsia-vyska-581","21":"ts_product_brand-metalk-s-r-l","23":"first","24":"onbackorder","25":"taxable","26":"shipping-taxable","27":"purchasable","28":"product-type-variable"},"aioseo_notices":[],"jetpack_sharing_enabled":true,"_links":{"self":[{"href":"https:\/\/www.lltrezor.sk\/shop\/wp-json\/wp\/v2\/product\/15195","targetHints":{"allow":["GET"]}}],"collection":[{"href":"https:\/\/www.lltrezor.sk\/shop\/wp-json\/wp\/v2\/product"}],"about":[{"href":"https:\/\/www.lltrezor.sk\/shop\/wp-json\/wp\/v2\/types\/product"}],"replies":[{"embeddable":true,"href":"https:\/\/www.lltrezor.sk\/shop\/wp-json\/wp\/v2\/comments?post=15195"}],"wp:featuredmedia":[{"embeddable":true,"href":"https:\/\/www.lltrezor.sk\/shop\/wp-json\/wp\/v2\/media\/15194"}],"wp:attachment":[{"href":"https:\/\/www.lltrezor.sk\/shop\/wp-json\/wp\/v2\/media?parent=15195"}],"wp:term":[{"taxonomy":"product_brand","embeddable":true,"href":"https:\/\/www.lltrezor.sk\/shop\/wp-json\/wp\/v2\/product_brand?post=15195"},{"taxonomy":"product_cat","embeddable":true,"href":"https:\/\/www.lltrezor.sk\/shop\/wp-json\/wp\/v2\/product_cat?post=15195"},{"taxonomy":"product_tag","embeddable":true,"href":"https:\/\/www.lltrezor.sk\/shop\/wp-json\/wp\/v2\/product_tag?post=15195"}],"curies":[{"name":"wp","href":"https:\/\/api.w.org\/{rel}","templated":true}]}}