{"id":15132,"date":"2025-10-18T18:05:52","date_gmt":"2025-10-18T16:05:52","guid":{"rendered":"https:\/\/www.lltrezor.sk\/shop\/?post_type=product&#038;p=15132"},"modified":"2026-02-19T17:24:43","modified_gmt":"2026-02-19T16:24:43","slug":"as-190-100-m","status":"publish","type":"product","link":"https:\/\/www.lltrezor.sk\/shop\/product\/as-190-100-m\/","title":{"rendered":"AS 190\/100 M"},"content":{"rendered":"<p data-start=\"152\" data-end=\"355\">Archiva\u010dn\u00e9 skrine s\u00fa ide\u00e1lne pre <strong data-start=\"185\" data-end=\"221\">kancel\u00e1rie, sklady alebo arch\u00edvy<\/strong>, kde je potrebn\u00e9 bezpe\u010dne uskladni\u0165 dokumenty, spisy a cennosti. Skrine kombinuj\u00fa <strong data-start=\"304\" data-end=\"352\">pevnos\u0165, bezpe\u010dnos\u0165 a praktick\u00e9 usporiadanie<\/strong>.<\/p>\n<hr data-start=\"357\" data-end=\"360\" \/>\n<h2 data-start=\"362\" data-end=\"385\">\u2699\ufe0f Hlavn\u00e9 vlastnosti<\/h2>\n<ul>\n<li data-start=\"389\" data-end=\"470\"><strong data-start=\"389\" data-end=\"419\">Jednopl\u00e1\u0161\u0165ov\u00e1 kon\u0161trukcia:<\/strong> kvalitn\u00fd oce\u013eov\u00fd plech hr\u00fabky 1,5 mm, dvere 2 mm<\/li>\n<li data-start=\"473\" data-end=\"512\"><strong data-start=\"473\" data-end=\"510\">\u0160tvorbodov\u00fd trezorov\u00fd z\u00e1mok MAUER<\/strong><\/li>\n<li data-start=\"517\" data-end=\"570\">certifikovan\u00fd pod\u013ea VdS Schadenverhutung GmbH Kol\u00edn<\/li>\n<li data-start=\"575\" data-end=\"694\">uzamykanie v jednom bode na vrchnej strane dver\u00ed, v jednom bode na spodnej strane a v dvoch bodoch v zatv\u00e1racej \u010dasti<\/li>\n<li data-start=\"697\" data-end=\"767\"><strong data-start=\"697\" data-end=\"727\">Vo\u013ene nastavite\u013en\u00e9 police:<\/strong> 4 ks, nosnos\u0165 ka\u017edej police a\u017e 100 kg<\/li>\n<li data-start=\"770\" data-end=\"802\"><strong data-start=\"770\" data-end=\"780\">Farba:<\/strong> svetlo\u0161ed\u00e1 RAL 7035<\/li>\n<li data-start=\"805\" data-end=\"868\"><strong data-start=\"805\" data-end=\"833\">Mo\u017enos\u0165 ukotvenia skrine<\/strong> na podlahu pre vy\u0161\u0161iu bezpe\u010dnos\u0165<\/li>\n<li data-start=\"871\" data-end=\"889\"><strong data-start=\"871\" data-end=\"881\">Objem:<\/strong> 662 l<\/li>\n<li data-start=\"892\" data-end=\"914\"><strong data-start=\"892\" data-end=\"905\">Hmotnos\u0165:<\/strong> 115 kg<\/li>\n<\/ul>\n<hr data-start=\"916\" data-end=\"919\" \/>\n<h2 data-start=\"921\" data-end=\"965\">\ud83d\udd12 Pre\u010do si vybra\u0165 t\u00fato archiva\u010dn\u00fa skri\u0148u<\/h2>\n<ul>\n<li data-start=\"969\" data-end=\"1025\"><strong data-start=\"969\" data-end=\"990\">Bezpe\u010dn\u00e9 ulo\u017eenie<\/strong> d\u00f4le\u017eit\u00fdch dokumentov a cennost\u00ed<\/li>\n<li data-start=\"1028\" data-end=\"1079\"><strong data-start=\"1028\" data-end=\"1047\">Vysok\u00e1 odolnos\u0165<\/strong> proti neopr\u00e1vnen\u00e9mu otvoreniu<\/li>\n<li data-start=\"1082\" data-end=\"1152\"><strong data-start=\"1082\" data-end=\"1108\">Praktick\u00e9 usporiadanie<\/strong> \u2013 nastavite\u013en\u00e9 police a ve\u013ek\u00fd objem 662 l<\/li>\n<li data-start=\"1155\" data-end=\"1216\"><strong data-start=\"1155\" data-end=\"1181\">Kvalitn\u00fd oce\u013eov\u00fd plech<\/strong> a prec\u00edzne dielensk\u00e9 spracovanie<\/li>\n<li data-start=\"1219\" data-end=\"1288\"><strong data-start=\"1219\" data-end=\"1241\">Dlhodob\u00e1 \u017eivotnos\u0165<\/strong> v\u010faka st\u00e1losti farby a robustnej kon\u0161trukcii<\/li>\n<li data-start=\"1291\" data-end=\"1364\"><strong data-start=\"1291\" data-end=\"1315\">Komfortn\u00e1 in\u0161tal\u00e1cia<\/strong> \u2013 mo\u017enos\u0165 dopravy a ukotvenia priamo na mieste<\/li>\n<\/ul>\n<hr data-start=\"1366\" data-end=\"1369\" \/>\n<h2 data-start=\"1371\" data-end=\"1392\">\ud83d\udccf Technick\u00e9 \u00fadaje<\/h2>\n<ul>\n<li data-start=\"1434\" data-end=\"1449\">Po\u010det pol\u00edc: 4<\/li>\n<li data-start=\"1471\" data-end=\"1494\">Nosnos\u0165 pol\u00edc: 100 kg<\/li>\n<\/ul>\n<hr data-start=\"1534\" data-end=\"1537\" \/>\n<p data-start=\"1539\" data-end=\"1726\">Archiva\u010dn\u00e1 skri\u0148a <strong data-start=\"1557\" data-end=\"1573\">AS 190\/100 M<\/strong> je praktick\u00e1 a bezpe\u010dn\u00e1 vo\u013eba pre firmy a in\u0161tit\u00facie, ktor\u00e9 potrebuj\u00fa spo\u013eahliv\u00e9 a bezpe\u010dn\u00e9 uskladnenie dokumentov s mo\u017enos\u0165ou vysokokvalitn\u00e9ho z\u00e1mku.<\/p>\n","protected":false},"excerpt":{"rendered":"<p>Archiva\u010dn\u00e1 skri\u0148a AS 190\/100 M \u2013 bezpe\u010dn\u00e9 ulo\u017eenie dokumentov<\/p>\n","protected":false},"featured_media":15876,"comment_status":"open","ping_status":"closed","template":"","meta":{"_monsterinsights_skip_tracking":false,"_monsterinsights_sitenote_active":false,"_monsterinsights_sitenote_note":"","_monsterinsights_sitenote_category":0},"product_brand":[676],"product_cat":[300],"product_tag":[],"class_list":{"0":"post-15132","1":"product","2":"type-product","3":"status-publish","4":"has-post-thumbnail","6":"product_brand-safetronics","7":"product_cat-archivacne-skrine","8":"product_shipping_class-od-1001-kg-do-150kg","9":"pa_bezpecnostna-trieda-1306","10":"pa_material-ocel","11":"pa_miesto-instalacie-prisposobene-na-ukotvenie-do-podlahy","12":"pa_vnutorna-hlbka-1226","13":"pa_vnutorna-sirka-1227","14":"pa_vnutorna-vyska-1228","15":"pa_vnutorny-objem-1229","16":"pa_vonkajsia-hlbka-844","17":"pa_vonkajsia-sirka-857","18":"pa_vonkajsia-vyska-1030","19":"ts_product_brand-safetronics","21":"first","22":"onbackorder","23":"taxable","24":"shipping-taxable","25":"purchasable","26":"product-type-simple"},"aioseo_notices":[],"jetpack_sharing_enabled":true,"_links":{"self":[{"href":"https:\/\/www.lltrezor.sk\/shop\/wp-json\/wp\/v2\/product\/15132","targetHints":{"allow":["GET"]}}],"collection":[{"href":"https:\/\/www.lltrezor.sk\/shop\/wp-json\/wp\/v2\/product"}],"about":[{"href":"https:\/\/www.lltrezor.sk\/shop\/wp-json\/wp\/v2\/types\/product"}],"replies":[{"embeddable":true,"href":"https:\/\/www.lltrezor.sk\/shop\/wp-json\/wp\/v2\/comments?post=15132"}],"wp:featuredmedia":[{"embeddable":true,"href":"https:\/\/www.lltrezor.sk\/shop\/wp-json\/wp\/v2\/media\/15876"}],"wp:attachment":[{"href":"https:\/\/www.lltrezor.sk\/shop\/wp-json\/wp\/v2\/media?parent=15132"}],"wp:term":[{"taxonomy":"product_brand","embeddable":true,"href":"https:\/\/www.lltrezor.sk\/shop\/wp-json\/wp\/v2\/product_brand?post=15132"},{"taxonomy":"product_cat","embeddable":true,"href":"https:\/\/www.lltrezor.sk\/shop\/wp-json\/wp\/v2\/product_cat?post=15132"},{"taxonomy":"product_tag","embeddable":true,"href":"https:\/\/www.lltrezor.sk\/shop\/wp-json\/wp\/v2\/product_tag?post=15132"}],"curies":[{"name":"wp","href":"https:\/\/api.w.org\/{rel}","templated":true}]}}