{"id":15033,"date":"2025-10-12T21:52:06","date_gmt":"2025-10-12T19:52:06","guid":{"rendered":"https:\/\/www.lltrezor.sk\/shop\/?post_type=product&#038;p=15033"},"modified":"2026-03-14T08:07:37","modified_gmt":"2026-03-14T07:07:37","slug":"scrigno-104-police-decor","status":"publish","type":"product","link":"https:\/\/www.lltrezor.sk\/shop\/product\/scrigno-104-police-decor\/","title":{"rendered":"Scrigno 10+4 police (decor)"},"content":{"rendered":"<p data-start=\"180\" data-end=\"392\">Elegantn\u00fd a <strong data-start=\"192\" data-end=\"220\">luxusne p\u00f4sobiaci trezor<\/strong>, ktor\u00fd zapadne do interi\u00e9ru. P\u00f4sob\u00ed ako <strong data-start=\"305\" data-end=\"320\">kus n\u00e1bytku<\/strong> a z\u00e1rove\u0148 poskytuje <strong data-start=\"341\" data-end=\"389\">vysok\u00fa bezpe\u010dnos\u0165 pre va\u0161e hodinky, \u0161perky a cennosti<\/strong>.<\/p>\n<hr data-start=\"394\" data-end=\"397\" \/>\n<h3 data-start=\"399\" data-end=\"431\">\ud83d\udd10 Bezpe\u010dnos\u0165 a certifik\u00e1cia<\/h3>\n<ul>\n<li data-start=\"434\" data-end=\"484\"><strong data-start=\"434\" data-end=\"482\">Bezpe\u010dnostn\u00e1 trieda S1 pod\u013ea normy EN 14 450<\/strong><\/li>\n<li data-start=\"487\" data-end=\"536\">Trojsmern\u00e9 uzamykanie s oce\u013eov\u00fdmi \u010dapmi \u00d8 22 mm<\/li>\n<li data-start=\"539\" data-end=\"580\">Dvojpl\u00e1\u0161\u0165ov\u00e1 kon\u0161trukcia z ocele 3+2 mm<\/li>\n<li data-start=\"583\" data-end=\"659\">Volite\u013en\u00e9 zamykanie: <strong data-start=\"604\" data-end=\"657\">mechanick\u00fd z\u00e1mok na k\u013e\u00fa\u010d alebo elektronick\u00fd z\u00e1mok<\/strong><\/li>\n<li data-start=\"662\" data-end=\"726\">Vrstven\u00e9 vysoko odoln\u00e9 bezpe\u010dnostn\u00e9 sklo (sklo + polykarbon\u00e1t)<\/li>\n<\/ul>\n<hr data-start=\"728\" data-end=\"731\" \/>\n<h3 data-start=\"733\" data-end=\"759\">\u2699\ufe0f Funkcie a vybavenie<\/h3>\n<ul>\n<li data-start=\"762\" data-end=\"795\"><strong data-start=\"762\" data-end=\"793\">4 sklenen\u00e9 police<\/strong><\/li>\n<li data-start=\"798\" data-end=\"843\"><strong data-start=\"798\" data-end=\"818\">Mo\u017enos\u0165 kotvenia<\/strong> do steny alebo podlahy<\/li>\n<li data-start=\"846\" data-end=\"896\"><strong data-start=\"846\" data-end=\"878\">LED vn\u00fatorn\u00e9 osvetlenie 220V<\/strong> (na po\u017eiadanie)<\/li>\n<li data-start=\"899\" data-end=\"963\"><strong data-start=\"899\" data-end=\"945\">Uzamykate\u013en\u00e1 vn\u00fatorn\u00e1 schr\u00e1nka <\/strong>(na po\u017eiadanie)<\/li>\n<li data-start=\"966\" data-end=\"1033\">Volite\u013en\u00e1 farba vn\u00fatorn\u00e9ho \u010dal\u00fanenia: <strong data-start=\"1004\" data-end=\"1031\">\u010derven\u00e1, zelen\u00e1, b\u00e9\u017eov\u00e1<\/strong><\/li>\n<li data-start=\"1036\" data-end=\"1083\">Pr\u00e1\u0161kov\u00e9 lakovanie s ve\u013emi vysokou odolnos\u0165ou<\/li>\n<li data-start=\"1086\" data-end=\"1177\">Farby trezora: 5 r\u00f4znych imit\u00e1ci\u00ed dreva (mo\u017enos\u0165 vzoriek)<\/li>\n<\/ul>\n<hr data-start=\"1179\" data-end=\"1182\" \/>\n<h3 data-start=\"1184\" data-end=\"1211\">\ud83e\uddf1 Dodanie a objedn\u00e1vka<\/h3>\n<ul>\n<li data-start=\"1214\" data-end=\"1261\"><strong data-start=\"1214\" data-end=\"1259\">Z\u00e1kazkov\u00e1 v\u00fdroba METALK S.r.l., Taliansko<\/strong><\/li>\n<li data-start=\"1264\" data-end=\"1299\">Dodacia doba: <strong data-start=\"1278\" data-end=\"1297\">12 \u2013 16 t\u00fd\u017ed\u0148ov<\/strong><\/li>\n<li data-start=\"1302\" data-end=\"1381\">Vy\u017eaduje sa <strong data-start=\"1314\" data-end=\"1329\">z\u00e1loha 50 %<\/strong> pod\u013ea obchodn\u00fdch podmienok DELTA COMMERCE, s.r.o.<\/li>\n<li data-start=\"1384\" data-end=\"1469\">Po objednan\u00ed v\u00e1s kontaktujeme <strong data-start=\"1414\" data-end=\"1467\">telefonicky na potvrdenie detailov a konfigur\u00e1cie<\/strong><\/li>\n<\/ul>\n<hr data-start=\"1471\" data-end=\"1474\" \/>\n<h3 data-start=\"1476\" data-end=\"1511\">\u2714\ufe0f Pre\u010do si vybra\u0165 tento trezor<\/h3>\n<ul>\n<li data-start=\"1514\" data-end=\"1562\">Bezpe\u010dn\u00e9 ulo\u017eenie <strong data-start=\"1532\" data-end=\"1560\">vystaven\u00fdch \u0161perkov, hodiniek a cennost\u00ed<\/strong><\/li>\n<li data-start=\"1565\" data-end=\"1648\">Luxusn\u00fd dizajn s <strong data-start=\"1582\" data-end=\"1601\">imit\u00e1ciou dreva<\/strong>, vhodn\u00fd do interi\u00e9ru alebo po\u013eovn\u00edckej chaty<\/li>\n<li data-start=\"1651\" data-end=\"1722\"><strong data-start=\"1651\" data-end=\"1720\">Mo\u017enos\u0165 prisp\u00f4sobi\u0165 vn\u00fatorn\u00e9 LED osvetlenie, schr\u00e1nku a \u010dal\u00fanenie<\/strong><\/li>\n<li data-start=\"1725\" data-end=\"1774\">Certifikovan\u00e1 bezpe\u010dnos\u0165 <strong data-start=\"1750\" data-end=\"1772\">S1 pod\u013ea EN 14 450<\/strong><\/li>\n<\/ul>\n","protected":false},"excerpt":{"rendered":"<p>Luxusn\u00fd certifikovan\u00fd trezor<\/p>\n","protected":false},"featured_media":17619,"comment_status":"open","ping_status":"closed","template":"","meta":{"_monsterinsights_skip_tracking":false,"_monsterinsights_sitenote_active":false,"_monsterinsights_sitenote_note":"","_monsterinsights_sitenote_category":0},"product_brand":[908],"product_cat":[310,311],"product_tag":[1197],"class_list":{"0":"post-15033","1":"product","2":"type-product","3":"status-publish","4":"has-post-thumbnail","6":"product_brand-metalk-s-r-l","7":"product_cat-panoramaticka-trezorova-vitrina","8":"product_cat-panoramaticke-bezpecnostne-skrine","9":"product_tag-scrigno","10":"product_shipping_class-od-1501-kg-do-200kg","11":"pa_bezpecnostna-trieda-cen-en-1063-nepriestrelne-sklo","12":"pa_bezpecnostna-trieda-bezpecnostnej-triedy-a-v-zmysle-normy-en-1300","13":"pa_bezpecnostna-trieda-s1-podla-normy-en-14450","14":"pa_material-ocel","15":"pa_miesto-instalacie-volne-stojace","16":"pa_typ-zamku-elektronicky-zamok","17":"pa_typ-zamku-mechanicky-zamok","18":"pa_vaha-1196","19":"pa_vnutorna-hlbka-901","20":"pa_vnutorna-sirka-902","21":"pa_vnutorna-vyska-1022","22":"pa_vnutorny-objem-1023","23":"pa_vonkajsia-hlbka-904","24":"pa_vonkajsia-sirka-905","25":"pa_vonkajsia-vyska-704","26":"ts_product_brand-metalk-s-r-l","28":"first","29":"onbackorder","30":"taxable","31":"shipping-taxable","32":"purchasable","33":"product-type-variable","34":"has-default-attributes"},"aioseo_notices":[],"jetpack_sharing_enabled":true,"_links":{"self":[{"href":"https:\/\/www.lltrezor.sk\/shop\/wp-json\/wp\/v2\/product\/15033","targetHints":{"allow":["GET"]}}],"collection":[{"href":"https:\/\/www.lltrezor.sk\/shop\/wp-json\/wp\/v2\/product"}],"about":[{"href":"https:\/\/www.lltrezor.sk\/shop\/wp-json\/wp\/v2\/types\/product"}],"replies":[{"embeddable":true,"href":"https:\/\/www.lltrezor.sk\/shop\/wp-json\/wp\/v2\/comments?post=15033"}],"wp:featuredmedia":[{"embeddable":true,"href":"https:\/\/www.lltrezor.sk\/shop\/wp-json\/wp\/v2\/media\/17619"}],"wp:attachment":[{"href":"https:\/\/www.lltrezor.sk\/shop\/wp-json\/wp\/v2\/media?parent=15033"}],"wp:term":[{"taxonomy":"product_brand","embeddable":true,"href":"https:\/\/www.lltrezor.sk\/shop\/wp-json\/wp\/v2\/product_brand?post=15033"},{"taxonomy":"product_cat","embeddable":true,"href":"https:\/\/www.lltrezor.sk\/shop\/wp-json\/wp\/v2\/product_cat?post=15033"},{"taxonomy":"product_tag","embeddable":true,"href":"https:\/\/www.lltrezor.sk\/shop\/wp-json\/wp\/v2\/product_tag?post=15033"}],"curies":[{"name":"wp","href":"https:\/\/api.w.org\/{rel}","templated":true}]}}