{"id":14709,"date":"2025-10-11T17:53:40","date_gmt":"2025-10-11T15:53:40","guid":{"rendered":"https:\/\/www.lltrezor.sk\/shop\/?post_type=product&#038;p=14709"},"modified":"2026-02-19T17:45:45","modified_gmt":"2026-02-19T16:45:45","slug":"darius-iii","status":"publish","type":"product","link":"https:\/\/www.lltrezor.sk\/shop\/product\/darius-iii\/","title":{"rendered":"D\u00c1RIUS III. n\u00e1stenn\u00fd trezor"},"content":{"rendered":"<p data-start=\"220\" data-end=\"490\"><strong data-start=\"220\" data-end=\"264\">\u0160peci\u00e1lne navrhnut\u00fd zabudovate\u013en\u00fd trezor<\/strong>, ur\u010den\u00fd na <strong data-start=\"276\" data-end=\"309\">mont\u00e1\u017e do steny alebo podlahy<\/strong>, ide\u00e1lny na <strong data-start=\"322\" data-end=\"384\">bezpe\u010dn\u00e9 ulo\u017eenie men\u0161\u00edch cennost\u00ed, hotovosti a dokumentov<\/strong>. V\u010faka zapusten\u00e9mu prevedeniu je nen\u00e1padn\u00fd, diskr\u00e9tny a v\u00fdborne chr\u00e1nen\u00fd samotnou stavebnou kon\u0161trukciou.<\/p>\n<p data-start=\"492\" data-end=\"656\">Trezor je vhodn\u00fd pre <strong data-start=\"513\" data-end=\"543\">dom\u00e1ce aj firemn\u00e9 pou\u017eitie.<\/strong><\/p>\n<hr data-start=\"658\" data-end=\"661\" \/>\n<h3 data-start=\"836\" data-end=\"878\">\u2699\ufe0f Kon\u0161trukcia a bezpe\u010dnostn\u00e9 rie\u0161enie<\/h3>\n<ul>\n<li data-start=\"881\" data-end=\"915\">pevn\u00e9 <strong data-start=\"887\" data-end=\"915\">jednostenn\u00e9 oce\u013eov\u00e9 telo<\/strong><\/li>\n<li data-start=\"918\" data-end=\"948\"><strong data-start=\"918\" data-end=\"948\">dvojstenn\u00e9 vystu\u017een\u00e9 dvere<\/strong><\/li>\n<li data-start=\"951\" data-end=\"992\">zapusten\u00e9 kr\u00eddlo dver\u00ed s hr\u00fabkou <strong data-start=\"984\" data-end=\"992\">5 mm<\/strong><\/li>\n<li data-start=\"995\" data-end=\"1025\">celkov\u00e1 hr\u00fabka dver\u00ed <strong data-start=\"1016\" data-end=\"1025\">30 mm<\/strong><\/li>\n<li data-start=\"1028\" data-end=\"1087\"><strong data-start=\"1028\" data-end=\"1055\">vn\u00fatorn\u00fd (v\u00fdsuvn\u00fd) p\u00e1nt<\/strong> \u2013 otvorenie dver\u00ed a\u017e do <strong data-start=\"1080\" data-end=\"1087\">95\u00b0<\/strong><\/li>\n<li data-start=\"1090\" data-end=\"1165\">zosilnen\u00e1 zadn\u00e1 doska so zahnut\u00fdm okrajom pre <strong data-start=\"1136\" data-end=\"1165\">pevn\u00e9 ukotvenie do bet\u00f3nu<\/strong><\/li>\n<li data-start=\"1222\" data-end=\"1295\">pri mont\u00e1\u017ei sa odpor\u00fa\u010da <strong data-start=\"1246\" data-end=\"1281\">\u017eelezobet\u00f3nov\u00e9 l\u00f4\u017eko min. 10 cm<\/strong> okolo trezoru<\/li>\n<\/ul>\n<hr data-start=\"1297\" data-end=\"1300\" \/>\n<h3 data-start=\"1302\" data-end=\"1314\">\ud83d\udd11 Z\u00e1mok<\/h3>\n<ul>\n<li data-start=\"1317\" data-end=\"1369\"><strong data-start=\"1317\" data-end=\"1345\">mechanick\u00fd k\u013e\u00fa\u010dov\u00fd z\u00e1mok<\/strong> pod\u013ea normy <strong data-start=\"1358\" data-end=\"1369\">EN 1300<\/strong><\/li>\n<li data-start=\"1372\" data-end=\"1432\">mechanizmus z\u00e1mku chr\u00e1nen\u00fd materi\u00e1lom s tvrdos\u0165ou <strong data-start=\"1422\" data-end=\"1432\">60 HRC<\/strong><\/li>\n<li data-start=\"1435\" data-end=\"1470\">uzamykanie v <strong data-start=\"1448\" data-end=\"1470\">1 smere v 2 bodoch<\/strong><\/li>\n<li data-start=\"1473\" data-end=\"1518\">oce\u013eov\u00e9 uzamykacie \u010dapy s priemerom <strong data-start=\"1509\" data-end=\"1518\">22 mm<\/strong><\/li>\n<\/ul>\n<hr data-start=\"1520\" data-end=\"1523\" \/>\n<h3 data-start=\"1525\" data-end=\"1557\">\ud83c\udfa8 Dizajn a povrchov\u00e1 \u00faprava<\/h3>\n<ul>\n<li data-start=\"1560\" data-end=\"1607\">z\u00e1kladn\u00e1 farba: <strong data-start=\"1576\" data-end=\"1607\">\u010dierna RAL 9005 \u2013 Jet Black<\/strong><\/li>\n<\/ul>\n<hr data-start=\"1659\" data-end=\"1662\" \/>\n<h3 data-start=\"1664\" data-end=\"1693\">\ud83d\udce6 Pr\u00edslu\u0161enstvo v balen\u00ed<\/h3>\n<ul>\n<li data-start=\"1696\" data-end=\"1726\"><strong data-start=\"1696\" data-end=\"1707\">2 k\u013e\u00fa\u010de<\/strong> s d\u013a\u017ekou <strong data-start=\"1717\" data-end=\"1726\">65 mm<\/strong><\/li>\n<\/ul>\n<hr data-start=\"1728\" data-end=\"1731\" \/>\n<h3 data-start=\"1733\" data-end=\"1783\">\u2714\ufe0f Pre\u010do si vybra\u0165 tento zabudovate\u013en\u00fd trezor?<\/h3>\n<ul>\n<li data-start=\"1786\" data-end=\"1829\">mo\u017enos\u0165 <strong data-start=\"1794\" data-end=\"1829\">zabudovania do steny aj podlahy<\/strong><\/li>\n<li data-start=\"1832\" data-end=\"1862\">diskr\u00e9tne zapusten\u00e9 prevedenie<\/li>\n<li data-start=\"1893\" data-end=\"1919\">ide\u00e1lny na men\u0161ie cennosti<\/li>\n<li data-start=\"1922\" data-end=\"1954\">vysok\u00e1 stabilita po zabet\u00f3novan\u00ed<\/li>\n<\/ul>\n","protected":false},"excerpt":{"rendered":"<p>\u0160peci\u00e1lne navrhnut\u00fd zabudovate\u013en\u00fd trezor, ur\u010den\u00fd na mont\u00e1\u017e do steny alebo podlahy<\/p>\n","protected":false},"featured_media":14717,"comment_status":"open","ping_status":"closed","template":"","meta":{"_monsterinsights_skip_tracking":false,"_monsterinsights_sitenote_active":false,"_monsterinsights_sitenote_note":"","_monsterinsights_sitenote_category":0},"product_brand":[318],"product_cat":[119,306],"product_tag":[1115],"class_list":{"0":"post-14709","1":"product","2":"type-product","3":"status-publish","4":"has-post-thumbnail","6":"product_brand-trezor-liktor","7":"product_cat-nastenne-trezory","8":"product_cat-podlahove-trezory","9":"product_tag-darius","10":"product_shipping_class-od-101-kg-do-25kg","11":"pa_bezpecnostna-trieda-bezpecnostnej-triedy-a-v-zmysle-normy-en-1300","12":"pa_material-ocel","13":"pa_miesto-instalacie-kotvenie-do-steny","14":"pa_miesto-instalacie-moznost-kotvenia-do-steny-alebo-do-podlahy","15":"pa_vaha-1117","16":"pa_vnutorna-hlbka-1118","17":"pa_vnutorna-sirka-1119","18":"pa_vnutorna-vyska-1120","19":"pa_vnutorny-objem-1122","20":"pa_vonkajsia-hlbka-1121","21":"pa_vonkajsia-sirka-868","22":"pa_vonkajsia-vyska-624","23":"ts_product_brand-trezor-liktor","25":"first","26":"instock","27":"taxable","28":"shipping-taxable","29":"purchasable","30":"product-type-simple"},"aioseo_notices":[],"jetpack_sharing_enabled":true,"_links":{"self":[{"href":"https:\/\/www.lltrezor.sk\/shop\/wp-json\/wp\/v2\/product\/14709","targetHints":{"allow":["GET"]}}],"collection":[{"href":"https:\/\/www.lltrezor.sk\/shop\/wp-json\/wp\/v2\/product"}],"about":[{"href":"https:\/\/www.lltrezor.sk\/shop\/wp-json\/wp\/v2\/types\/product"}],"replies":[{"embeddable":true,"href":"https:\/\/www.lltrezor.sk\/shop\/wp-json\/wp\/v2\/comments?post=14709"}],"wp:featuredmedia":[{"embeddable":true,"href":"https:\/\/www.lltrezor.sk\/shop\/wp-json\/wp\/v2\/media\/14717"}],"wp:attachment":[{"href":"https:\/\/www.lltrezor.sk\/shop\/wp-json\/wp\/v2\/media?parent=14709"}],"wp:term":[{"taxonomy":"product_brand","embeddable":true,"href":"https:\/\/www.lltrezor.sk\/shop\/wp-json\/wp\/v2\/product_brand?post=14709"},{"taxonomy":"product_cat","embeddable":true,"href":"https:\/\/www.lltrezor.sk\/shop\/wp-json\/wp\/v2\/product_cat?post=14709"},{"taxonomy":"product_tag","embeddable":true,"href":"https:\/\/www.lltrezor.sk\/shop\/wp-json\/wp\/v2\/product_tag?post=14709"}],"curies":[{"name":"wp","href":"https:\/\/api.w.org\/{rel}","templated":true}]}}