{"id":13223,"date":"2025-10-02T14:50:41","date_gmt":"2025-10-02T12:50:41","guid":{"rendered":"https:\/\/www.lltrezor.sk\/shop\/?post_type=product&#038;p=13223"},"modified":"2026-02-19T18:08:04","modified_gmt":"2026-02-19T17:08:04","slug":"dariusz-iv","status":"publish","type":"product","link":"https:\/\/www.lltrezor.sk\/shop\/product\/dariusz-iv\/","title":{"rendered":"D\u00e1rius IV."},"content":{"rendered":"<p data-start=\"190\" data-end=\"539\"><strong data-start=\"190\" data-end=\"239\">Bezpe\u010dnostn\u00fd sejf ur\u010den\u00fd pre kacel\u00e1rie<\/strong>, navrhnut\u00fd v praktickom stojanovom dizajne, ktor\u00fd \u0161etr\u00ed miesto a z\u00e1rove\u0148 umo\u017e\u0148uje <strong data-start=\"322\" data-end=\"398\">preh\u013eadn\u00e9 a organizovan\u00e9 ulo\u017eenie dokumentov a drobn\u00fdch cennost\u00ed<\/strong>.<\/p>\n<p data-start=\"190\" data-end=\"539\">Sejf je vyroben\u00fd z <strong data-start=\"562\" data-end=\"591\">odoln\u00e9ho oce\u013eov\u00e9ho plechu<\/strong> a vybaven\u00fd <strong data-start=\"603\" data-end=\"642\">certifikovan\u00fdm bezpe\u010dnostn\u00fdm z\u00e1mkom<\/strong>, ktor\u00fd spo\u013eahlivo chr\u00e1ni obsah pred neopr\u00e1vnen\u00fdm pr\u00edstupom.<\/p>\n<hr data-start=\"704\" data-end=\"707\" \/>\n<h3 data-start=\"709\" data-end=\"730\">\ud83d\udee1\ufe0f Hlavn\u00e9 v\u00fdhody<\/h3>\n<ul>\n<li data-start=\"815\" data-end=\"869\"><strong data-start=\"815\" data-end=\"846\">v\u00fd\u0161kovo nastavite\u013en\u00e9 police<\/strong> pre lep\u0161iu organiz\u00e1ciu<\/li>\n<li data-start=\"872\" data-end=\"904\">certifikovan\u00fd bezpe\u010dnostn\u00fd z\u00e1mok<\/li>\n<li data-start=\"907\" data-end=\"962\">ide\u00e1lny na <strong data-start=\"918\" data-end=\"962\">dokumenty, \u0161an\u00f3ny<\/strong><\/li>\n<\/ul>\n<hr data-start=\"964\" data-end=\"967\" \/>\n<h3 data-start=\"969\" data-end=\"1000\">\u2699\ufe0f Kon\u0161trukcia a prevedenie<\/h3>\n<ul>\n<li data-start=\"1003\" data-end=\"1053\">vyroben\u00fd z <strong data-start=\"1014\" data-end=\"1053\">pevn\u00e9ho a odoln\u00e9ho oce\u013eov\u00e9ho plechu<\/strong><\/li>\n<li data-start=\"1056\" data-end=\"1108\">stabiln\u00e1 kon\u0161trukcia vhodn\u00e1 na ka\u017edodenn\u00e9 pou\u017e\u00edvanie<\/li>\n<li data-start=\"1111\" data-end=\"1152\">rozmery prisp\u00f4soben\u00e9 n\u00e1stenn\u00e9mu upevneniu<\/li>\n<li data-start=\"1155\" data-end=\"1192\">jednoduch\u00e1 a bezpe\u010dn\u00e1 mont\u00e1\u017e na stenu<\/li>\n<li data-start=\"1155\" data-end=\"1192\">\u010dierna farba<\/li>\n<\/ul>\n<hr data-start=\"1194\" data-end=\"1197\" \/>\n<h3 data-start=\"1199\" data-end=\"1227\">\ud83d\udcc1 Vn\u00fatorn\u00e9 usporiadanie<\/h3>\n<ul>\n<li data-start=\"1230\" data-end=\"1263\"><strong data-start=\"1230\" data-end=\"1263\">2 v\u00fd\u0161kovo nastavite\u013en\u00e9 police<\/strong><\/li>\n<li data-start=\"1266\" data-end=\"1331\">mo\u017enos\u0165 prisp\u00f4sobi\u0165 vn\u00fatorn\u00fd priestor pod\u013ea typu ulo\u017een\u00e9ho obsahu<\/li>\n<li data-start=\"1334\" data-end=\"1370\">preh\u013eadn\u00e9 a systematick\u00e9 skladovanie<\/li>\n<\/ul>\n<hr data-start=\"1372\" data-end=\"1375\" \/>\n<h3 data-start=\"1377\" data-end=\"1389\">\ud83d\udd11 Z\u00e1mok<\/h3>\n<ul>\n<li data-start=\"1392\" data-end=\"1436\"><strong data-start=\"1392\" data-end=\"1436\">certifikovan\u00fd bezpe\u010dnostn\u00fd z\u00e1mok<\/strong><\/li>\n<li data-start=\"1439\" data-end=\"1468\">dod\u00e1van\u00fd s <strong data-start=\"1450\" data-end=\"1468\">1 p\u00e1rom k\u013e\u00fa\u010dov<\/strong><\/li>\n<\/ul>\n<hr data-start=\"1470\" data-end=\"1473\" \/>\n<h3 data-start=\"1475\" data-end=\"1504\">\ud83d\udce6 Pr\u00edslu\u0161enstvo v balen\u00ed<\/h3>\n<ul>\n<li data-start=\"1507\" data-end=\"1538\">2 v\u00fd\u0161kovo nastavite\u013en\u00e9 police<\/li>\n<li data-start=\"1541\" data-end=\"1555\">1 p\u00e1r k\u013e\u00fa\u010dov<\/li>\n<li data-start=\"1558\" data-end=\"1591\">upev\u0148ovacie skrutky a hmo\u017edinky<\/li>\n<\/ul>\n<hr data-start=\"1593\" data-end=\"1596\" \/>\n<h3 data-start=\"1598\" data-end=\"1620\">\u2714\ufe0f Vhodn\u00e9 pou\u017eitie<\/h3>\n<ul>\n<li data-start=\"1663\" data-end=\"1685\">kancel\u00e1rie a arch\u00edvy<\/li>\n<li data-start=\"1688\" data-end=\"1697\">lek\u00e1rne<\/li>\n<li data-start=\"1700\" data-end=\"1712\">dom\u00e1cnosti<\/li>\n<\/ul>\n","protected":false},"excerpt":{"rendered":"<p>Certifikovan\u00fd n\u00e1bytkov\u00fd trezor vyvinut\u00fd \u0161peci\u00e1lne na ulo\u017eenie zaklada\u010dov A\/4.<\/p>\n","protected":false},"featured_media":13227,"comment_status":"open","ping_status":"closed","template":"","meta":{"_monsterinsights_skip_tracking":false,"_monsterinsights_sitenote_active":false,"_monsterinsights_sitenote_note":"","_monsterinsights_sitenote_category":0},"product_brand":[318],"product_cat":[300,560,557,556],"product_tag":[1115],"class_list":{"0":"post-13223","1":"product","2":"type-product","3":"status-publish","4":"has-post-thumbnail","6":"product_brand-trezor-liktor","7":"product_cat-archivacne-skrine","8":"product_cat-archivacne-skrine-a-kartoteky","9":"product_cat-nabytkove-hotelove-a-office-sejfy","10":"product_cat-sejfy","11":"product_tag-darius","12":"product_shipping_class-od-251-kg-do-40kg","13":"pa_bezpecnostna-trieda-1306","14":"pa_material-ocel","15":"pa_miesto-instalacie-pripevnene-na-stenu-alebo-podlahu","16":"pa_vaha-870","17":"pa_vnutorna-hlbka-536","18":"pa_vnutorna-sirka-881","19":"pa_vnutorna-vyska-880","20":"pa_vnutorny-objem-882","21":"pa_vonkajsia-hlbka-878","22":"pa_vonkajsia-sirka-879","23":"pa_vonkajsia-vyska-877","24":"ts_product_brand-trezor-liktor","26":"first","27":"instock","28":"taxable","29":"shipping-taxable","30":"purchasable","31":"product-type-simple"},"aioseo_notices":[],"jetpack_sharing_enabled":true,"_links":{"self":[{"href":"https:\/\/www.lltrezor.sk\/shop\/wp-json\/wp\/v2\/product\/13223","targetHints":{"allow":["GET"]}}],"collection":[{"href":"https:\/\/www.lltrezor.sk\/shop\/wp-json\/wp\/v2\/product"}],"about":[{"href":"https:\/\/www.lltrezor.sk\/shop\/wp-json\/wp\/v2\/types\/product"}],"replies":[{"embeddable":true,"href":"https:\/\/www.lltrezor.sk\/shop\/wp-json\/wp\/v2\/comments?post=13223"}],"wp:featuredmedia":[{"embeddable":true,"href":"https:\/\/www.lltrezor.sk\/shop\/wp-json\/wp\/v2\/media\/13227"}],"wp:attachment":[{"href":"https:\/\/www.lltrezor.sk\/shop\/wp-json\/wp\/v2\/media?parent=13223"}],"wp:term":[{"taxonomy":"product_brand","embeddable":true,"href":"https:\/\/www.lltrezor.sk\/shop\/wp-json\/wp\/v2\/product_brand?post=13223"},{"taxonomy":"product_cat","embeddable":true,"href":"https:\/\/www.lltrezor.sk\/shop\/wp-json\/wp\/v2\/product_cat?post=13223"},{"taxonomy":"product_tag","embeddable":true,"href":"https:\/\/www.lltrezor.sk\/shop\/wp-json\/wp\/v2\/product_tag?post=13223"}],"curies":[{"name":"wp","href":"https:\/\/api.w.org\/{rel}","templated":true}]}}