{"id":13154,"date":"2025-09-22T15:25:50","date_gmt":"2025-09-22T13:25:50","guid":{"rendered":"https:\/\/www.lltrezor.sk\/shop\/?post_type=product&#038;p=13154"},"modified":"2026-02-19T18:11:58","modified_gmt":"2026-02-19T17:11:58","slug":"kazeta-na-kratku-zbran-bez-pripevnenia","status":"publish","type":"product","link":"https:\/\/www.lltrezor.sk\/shop\/product\/kazeta-na-kratku-zbran-bez-pripevnenia\/","title":{"rendered":"Kazeta na kr\u00e1tku zbra\u0148 bez pripevnenia"},"content":{"rendered":"<div class=\"product-sdesc\">\n<p data-start=\"144\" data-end=\"402\">Kazeta je navrhnut\u00e1 tak, aby poskytovala <strong data-start=\"185\" data-end=\"273\">maxim\u00e1lnu bezpe\u010dnos\u0165 pri ulo\u017een\u00ed aj prevoze kr\u00e1tkych streln\u00fdch zbran\u00ed v\u0161etk\u00fdch typov<\/strong>.<br data-start=\"274\" data-end=\"277\" \/>Sp\u013a\u0148a z\u00e1konn\u00e9 po\u017eiadavky <strong data-start=\"302\" data-end=\"365\">\u00a7 54 ods. 7 z\u00e1kona \u010d. 190\/2003 Z. z. o zbraniach a strelive<\/strong>, \u010do zaru\u010duje s\u00falad s legislat\u00edvou.<\/p>\n<p data-start=\"404\" data-end=\"482\">V\u00fdrobcom je renomovan\u00e1 spolo\u010dnos\u0165 <strong data-start=\"438\" data-end=\"479\"><span class=\"hover:entity-accent entity-underline inline cursor-pointer align-baseline\"><span class=\"whitespace-normal\">Trezor-Liktor Zrt.<\/span><\/span><\/strong>.<\/p>\n<hr data-start=\"484\" data-end=\"487\" \/>\n<h3 data-start=\"489\" data-end=\"517\">\ud83e\uddf1 Kon\u0161trukcia a materi\u00e1l<\/h3>\n<ul>\n<li data-start=\"520\" data-end=\"542\">Odoln\u00fd oce\u013eov\u00fd pl\u00e1\u0161\u0165<\/li>\n<li data-start=\"545\" data-end=\"612\"><strong data-start=\"545\" data-end=\"566\">Molyt\u00e1nov\u00e1 vlo\u017eka<\/strong> pre bezpe\u010dn\u00e9 ulo\u017eenie zbrane bez po\u0161kodenia<\/li>\n<li data-start=\"615\" data-end=\"643\"><strong data-start=\"615\" data-end=\"625\">Farba:<\/strong> \u010dierny antracit<\/li>\n<\/ul>\n<hr data-start=\"645\" data-end=\"648\" \/>\n<h3>\ud83d\udd12 Bezpe\u010dn\u00e9 ulo\u017eenie<\/h3>\n<ul>\n<li data-start=\"676\" data-end=\"747\">Vn\u00fatorn\u00e1 <strong data-start=\"685\" data-end=\"721\">samostatne uzamykate\u013en\u00e1 schr\u00e1nka<\/strong> pre z\u00e1sobn\u00edk a strelivo<\/li>\n<li data-start=\"750\" data-end=\"815\">Ide\u00e1lne rie\u0161enie pre bezpe\u010dn\u00fd prevoz a ulo\u017eenie kr\u00e1tkych zbran\u00ed<\/li>\n<\/ul>\n<hr data-start=\"817\" data-end=\"820\" \/>\n<h3>\ud83d\udee0\ufe0f Pou\u017eitie<\/h3>\n<ul>\n<li data-start=\"840\" data-end=\"873\">Dom\u00e1ce ulo\u017eenie kr\u00e1tkych zbran\u00ed<\/li>\n<li data-start=\"876\" data-end=\"928\">Prevoz vo vozidle alebo in\u00fdch vhodn\u00fdch priestoroch<\/li>\n<li data-start=\"931\" data-end=\"1007\">Profesion\u00e1lne vyu\u017eitie pre bezpe\u010dnostn\u00e9 slu\u017eby, pol\u00edcie a ozbrojen\u00e9 zlo\u017eky<\/li>\n<\/ul>\n<hr data-start=\"1009\" data-end=\"1012\" \/>\n<h3>\u2139\ufe0f V\u00fdrobca<\/h3>\n<ul>\n<li data-start=\"1028\" data-end=\"1106\"><strong data-start=\"1028\" data-end=\"1060\">Trezor-Liktor Zrt., Ma\u010farsko<\/strong> \u2013 spo\u013eahliv\u00e1 kvalita a bezpe\u010dn\u00e1 kon\u0161trukcia<\/li>\n<\/ul>\n<\/div>\n","protected":false},"excerpt":{"rendered":"<p>Kazeta na kr\u00e1tku zbra\u0148 \u2013 bezpe\u010dn\u00e9 ulo\u017eenie a prevoz<\/p>\n","protected":false},"featured_media":13156,"comment_status":"open","ping_status":"closed","template":"","meta":{"_monsterinsights_skip_tracking":false,"_monsterinsights_sitenote_active":false,"_monsterinsights_sitenote_note":"","_monsterinsights_sitenote_category":0},"product_brand":[318],"product_cat":[183],"product_tag":[],"class_list":{"0":"post-13154","1":"product","2":"type-product","3":"status-publish","4":"has-post-thumbnail","6":"product_brand-trezor-liktor","7":"product_cat-kazety-na-kratke-zbrane","8":"product_shipping_class-do-10kg","9":"pa_bezpecnostna-trieda-1306","10":"pa_material-ocel","11":"pa_typ-zamku-mechanicky-zamok","12":"pa_vnutorna-hlbka-834","13":"pa_vnutorna-sirka-835","14":"pa_vnutorna-vyska-836","15":"pa_vonkajsia-hlbka-837","16":"pa_vonkajsia-sirka-838","17":"pa_vonkajsia-vyska-839","18":"ts_product_brand-trezor-liktor","20":"first","21":"instock","22":"taxable","23":"shipping-taxable","24":"purchasable","25":"product-type-variable","26":"has-default-attributes"},"aioseo_notices":[],"jetpack_sharing_enabled":true,"_links":{"self":[{"href":"https:\/\/www.lltrezor.sk\/shop\/wp-json\/wp\/v2\/product\/13154","targetHints":{"allow":["GET"]}}],"collection":[{"href":"https:\/\/www.lltrezor.sk\/shop\/wp-json\/wp\/v2\/product"}],"about":[{"href":"https:\/\/www.lltrezor.sk\/shop\/wp-json\/wp\/v2\/types\/product"}],"replies":[{"embeddable":true,"href":"https:\/\/www.lltrezor.sk\/shop\/wp-json\/wp\/v2\/comments?post=13154"}],"wp:featuredmedia":[{"embeddable":true,"href":"https:\/\/www.lltrezor.sk\/shop\/wp-json\/wp\/v2\/media\/13156"}],"wp:attachment":[{"href":"https:\/\/www.lltrezor.sk\/shop\/wp-json\/wp\/v2\/media?parent=13154"}],"wp:term":[{"taxonomy":"product_brand","embeddable":true,"href":"https:\/\/www.lltrezor.sk\/shop\/wp-json\/wp\/v2\/product_brand?post=13154"},{"taxonomy":"product_cat","embeddable":true,"href":"https:\/\/www.lltrezor.sk\/shop\/wp-json\/wp\/v2\/product_cat?post=13154"},{"taxonomy":"product_tag","embeddable":true,"href":"https:\/\/www.lltrezor.sk\/shop\/wp-json\/wp\/v2\/product_tag?post=13154"}],"curies":[{"name":"wp","href":"https:\/\/api.w.org\/{rel}","templated":true}]}}