{"id":13149,"date":"2025-09-22T15:21:11","date_gmt":"2025-09-22T13:21:11","guid":{"rendered":"https:\/\/www.lltrezor.sk\/shop\/?post_type=product&#038;p=13149"},"modified":"2026-03-02T07:44:39","modified_gmt":"2026-03-02T06:44:39","slug":"kazeta-na-kratku-zbran-pacemaker","status":"publish","type":"product","link":"https:\/\/www.lltrezor.sk\/shop\/product\/kazeta-na-kratku-zbran-pacemaker\/","title":{"rendered":"Kazeta na kr\u00e1tku zbra\u0148 &#8220;Pacemaker&#8221;"},"content":{"rendered":"<p data-start=\"165\" data-end=\"426\"><strong data-start=\"165\" data-end=\"185\">Kazeta Pacemaker<\/strong> je \u0161peci\u00e1lne navrhnut\u00e1 na <strong data-start=\"212\" data-end=\"284\">bezpe\u010dn\u00e9 ulo\u017eenie aj prevoz kr\u00e1tkych streln\u00fdch zbran\u00ed v\u0161etk\u00fdch typov<\/strong>.<br data-start=\"285\" data-end=\"288\" \/>Sp\u013a\u0148a z\u00e1konn\u00e9 po\u017eiadavky <strong data-start=\"313\" data-end=\"376\">\u00a7 54 ods. 7 z\u00e1kona \u010d. 190\/2003 Z. z. o zbraniach a strelive<\/strong>, \u010do zaru\u010duje bezpe\u010dnos\u0165 a s\u00falad s legislat\u00edvou.<\/p>\n<p data-start=\"428\" data-end=\"506\">V\u00fdrobcom je renomovan\u00e1 spolo\u010dnos\u0165 <strong data-start=\"462\" data-end=\"503\"><span class=\"hover:entity-accent entity-underline inline cursor-pointer align-baseline\"><span class=\"whitespace-normal\">Trezor-Liktor Zrt.<\/span><\/span><\/strong>.<\/p>\n<hr data-start=\"508\" data-end=\"511\" \/>\n<h3 data-start=\"513\" data-end=\"541\">\ud83e\uddf1 Kon\u0161trukcia a materi\u00e1l<\/h3>\n<ul>\n<li data-start=\"544\" data-end=\"578\">Hr\u00fabka oce\u013eov\u00e9ho plechu <strong data-start=\"568\" data-end=\"576\">2 mm<\/strong><\/li>\n<li data-start=\"581\" data-end=\"642\">Pevn\u00e1 a odoln\u00e1 kon\u0161trukcia vhodn\u00e1 pre ka\u017edodenn\u00e9 pou\u017e\u00edvanie<\/li>\n<li data-start=\"645\" data-end=\"673\"><strong data-start=\"645\" data-end=\"655\">Farba:<\/strong> \u010dierna antracit<\/li>\n<\/ul>\n<hr data-start=\"675\" data-end=\"678\" \/>\n<h3 data-start=\"680\" data-end=\"712\">\ud83d\udd12 Bezpe\u010dn\u00e9 ulo\u017eenie a prevoz<\/h3>\n<ul>\n<li data-start=\"715\" data-end=\"786\">Vn\u00fatorn\u00e1 <strong data-start=\"724\" data-end=\"760\">samostatne uzamykate\u013en\u00e1 schr\u00e1nka<\/strong> pre z\u00e1sobn\u00edk a strelivo<\/li>\n<li data-start=\"789\" data-end=\"869\">Kazetu je mo\u017en\u00e9 <strong data-start=\"805\" data-end=\"846\">jednoducho pripevni\u0165 pomocou ko\u013eajn\u00edc<\/strong> na volite\u013en\u00e9 miesto:\n<ul>\n<li data-start=\"874\" data-end=\"886\">do n\u00e1bytku<\/li>\n<li data-start=\"891\" data-end=\"903\">do vozidla<\/li>\n<\/ul>\n<\/li>\n<li data-start=\"906\" data-end=\"971\">Ide\u00e1lne rie\u0161enie pre bezpe\u010dn\u00fd prevoz a ulo\u017eenie kr\u00e1tkych zbran\u00ed<\/li>\n<\/ul>\n<hr data-start=\"973\" data-end=\"976\" \/>\n<h3 data-start=\"978\" data-end=\"1007\">\ud83d\udee0\ufe0f Pr\u00edslu\u0161enstvo a mont\u00e1\u017e<\/h3>\n<ul>\n<li data-start=\"1010\" data-end=\"1049\">Jednoduch\u00e1 in\u0161tal\u00e1cia na r\u00f4zne miesta<\/li>\n<li data-start=\"1052\" data-end=\"1101\">Mo\u017enos\u0165 r\u00fdchleho presunu a bezpe\u010dn\u00e9ho upevnenia<\/li>\n<\/ul>\n<hr data-start=\"1103\" data-end=\"1106\" \/>\n<h3 data-start=\"1108\" data-end=\"1132\">\u2705 Odpor\u00fa\u010dan\u00e9 pou\u017eitie<\/h3>\n<ul>\n<li data-start=\"1135\" data-end=\"1206\">Bezpe\u010dn\u00e9 ulo\u017eenie kr\u00e1tkych zbran\u00ed doma, v kancel\u00e1rii alebo vo vozidle<\/li>\n<li data-start=\"1209\" data-end=\"1280\">Profesion\u00e1lne vyu\u017eitie pre str\u00e1\u017ene slu\u017eby, pol\u00edcie a ozbrojen\u00e9 zlo\u017eky<\/li>\n<li data-start=\"1283\" data-end=\"1343\">Splnenie z\u00e1konn\u00fdch ustanoven\u00ed pre prevoz a ulo\u017eenie zbran\u00ed<\/li>\n<\/ul>\n<hr data-start=\"1345\" data-end=\"1348\" \/>\n<h3 data-start=\"1350\" data-end=\"1363\">\u2139\ufe0f V\u00fdrobca<\/h3>\n<p data-start=\"1364\" data-end=\"1456\"><strong data-start=\"1364\" data-end=\"1396\">Trezor-Liktor Zrt., Ma\u010farsko<\/strong> \u2013 z\u00e1ruka kvality a spo\u013eahlivej bezpe\u010dnostnej kon\u0161trukcie.<\/p>\n","protected":false},"excerpt":{"rendered":"<p>Kazeta na kr\u00e1tku zbra\u0148 Pacemaker \u2013 bezpe\u010dn\u00e9 ulo\u017eenie a prevoz<\/p>\n","protected":false},"featured_media":13153,"comment_status":"open","ping_status":"closed","template":"","meta":{"_monsterinsights_skip_tracking":false,"_monsterinsights_sitenote_active":false,"_monsterinsights_sitenote_note":"","_monsterinsights_sitenote_category":0},"product_brand":[318],"product_cat":[183],"product_tag":[],"class_list":{"0":"post-13149","1":"product","2":"type-product","3":"status-publish","4":"has-post-thumbnail","6":"product_brand-trezor-liktor","7":"product_cat-kazety-na-kratke-zbrane","8":"product_shipping_class-do-10kg","9":"pa_bezpecnostna-trieda-1306","10":"pa_material-ocel","11":"pa_typ-zamku-mechanicky-zamok","12":"pa_vnutorna-hlbka-828","13":"pa_vnutorna-sirka-829","14":"pa_vnutorna-vyska-830","15":"pa_vonkajsia-hlbka-831","16":"pa_vonkajsia-sirka-832","17":"pa_vonkajsia-vyska-833","18":"ts_product_brand-trezor-liktor","20":"first","21":"instock","22":"taxable","23":"shipping-taxable","24":"purchasable","25":"product-type-variable","26":"has-default-attributes"},"aioseo_notices":[],"jetpack_sharing_enabled":true,"_links":{"self":[{"href":"https:\/\/www.lltrezor.sk\/shop\/wp-json\/wp\/v2\/product\/13149","targetHints":{"allow":["GET"]}}],"collection":[{"href":"https:\/\/www.lltrezor.sk\/shop\/wp-json\/wp\/v2\/product"}],"about":[{"href":"https:\/\/www.lltrezor.sk\/shop\/wp-json\/wp\/v2\/types\/product"}],"replies":[{"embeddable":true,"href":"https:\/\/www.lltrezor.sk\/shop\/wp-json\/wp\/v2\/comments?post=13149"}],"wp:featuredmedia":[{"embeddable":true,"href":"https:\/\/www.lltrezor.sk\/shop\/wp-json\/wp\/v2\/media\/13153"}],"wp:attachment":[{"href":"https:\/\/www.lltrezor.sk\/shop\/wp-json\/wp\/v2\/media?parent=13149"}],"wp:term":[{"taxonomy":"product_brand","embeddable":true,"href":"https:\/\/www.lltrezor.sk\/shop\/wp-json\/wp\/v2\/product_brand?post=13149"},{"taxonomy":"product_cat","embeddable":true,"href":"https:\/\/www.lltrezor.sk\/shop\/wp-json\/wp\/v2\/product_cat?post=13149"},{"taxonomy":"product_tag","embeddable":true,"href":"https:\/\/www.lltrezor.sk\/shop\/wp-json\/wp\/v2\/product_tag?post=13149"}],"curies":[{"name":"wp","href":"https:\/\/api.w.org\/{rel}","templated":true}]}}