{"id":12962,"date":"2025-09-19T15:23:30","date_gmt":"2025-09-19T13:23:30","guid":{"rendered":"https:\/\/www.lltrezor.sk\/shop\/?post_type=product&#038;p=12962"},"modified":"2026-02-19T18:21:03","modified_gmt":"2026-02-19T17:21:03","slug":"euron-2056","status":"publish","type":"product","link":"https:\/\/www.lltrezor.sk\/shop\/product\/euron-2056\/","title":{"rendered":"EURON 2056"},"content":{"rendered":"<div class=\"product-sdesc\">\n<p data-start=\"238\" data-end=\"579\"><strong data-start=\"238\" data-end=\"252\">EURON 2056<\/strong>\u00a0je <strong data-start=\"256\" data-end=\"297\">priestrann\u00fd trezor vy\u0161\u0161ej bezpe\u010dnosti<\/strong>, ur\u010den\u00fd pre v\u0161etk\u00fdch, ktor\u00ed chc\u00fa <strong data-start=\"331\" data-end=\"396\">spo\u013eahlivo a bezpe\u010dne uschova\u0165 cennosti, dokumenty a hotovos\u0165<\/strong>. Trezor je <strong data-start=\"408\" data-end=\"473\">certifikovan\u00fd do II. bezpe\u010dnostnej triedy pod\u013ea \u010cSN EN 1143-1<\/strong> a sp\u013a\u0148a <strong data-start=\"482\" data-end=\"503\">najvy\u0161\u0161\u00ed stupe\u0148 4<\/strong> pod\u013ea klasifik\u00e1cie N\u00e1rodn\u00e9ho bezpe\u010dnostn\u00e9ho \u00faradu (predt\u00fdm Pr\u00edsne tajn\u00e9).<\/p>\n<hr data-start=\"581\" data-end=\"584\" \/>\n<h3 data-start=\"586\" data-end=\"628\">\ud83d\udee1\ufe0f Certifik\u00e1cia a bezpe\u010dnostn\u00e1 trieda<\/h3>\n<ul>\n<li data-start=\"631\" data-end=\"670\"><strong data-start=\"631\" data-end=\"668\">II. bezpe\u010dnostn\u00e1 trieda EN 1143-1<\/strong><\/li>\n<li data-start=\"673\" data-end=\"731\"><strong data-start=\"673\" data-end=\"689\">stupe\u0148 4 NB\u00da<\/strong> \u2013 maxim\u00e1lne zabezpe\u010denie ulo\u017een\u00fdch vec\u00ed<\/li>\n<li data-start=\"734\" data-end=\"804\">vhodn\u00fd do dom\u00e1cnost\u00ed aj kancel\u00e1ri\u00ed, na cennosti a d\u00f4le\u017eit\u00e9 dokumenty<\/li>\n<\/ul>\n<hr data-start=\"806\" data-end=\"809\" \/>\n<h3 data-start=\"811\" data-end=\"847\">\ud83d\udd11 Z\u00e1mky a elektronick\u00e9 mo\u017enosti<\/h3>\n<ul>\n<li data-start=\"850\" data-end=\"961\">hlavn\u00fd z\u00e1mok: <strong data-start=\"864\" data-end=\"910\">mechanick\u00fd trezorov\u00fd z\u00e1mok Lowe &amp; Fletcher<\/strong> alebo <strong data-start=\"917\" data-end=\"959\">elektronick\u00fd \u010d\u00edseln\u00fd z\u00e1mok Safetronics<\/strong><\/li>\n<li data-start=\"964\" data-end=\"1084\">verzie <strong data-start=\"971\" data-end=\"977\">ME<\/strong> obsahuj\u00fa aj <strong data-start=\"990\" data-end=\"1034\">n\u00fadzov\u00fd mechanick\u00fd z\u00e1mok Lowe &amp; Fletcher<\/strong> (2 ks k\u013e\u00fa\u010dov v cene) pre pr\u00edpad zabudnutia k\u00f3du<\/li>\n<li data-start=\"1087\" data-end=\"1204\">elektronick\u00fd z\u00e1mok: a\u017e <strong data-start=\"1110\" data-end=\"1127\">8-miestny k\u00f3d<\/strong>, mo\u017enos\u0165 nastavenia \u010dasu, prev\u00e1dzkovej doby, kalend\u00e1ra a hist\u00f3rie udalost\u00ed<\/li>\n<li data-start=\"1207\" data-end=\"1258\">elektronika upozorn\u00ed na <strong data-start=\"1231\" data-end=\"1256\">n\u00edzke nap\u00e4tie bat\u00e9ri\u00ed<\/strong><\/li>\n<li data-start=\"1261\" data-end=\"1335\">nap\u00e1janie: 4 \u00d7 AA alkalick\u00e9 bat\u00e9rie (s\u00fa\u010das\u0165 dod\u00e1vky), \u017eivotnos\u0165 2\u20133 roky<\/li>\n<li data-start=\"1338\" data-end=\"1390\">oba z\u00e1mky certifikovan\u00e9 <strong data-start=\"1362\" data-end=\"1388\">trieda A pod\u013ea EN 1300<\/strong><\/li>\n<\/ul>\n<hr data-start=\"1392\" data-end=\"1395\" \/>\n<h3 data-start=\"1397\" data-end=\"1437\">\u2699\ufe0f Kon\u0161trukcia a mechanick\u00e1 odolnos\u0165<\/h3>\n<ul>\n<li>viacpl\u00e1\u0161\u0165ov\u00e1 kon\u0161trukcia s v\u00fdpl\u0148ou zvy\u0161uj\u00facou odolnos\u0165<\/li>\n<li>uhol otvorenia dver\u00ed cca <strong data-start=\"1524\" data-end=\"1531\">95\u00b0<\/strong><\/li>\n<li>doln\u00e1 hrana dver\u00ed nad podlo\u017ekou cca <strong data-start=\"1572\" data-end=\"1581\">65 mm<\/strong><\/li>\n<li>pripraven\u00e9 <strong data-start=\"1597\" data-end=\"1616\">kotviace otvory<\/strong>:<\/li>\n<li data-start=\"1624\" data-end=\"1650\">zadn\u00e1 stena: 2 \u00d7 \u00d8 12 mm<\/li>\n<li data-start=\"1655\" data-end=\"1673\">dno: 2 \u00d7 \u00d8 15 mm<\/li>\n<li data-start=\"1678\" data-end=\"1728\">v\u0161etky kotviace otvory zapusten\u00e9 a kryt\u00e9 krytkou<\/li>\n<\/ul>\n<hr data-start=\"1730\" data-end=\"1733\" \/>\n<h3>\ud83d\udcc1 Vn\u00fatorn\u00e9 usporiadanie a v\u00fdbava<\/h3>\n<ul>\n<li data-start=\"1775\" data-end=\"1835\"><strong data-start=\"1775\" data-end=\"1808\">1 v\u00fd\u0161kov\u011b nastavite\u013en\u00e1 polica<\/strong> (nastavenie po cca 3 cm)<\/li>\n<li data-start=\"1838\" data-end=\"1890\">polica je vyberate\u013en\u00e1, \u010fal\u0161ie police mo\u017en\u00e9 dok\u00fapi\u0165<\/li>\n<li data-start=\"1838\" data-end=\"1890\">vn\u00fatorn\u00e1 schr\u00e1nka<\/li>\n<li data-start=\"1893\" data-end=\"1942\">vhodn\u00fd na <strong data-start=\"1903\" data-end=\"1940\">cennosti, dokumenty a in\u00e9 hodnoty<\/strong><\/li>\n<\/ul>\n<hr data-start=\"1944\" data-end=\"1947\" \/>\n<h3>\ud83c\udfa8 Dizajn a farebn\u00e9 prevedenie<\/h3>\n<ul>\n<li data-start=\"1986\" data-end=\"2016\">z\u00e1kladn\u00e1 farba: <strong data-start=\"2002\" data-end=\"2014\">antracit<\/strong><\/li>\n<li data-start=\"2019\" data-end=\"2092\">elegantn\u00fd a nen\u00e1padn\u00fd vzh\u013ead vhodn\u00fd do dom\u00e1cnost\u00ed, kancel\u00e1ri\u00ed aj firiem<\/li>\n<\/ul>\n<hr data-start=\"2094\" data-end=\"2097\" \/>\n<h3>\u2714\ufe0f Pre\u010do si vybra\u0165 trezor EURON 2056?<\/h3>\n<ul>\n<li data-start=\"2143\" data-end=\"2198\">vysok\u00e1 <strong data-start=\"2150\" data-end=\"2177\">II. bezpe\u010dnostn\u00e1 trieda<\/strong> a stupe\u0148 <strong data-start=\"2187\" data-end=\"2196\">NB\u00da 4<\/strong><\/li>\n<li data-start=\"2201\" data-end=\"2253\">modern\u00e1 elektronika s historickou pam\u00e4\u0165ou udalost\u00ed<\/li>\n<li data-start=\"2256\" data-end=\"2312\">variabilita vn\u00fatorn\u00e9ho usporiadania a volite\u013en\u00e9 police<\/li>\n<li data-start=\"2315\" data-end=\"2367\">mo\u017enos\u0165 <strong data-start=\"2323\" data-end=\"2365\">n\u00fadzov\u00e9ho otvorenia mechanick\u00fdm z\u00e1mkom<\/strong><\/li>\n<li data-start=\"2370\" data-end=\"2445\">spo\u013eahliv\u00fd a priestrann\u00fd trezor vhodn\u00fd pre cennosti, dokumenty a hotovos\u0165<\/li>\n<\/ul>\n<\/div>\n","protected":false},"excerpt":{"rendered":"<p>Bezpe\u010dn\u00e9 ulo\u017eenie v\u00e4\u010d\u0161ieho objemu hotovosti, \u0161perkov, cennost\u00ed alebo utajovan\u00fdch dokumentov<\/p>\n","protected":false},"featured_media":12968,"comment_status":"open","ping_status":"closed","template":"","meta":{"_monsterinsights_skip_tracking":false,"_monsterinsights_sitenote_active":false,"_monsterinsights_sitenote_note":"","_monsterinsights_sitenote_category":0},"product_brand":[676],"product_cat":[1443,559],"product_tag":[721],"class_list":{"0":"post-12962","1":"product","2":"type-product","3":"status-publish","4":"has-post-thumbnail","6":"product_brand-safetronics","7":"product_cat-trezory_lltrezor","8":"product_cat-ohnuvzodrne-trezory-na-dokumenty","9":"product_tag-euron","10":"product_shipping_class-od-1001-kg-do-150kg","11":"pa_bezpecnostna-trieda-bezpecnostna-trieda-iv-podla-en-1143-1-certifikat-nbu-na-stupen-utajenia-prisne-tajne","12":"pa_bezpecnostna-trieda-bezpecnostnej-triedy-a-v-zmysle-normy-en-1300","13":"pa_bezpecnostna-trieda-norma-en-1143-1-v-bezpecnostnej-triede-ii","14":"pa_material-ocel","15":"pa_miesto-instalacie-volne-stojace","16":"pa_typ-zamku-lg-mechanicky-kombinovany-zamok-lagard","17":"pa_typ-zamku-m-mechanicky-zamok-mauer","18":"pa_typ-zamku-elektronicky-zamok-safetronics-mechanicky-zamok-lowefletcher","19":"pa_typ-zamku-elektronicky-zamok-t-4800-mechanicky-zamok-lowefletcher","20":"pa_vnutorna-hlbka-710","21":"pa_vnutorna-sirka-711","22":"pa_vnutorna-vyska-712","23":"pa_vnutorny-objem-713","24":"pa_vonkajsia-hlbka-714","25":"pa_vonkajsia-sirka-715","26":"pa_vonkajsia-vyska-716","27":"ts_product_brand-safetronics","29":"first","30":"onbackorder","31":"taxable","32":"shipping-taxable","33":"purchasable","34":"product-type-variable"},"aioseo_notices":[],"jetpack_sharing_enabled":true,"_links":{"self":[{"href":"https:\/\/www.lltrezor.sk\/shop\/wp-json\/wp\/v2\/product\/12962","targetHints":{"allow":["GET"]}}],"collection":[{"href":"https:\/\/www.lltrezor.sk\/shop\/wp-json\/wp\/v2\/product"}],"about":[{"href":"https:\/\/www.lltrezor.sk\/shop\/wp-json\/wp\/v2\/types\/product"}],"replies":[{"embeddable":true,"href":"https:\/\/www.lltrezor.sk\/shop\/wp-json\/wp\/v2\/comments?post=12962"}],"wp:featuredmedia":[{"embeddable":true,"href":"https:\/\/www.lltrezor.sk\/shop\/wp-json\/wp\/v2\/media\/12968"}],"wp:attachment":[{"href":"https:\/\/www.lltrezor.sk\/shop\/wp-json\/wp\/v2\/media?parent=12962"}],"wp:term":[{"taxonomy":"product_brand","embeddable":true,"href":"https:\/\/www.lltrezor.sk\/shop\/wp-json\/wp\/v2\/product_brand?post=12962"},{"taxonomy":"product_cat","embeddable":true,"href":"https:\/\/www.lltrezor.sk\/shop\/wp-json\/wp\/v2\/product_cat?post=12962"},{"taxonomy":"product_tag","embeddable":true,"href":"https:\/\/www.lltrezor.sk\/shop\/wp-json\/wp\/v2\/product_tag?post=12962"}],"curies":[{"name":"wp","href":"https:\/\/api.w.org\/{rel}","templated":true}]}}