{"id":12572,"date":"2025-09-06T19:06:39","date_gmt":"2025-09-06T17:06:39","guid":{"rendered":"https:\/\/www.lltrezor.sk\/shop\/?post_type=product&#038;p=12572"},"modified":"2026-02-19T18:32:04","modified_gmt":"2026-02-19T17:32:04","slug":"diana-queen-7b-safety-7","status":"publish","type":"product","link":"https:\/\/www.lltrezor.sk\/shop\/product\/diana-queen-7b-safety-7\/","title":{"rendered":"DIANA QUEEN 7b (SAFETY 7)"},"content":{"rendered":"<div class=\"product-sdesc\">\n<div class=\"product-sdesc\">\n<div class=\"product-sdesc\">\n<div class=\"product-sdesc\">\n<div class=\"product-sdesc\">\n<div class=\"product-sdesc\">\n<div class=\"product-sdesc\">\n<div class=\"product-sdesc\">\n<div class=\"product-sdesc\">\n<div class=\"product-sdesc\">\n<div class=\"product-sdesc\">\n<p data-start=\"201\" data-end=\"486\">Certifikovan\u00e1 bezpe\u010dnostn\u00e1 skri\u0148a ur\u010den\u00e1 na <strong data-start=\"245\" data-end=\"279\">ulo\u017eenie a\u017e 7 ks dlh\u00fdch zbran\u00ed<\/strong>, streliva a pr\u00edslu\u0161enstva. V\u010faka certifik\u00e1cii <strong data-start=\"326\" data-end=\"347\">S1 pod\u013ea EN 14450<\/strong> a robustnej oce\u013eovej kon\u0161trukcii predstavuje spo\u013eahliv\u00e9 rie\u0161enie pre po\u013eovn\u00edkov, \u0161portov\u00fdch strelcov aj n\u00e1ro\u010dn\u00fdch s\u00fakromn\u00fdch pou\u017e\u00edvate\u013eov.<\/p>\n<hr data-start=\"488\" data-end=\"491\" \/>\n<h3 data-start=\"493\" data-end=\"528\">\ud83d\udee1\ufe0f Certifik\u00e1cia a z\u00e1konn\u00e1 zhoda<\/h3>\n<ul>\n<li data-start=\"532\" data-end=\"619\">sp\u013a\u0148a podmienky ustanoven\u00e9 v <strong data-start=\"561\" data-end=\"617\">\u00a7 55 z\u00e1kona \u010d. 190\/2003 Z. z. o zbraniach a strelive<\/strong><\/li>\n<li data-start=\"622\" data-end=\"692\">certifikovan\u00e1 v <strong data-start=\"638\" data-end=\"665\">bezpe\u010dnostnej triede S1<\/strong> pod\u013ea normy <strong data-start=\"678\" data-end=\"690\">EN 14450<\/strong><\/li>\n<li data-start=\"695\" data-end=\"745\">minim\u00e1lne <strong data-start=\"705\" data-end=\"714\">15 RU<\/strong> pod\u013ea <strong data-start=\"721\" data-end=\"743\">\u010cSN EN 1143-1:2013<\/strong><\/li>\n<li data-start=\"748\" data-end=\"798\">z\u00e1mok <strong data-start=\"754\" data-end=\"766\">triedy A<\/strong> pod\u013ea <strong data-start=\"773\" data-end=\"796\">\u010cSN EN 1300+A1:2012<\/strong><\/li>\n<li data-start=\"801\" data-end=\"847\">vhodn\u00e1 na z\u00e1konn\u00e9 ulo\u017eenie zbran\u00ed a streliva<\/li>\n<\/ul>\n<hr data-start=\"849\" data-end=\"852\" \/>\n<h3 data-start=\"854\" data-end=\"894\">\u2699\ufe0f Kon\u0161trukcia a technick\u00e9 prevedenie<\/h3>\n<ul>\n<li data-start=\"898\" data-end=\"977\"><strong data-start=\"898\" data-end=\"927\">jednopl\u00e1\u0161\u0165ov\u00e1 kon\u0161trukcia<\/strong> z kvalitn\u00e9ho oce\u013eov\u00e9ho plechu hr\u00fabky <strong data-start=\"965\" data-end=\"975\">2,5 mm<\/strong><\/li>\n<li data-start=\"980\" data-end=\"1041\"><strong data-start=\"980\" data-end=\"1002\">dvojpl\u00e1\u0161\u0165ov\u00e9 dvere<\/strong> z oce\u013eov\u00e9ho plechu hr\u00fabky <strong data-start=\"1029\" data-end=\"1039\">2,5 mm<\/strong><\/li>\n<li data-start=\"1044\" data-end=\"1088\">zosilnen\u00e1 kon\u0161trukcia dver\u00ed proti vl\u00e1maniu<\/li>\n<li data-start=\"1091\" data-end=\"1142\"><strong data-start=\"1091\" data-end=\"1140\">trojstrann\u00fd \u0161tvorbodov\u00fd rozvorov\u00fd mechanizmus<\/strong><\/li>\n<li data-start=\"1145\" data-end=\"1186\">siln\u00e9 oce\u013eov\u00e9 z\u00e1vorov\u00e9 \u010dapy \u00d8 <strong data-start=\"1175\" data-end=\"1184\">22 mm<\/strong><\/li>\n<li data-start=\"1189\" data-end=\"1236\">maxim\u00e1lna d\u013a\u017eka ulo\u017een\u00fdch zbran\u00ed: <strong data-start=\"1223\" data-end=\"1234\">1250 mm<\/strong><\/li>\n<\/ul>\n<hr data-start=\"1238\" data-end=\"1241\" \/>\n<h3 data-start=\"1243\" data-end=\"1259\">\ud83d\udd11 Uzamykanie<\/h3>\n<ul>\n<li data-start=\"1263\" data-end=\"1328\"><strong data-start=\"1263\" data-end=\"1315\">trezorov\u00fd mechanick\u00fd bezpe\u010dnostn\u00fd z\u00e1mok triedy A<\/strong> (\u0161tandard)<\/li>\n<li data-start=\"1331\" data-end=\"1361\"><strong data-start=\"1331\" data-end=\"1360\">volite\u013en\u00e9 opcie zamykania<\/strong>:\n<ul>\n<li data-start=\"1366\" data-end=\"1392\">mechanick\u00fd z\u00e1mok na k\u013e\u00fa\u010d<\/li>\n<li data-start=\"1397\" data-end=\"1417\">elektronick\u00fd z\u00e1mok<\/li>\n<li data-start=\"1422\" data-end=\"1456\">oto\u010dn\u00fd k\u00f3dov\u00fd (kombina\u010dn\u00fd) z\u00e1mok<\/li>\n<\/ul>\n<\/li>\n<\/ul>\n<hr data-start=\"1458\" data-end=\"1461\" \/>\n<h3 data-start=\"1463\" data-end=\"1487\">\ud83d\udce6 Vn\u00fatorn\u00e9 vybavenie<\/h3>\n<ul>\n<li data-start=\"1491\" data-end=\"1535\"><strong data-start=\"1491\" data-end=\"1535\">zvl\u00e1\u0161\u0165 uzamykate\u013en\u00e1 schr\u00e1nka na strelivo<\/strong>\n<ul>\n<li data-start=\"1540\" data-end=\"1597\">rozmery: <strong data-start=\"1549\" data-end=\"1571\">185 \u00d7 220 \u00d7 400 mm<\/strong> (v\u00fd\u0161ka \u00d7 h\u013abka \u00d7 \u0161\u00edrka)<\/li>\n<li data-start=\"1602\" data-end=\"1643\">otvor: <strong data-start=\"1609\" data-end=\"1625\">120 \u00d7 280 mm<\/strong> (v\u00fd\u0161ka \u00d7 \u0161\u00edrka)<\/li>\n<\/ul>\n<\/li>\n<li data-start=\"1646\" data-end=\"1684\">molyt\u00e1nov\u00e1 vlo\u017eka pre ochranu zbran\u00ed<\/li>\n<li data-start=\"1687\" data-end=\"1743\">molyt\u00e1nov\u00e1 opierka pre stabiln\u00e9 ulo\u017eenie dlh\u00fdch zbran\u00ed<\/li>\n<li data-start=\"1746\" data-end=\"1812\">dr\u017eiaky na \u010distiace n\u00e1radie umiestnen\u00e9 na vn\u00fatornej strane dver\u00ed<\/li>\n<\/ul>\n<hr data-start=\"1814\" data-end=\"1817\" \/>\n<h3 data-start=\"1819\" data-end=\"1833\">\ud83e\uddf1 Kotvenie<\/h3>\n<ul>\n<li data-start=\"1837\" data-end=\"1878\">skri\u0148a je <strong data-start=\"1847\" data-end=\"1876\">prisp\u00f4soben\u00e1 na ukotvenie<\/strong><\/li>\n<li data-start=\"1881\" data-end=\"1920\">kotviaci materi\u00e1l je s\u00fa\u010das\u0165ou balenia<\/li>\n<\/ul>\n<hr data-start=\"1922\" data-end=\"1925\" \/>\n<h3 data-start=\"1927\" data-end=\"1958\">\ud83c\udfa8 Povrchov\u00e1 \u00faprava a dizajn<\/h3>\n<ul>\n<li data-start=\"1962\" data-end=\"2037\"><strong data-start=\"1962\" data-end=\"1985\">polyuret\u00e1nov\u00e1 farba<\/strong> s vysokou odolnos\u0165ou vo\u010di mechanick\u00e9mu po\u0161kodeniu<\/li>\n<li data-start=\"2040\" data-end=\"2075\">z\u00e1kladn\u00e1 farba: <strong data-start=\"2056\" data-end=\"2073\">siv\u00e1 RAL 7024<\/strong><\/li>\n<\/ul>\n<hr data-start=\"2077\" data-end=\"2080\" \/>\n<h3 data-start=\"2082\" data-end=\"2095\">\ud83c\udfed V\u00fdrobca<\/h3>\n<ul>\n<li data-start=\"2099\" data-end=\"2151\"><strong data-start=\"2099\" data-end=\"2111\">v\u00fdrobca:<\/strong> <span class=\"hover:entity-accent entity-underline inline cursor-pointer align-baseline\"><span class=\"whitespace-normal\">Trezor-Liktor Zrt.<\/span><\/span><\/li>\n<li data-start=\"2154\" data-end=\"2180\">krajina p\u00f4vodu: Ma\u010farsko<\/li>\n<\/ul>\n<hr data-start=\"2182\" data-end=\"2185\" \/>\n<h3 data-start=\"2187\" data-end=\"2231\">\u2714\ufe0f Pre\u010do si vybra\u0165 t\u00fato skri\u0148u na zbrane?<\/h3>\n<ul>\n<li data-start=\"2235\" data-end=\"2271\">certifik\u00e1cia <strong data-start=\"2248\" data-end=\"2269\">S1 pod\u013ea EN 14450<\/strong><\/li>\n<li data-start=\"2274\" data-end=\"2319\">z\u00e1konn\u00e1 zhoda pod\u013ea \u00a7 55 z\u00e1kona o zbraniach<\/li>\n<li data-start=\"2322\" data-end=\"2363\">pevn\u00e1 oce\u013eov\u00e1 kon\u0161trukcia hr\u00fabky 2,5 mm<\/li>\n<li data-start=\"2366\" data-end=\"2412\">samostatne uzamykate\u013en\u00e1 schr\u00e1nka na strelivo<\/li>\n<li data-start=\"2415\" data-end=\"2449\">viacbodov\u00e9 trojstrann\u00e9 zamykanie<\/li>\n<li data-start=\"2452\" data-end=\"2479\">mo\u017enos\u0165 v\u00fdberu typu z\u00e1mku<\/li>\n<li data-start=\"2482\" data-end=\"2508\">kvalitn\u00e1 ma\u010farsk\u00e1 v\u00fdroba<\/li>\n<\/ul>\n<\/div>\n<\/div>\n<\/div>\n<\/div>\n<\/div>\n<\/div>\n<\/div>\n<\/div>\n<\/div>\n<\/div>\n<\/div>\n","protected":false},"excerpt":{"rendered":"<p>Skri\u0148a na 7 dlh\u00fdch zbran\u00ed \u2013 certifikovan\u00e1 S1 + uzamykate\u013en\u00e1 schr\u00e1nka<\/p>\n","protected":false},"featured_media":12588,"comment_status":"open","ping_status":"closed","template":"","meta":{"_monsterinsights_skip_tracking":false,"_monsterinsights_sitenote_active":false,"_monsterinsights_sitenote_note":"","_monsterinsights_sitenote_category":0},"product_brand":[318],"product_cat":[82,84],"product_tag":[542],"class_list":{"0":"post-12572","1":"product","2":"type-product","3":"status-publish","4":"has-post-thumbnail","6":"product_brand-trezor-liktor","7":"product_cat-skrine-na-dlhe-zbrane","8":"product_cat-trezory-na-dlhe-zbrane","9":"product_tag-diana","10":"product_shipping_class-od-401-kg-do-70kg","11":"pa_bezpecnostna-trieda-15-ru-norma-en-1143-1","12":"pa_bezpecnostna-trieda-bezpecnostnej-triedy-a-v-zmysle-normy-en-1300","13":"pa_bezpecnostna-trieda-s1-podla-normy-en-14450","14":"pa_farba-ral-1015-bezova","15":"pa_farba-ral-6005-zelena","16":"pa_farba-ral-7024-seda","17":"pa_farba-ral-8014-hneda","18":"pa_farba-ral-9005-cierna","19":"pa_material-ocel","20":"pa_miesto-instalacie-volne-stojace","21":"pa_typ-zamku-elektronicky-zamok","22":"pa_typ-zamku-mechanicky-zamok","23":"pa_typ-zamku-otocny-kombinacny-zamok","24":"pa_vnutorna-hlbka-612","25":"pa_vnutorna-sirka-613","26":"pa_vnutorna-vyska-571","27":"pa_vnutorny-objem-537","28":"pa_vonkajsia-hlbka-610","29":"pa_vonkajsia-sirka-614","30":"pa_vonkajsia-vyska-615","31":"ts_product_brand-trezor-liktor","33":"first","34":"instock","35":"featured","36":"taxable","37":"shipping-taxable","38":"purchasable","39":"product-type-variable","40":"has-default-attributes"},"aioseo_notices":[],"jetpack_sharing_enabled":true,"_links":{"self":[{"href":"https:\/\/www.lltrezor.sk\/shop\/wp-json\/wp\/v2\/product\/12572","targetHints":{"allow":["GET"]}}],"collection":[{"href":"https:\/\/www.lltrezor.sk\/shop\/wp-json\/wp\/v2\/product"}],"about":[{"href":"https:\/\/www.lltrezor.sk\/shop\/wp-json\/wp\/v2\/types\/product"}],"replies":[{"embeddable":true,"href":"https:\/\/www.lltrezor.sk\/shop\/wp-json\/wp\/v2\/comments?post=12572"}],"wp:featuredmedia":[{"embeddable":true,"href":"https:\/\/www.lltrezor.sk\/shop\/wp-json\/wp\/v2\/media\/12588"}],"wp:attachment":[{"href":"https:\/\/www.lltrezor.sk\/shop\/wp-json\/wp\/v2\/media?parent=12572"}],"wp:term":[{"taxonomy":"product_brand","embeddable":true,"href":"https:\/\/www.lltrezor.sk\/shop\/wp-json\/wp\/v2\/product_brand?post=12572"},{"taxonomy":"product_cat","embeddable":true,"href":"https:\/\/www.lltrezor.sk\/shop\/wp-json\/wp\/v2\/product_cat?post=12572"},{"taxonomy":"product_tag","embeddable":true,"href":"https:\/\/www.lltrezor.sk\/shop\/wp-json\/wp\/v2\/product_tag?post=12572"}],"curies":[{"name":"wp","href":"https:\/\/api.w.org\/{rel}","templated":true}]}}