{"id":12422,"date":"2025-09-06T17:22:02","date_gmt":"2025-09-06T15:22:02","guid":{"rendered":"https:\/\/www.lltrezor.sk\/shop\/?post_type=product&#038;p=12422"},"modified":"2026-02-19T18:36:39","modified_gmt":"2026-02-19T17:36:39","slug":"diana-7-standard","status":"publish","type":"product","link":"https:\/\/www.lltrezor.sk\/shop\/product\/diana-7-standard\/","title":{"rendered":"DIANA 7 STANDARD"},"content":{"rendered":"<div class=\"product-sdesc\">\n<div class=\"product-sdesc\">\n<div class=\"product-sdesc\">\n<div class=\"product-sdesc\">\n<div class=\"product-sdesc\">\n<div class=\"product-sdesc\">\n<div class=\"product-sdesc\">\n<div class=\"product-sdesc\">\n<div class=\"product-sdesc\">\n<p data-start=\"280\" data-end=\"626\">Bezpe\u010dnostn\u00e1 skri\u0148a ur\u010den\u00e1 na <strong data-start=\"310\" data-end=\"344\">ulo\u017eenie a\u017e 7 ks dlh\u00fdch zbran\u00ed<\/strong> predstavuje praktick\u00e9 a z\u00e1konne vyhovuj\u00face rie\u0161enie pre po\u013eovn\u00edkov, \u0161portov\u00fdch strelcov aj s\u00fakromn\u00fdch dr\u017eite\u013eov zbran\u00ed. Kon\u0161trukcia umo\u017e\u0148uje ulo\u017eenie aj <strong data-start=\"498\" data-end=\"545\">zbran\u00ed s pu\u0161koh\u013eadom a mont\u00e1\u017eou s podh\u013eadom<\/strong>, pri\u010dom samostatn\u00e1 uzamykate\u013en\u00e1 schr\u00e1nka zabezpe\u010duje oddelen\u00e9 ulo\u017eenie streliva.<\/p>\n<p data-start=\"628\" data-end=\"764\">Skri\u0148a <strong data-start=\"635\" data-end=\"721\">sp\u013a\u0148a podmienky ustanoven\u00e9 v \u00a7 55 z\u00e1kona \u010d. 190\/2003 Zb. z. o zbraniach a strelive<\/strong>, \u010d\u00edm je vhodn\u00e1 na leg\u00e1lne dom\u00e1ce pou\u017eitie.<\/p>\n<hr data-start=\"766\" data-end=\"769\" \/>\n<h3 data-start=\"771\" data-end=\"789\">\u2705 Z\u00e1konn\u00e1 zhoda<\/h3>\n<ul>\n<li data-start=\"793\" data-end=\"863\">Pln\u00e1 zhoda s <strong data-start=\"806\" data-end=\"863\">\u00a7 55 z\u00e1kona \u010d. 190\/2003 Zb. z. o zbraniach a strelive<\/strong><\/li>\n<li data-start=\"866\" data-end=\"918\">Ur\u010den\u00e1 na bezpe\u010dn\u00e9 ulo\u017eenie dlh\u00fdch zbran\u00ed a streliva<\/li>\n<\/ul>\n<hr data-start=\"920\" data-end=\"923\" \/>\n<h3 data-start=\"925\" data-end=\"952\">\ud83e\uddf1 Kon\u0161trukcia a ochrana<\/h3>\n<ul>\n<li data-start=\"956\" data-end=\"1020\"><strong data-start=\"956\" data-end=\"985\">Jednopl\u00e1\u0161\u0165ov\u00e1 kon\u0161trukcia<\/strong> z oce\u013eov\u00e9ho plechu hr\u00fabky <strong data-start=\"1012\" data-end=\"1020\">2 mm<\/strong><\/li>\n<li data-start=\"1023\" data-end=\"1085\"><strong data-start=\"1023\" data-end=\"1055\">Dvojpl\u00e1\u0161\u0165ov\u00e9 zosilnen\u00e9 dvere<\/strong> s kon\u0161trukciou proti vl\u00e1maniu<\/li>\n<li data-start=\"1088\" data-end=\"1135\"><strong data-start=\"1088\" data-end=\"1135\">Trojstrann\u00fd p\u00e4\u0165bodov\u00fd rozvorov\u00fd mechanizmus<\/strong><\/li>\n<li data-start=\"1138\" data-end=\"1171\">Mas\u00edvne z\u00e1vorov\u00e9 \u010dapy \u00d8 <strong data-start=\"1162\" data-end=\"1171\">22 mm<\/strong><\/li>\n<li data-start=\"1174\" data-end=\"1216\">Vysok\u00e1 mechanick\u00e1 odolnos\u0165 proti vyp\u00e1\u010deniu<\/li>\n<\/ul>\n<hr data-start=\"1218\" data-end=\"1221\" \/>\n<h3 data-start=\"1223\" data-end=\"1246\">\ud83d\udd12 Syst\u00e9m uzamykania<\/h3>\n<ul>\n<li data-start=\"1250\" data-end=\"1313\"><strong data-start=\"1250\" data-end=\"1286\">Trezorov\u00fd mechanick\u00fd z\u00e1mok MAUER<\/strong>, bezpe\u010dnostn\u00e1 trieda <strong data-start=\"1308\" data-end=\"1313\">A<\/strong><\/li>\n<li data-start=\"1316\" data-end=\"1373\"><strong data-start=\"1316\" data-end=\"1346\">Elektronick\u00fd z\u00e1mok LA-GARD<\/strong>, bezpe\u010dnostn\u00e1 trieda <strong data-start=\"1368\" data-end=\"1373\">A<\/strong><\/li>\n<li data-start=\"1376\" data-end=\"1437\">Samostatn\u00e9 uzamykanie hlavn\u00e9ho priestoru a vn\u00fatornej schr\u00e1nky<\/li>\n<\/ul>\n<hr data-start=\"1439\" data-end=\"1442\" \/>\n<h3 data-start=\"1444\" data-end=\"1479\">\ud83d\udd2b Kapacita a vn\u00fatorn\u00e9 vybavenie<\/h3>\n<ul>\n<li data-start=\"1483\" data-end=\"1515\">Kapacita: <strong data-start=\"1493\" data-end=\"1515\">7 ks dlh\u00fdch zbran\u00ed<\/strong><\/li>\n<li data-start=\"1518\" data-end=\"1553\">Maxim\u00e1lna d\u013a\u017eka zbran\u00ed: <strong data-start=\"1542\" data-end=\"1553\">1300 mm<\/strong><\/li>\n<li data-start=\"1556\" data-end=\"1607\">Dostato\u010dn\u00fd priestor aj pre <strong data-start=\"1583\" data-end=\"1607\">zbrane s pu\u0161koh\u013eadom<\/strong><\/li>\n<li data-start=\"1610\" data-end=\"1658\"><strong data-start=\"1610\" data-end=\"1658\">Samostatne uzamykate\u013en\u00e1 schr\u00e1nka na strelivo<\/strong>\n<ul>\n<li data-start=\"1663\" data-end=\"1727\">Rozmery schr\u00e1nky: <strong data-start=\"1681\" data-end=\"1703\">280 \u00d7 280 \u00d7 550 mm<\/strong> (v\u00fd\u0161ka \u00d7 h\u013abka \u00d7 \u0161\u00edrka)<\/li>\n<li data-start=\"1732\" data-end=\"1779\">Otvor dvierok: <strong data-start=\"1747\" data-end=\"1763\">180 \u00d7 310 mm<\/strong> (v\u00fd\u0161ka \u00d7 \u0161\u00edrka)<\/li>\n<\/ul>\n<\/li>\n<li data-start=\"1782\" data-end=\"1828\"><strong data-start=\"1782\" data-end=\"1803\">Molyt\u00e1nov\u00e1 vlo\u017eka<\/strong> \u2013 ochrana povrchu zbran\u00ed<\/li>\n<li data-start=\"1831\" data-end=\"1864\"><strong data-start=\"1831\" data-end=\"1864\">Molyt\u00e1nov\u00e1 opierka pre zbrane<\/strong><\/li>\n<li data-start=\"1867\" data-end=\"1935\">Dr\u017eiaky na <strong data-start=\"1878\" data-end=\"1909\">n\u00e1radie pre \u010distenie zbran\u00ed<\/strong> na vn\u00fatornej strane dver\u00ed<\/li>\n<\/ul>\n<hr data-start=\"1937\" data-end=\"1940\" \/>\n<h3 data-start=\"1942\" data-end=\"1970\">\ud83d\udd29 Mont\u00e1\u017e a pr\u00edslu\u0161enstvo<\/h3>\n<ul>\n<li data-start=\"1974\" data-end=\"1999\">Pr\u00edprava na <strong data-start=\"1986\" data-end=\"1999\">ukotvenie<\/strong><\/li>\n<li data-start=\"2002\" data-end=\"2043\"><strong data-start=\"2002\" data-end=\"2043\">Kotviaci materi\u00e1l je s\u00fa\u010das\u0165ou balenia<\/strong><\/li>\n<li data-start=\"2046\" data-end=\"2101\"><strong data-start=\"2046\" data-end=\"2080\">2 ks k\u013e\u00fa\u010dov s poradov\u00fdm \u010d\u00edslom<\/strong> k vn\u00fatornej schr\u00e1nke<\/li>\n<li data-start=\"2104\" data-end=\"2131\"><strong data-start=\"2104\" data-end=\"2131\">2 ks trezorov\u00fdch k\u013e\u00fa\u010dov<\/strong><\/li>\n<\/ul>\n<hr data-start=\"2133\" data-end=\"2136\" \/>\n<h3 data-start=\"2138\" data-end=\"2169\">\ud83c\udfa8 Povrchov\u00e1 \u00faprava a dizajn<\/h3>\n<ul>\n<li data-start=\"2173\" data-end=\"2264\">Povrchov\u00e1 \u00faprava: <strong data-start=\"2191\" data-end=\"2214\">polyuret\u00e1nov\u00e1 farba<\/strong> s vysokou odolnos\u0165ou vo\u010di mechanick\u00e9mu po\u0161kodeniu<\/li>\n<li data-start=\"2267\" data-end=\"2302\">Z\u00e1kladn\u00e1 farba: <strong data-start=\"2283\" data-end=\"2302\">zelen\u00e1 RAL 6005<\/strong><\/li>\n<li data-start=\"2305\" data-end=\"2355\">Ostatn\u00e9 farby: na objedn\u00e1vku s <strong data-start=\"2336\" data-end=\"2355\">10 % pr\u00edplatkom<\/strong><\/li>\n<\/ul>\n<hr data-start=\"2357\" data-end=\"2360\" \/>\n<h3 data-start=\"2362\" data-end=\"2375\">\ud83c\udfed V\u00fdrobca<\/h3>\n<ul>\n<li data-start=\"2379\" data-end=\"2429\">V\u00fdrobca: <strong data-start=\"2388\" data-end=\"2429\"><span class=\"hover:entity-accent entity-underline inline cursor-pointer align-baseline\"><span class=\"whitespace-normal\">Trezor-Liktor Zrt.<\/span><\/span><\/strong><\/li>\n<li data-start=\"2432\" data-end=\"2460\">Krajina p\u00f4vodu: <strong data-start=\"2448\" data-end=\"2460\">Ma\u010farsko<\/strong><\/li>\n<\/ul>\n<hr data-start=\"2462\" data-end=\"2465\" \/>\n<h3 data-start=\"2467\" data-end=\"2501\">\u2b50 Pre\u010do si vybra\u0165 t\u00fato skri\u0148u?<\/h3>\n<p data-start=\"2503\" data-end=\"2740\">\u2714 z\u00e1konn\u00e1 zhoda pre dr\u017eite\u013eov zbran\u00ed<br data-start=\"2539\" data-end=\"2542\" \/>\u2714 kombin\u00e1cia mechanick\u00e9ho a elektronick\u00e9ho z\u00e1mku<br data-start=\"2590\" data-end=\"2593\" \/>\u2714 oddelen\u00e1 uzamykate\u013en\u00e1 schr\u00e1nka na strelivo<br data-start=\"2637\" data-end=\"2640\" \/>\u2714 priestor aj pre zbrane s optikou<br data-start=\"2674\" data-end=\"2677\" \/>\u2714 robustn\u00e1 oce\u013eov\u00e1 kon\u0161trukcia za v\u00fdborn\u00fd pomer ceny a v\u00fdkonu<\/p>\n<\/div>\n<\/div>\n<\/div>\n<\/div>\n<\/div>\n<\/div>\n<\/div>\n<\/div>\n<\/div>\n","protected":false},"excerpt":{"rendered":"<p>Skri\u0148a na zbrane \u2013 pre 7 dlh\u00fdch zbran\u00ed so samostatnou schr\u00e1nkou<\/p>\n","protected":false},"featured_media":12430,"comment_status":"open","ping_status":"closed","template":"","meta":{"_monsterinsights_skip_tracking":false,"_monsterinsights_sitenote_active":false,"_monsterinsights_sitenote_note":"","_monsterinsights_sitenote_category":0},"product_brand":[318],"product_cat":[82],"product_tag":[542],"class_list":{"0":"post-12422","1":"product","2":"type-product","3":"status-publish","4":"has-post-thumbnail","6":"product_brand-trezor-liktor","7":"product_cat-skrine-na-dlhe-zbrane","8":"product_tag-diana","9":"product_shipping_class-od-701-kg-do-100kg","10":"pa_bezpecnostna-trieda-bezpecnostnej-triedy-a-v-zmysle-normy-en-1300","11":"pa_farba-ral-1015-bezova","12":"pa_farba-ral-6005-zelena","13":"pa_farba-ral-8014-hneda","14":"pa_farba-ral-9005-cierna","15":"pa_material-ocel","16":"pa_miesto-instalacie-volne-stojace","17":"pa_typ-zamku-elektronicky-zamok","18":"pa_typ-zamku-mechanicky-zamok","19":"pa_typ-zamku-otocny-kombinacny-zamok","20":"pa_vnutorna-hlbka-591","21":"pa_vnutorna-sirka-588","22":"pa_vnutorna-vyska-567","23":"pa_vnutorny-objem-537","24":"pa_vonkajsia-hlbka-548","25":"pa_vonkajsia-sirka-589","26":"pa_vonkajsia-vyska-546","27":"ts_product_brand-trezor-liktor","29":"first","30":"instock","31":"featured","32":"taxable","33":"shipping-taxable","34":"purchasable","35":"product-type-variable","36":"has-default-attributes"},"aioseo_notices":[],"jetpack_sharing_enabled":true,"_links":{"self":[{"href":"https:\/\/www.lltrezor.sk\/shop\/wp-json\/wp\/v2\/product\/12422","targetHints":{"allow":["GET"]}}],"collection":[{"href":"https:\/\/www.lltrezor.sk\/shop\/wp-json\/wp\/v2\/product"}],"about":[{"href":"https:\/\/www.lltrezor.sk\/shop\/wp-json\/wp\/v2\/types\/product"}],"replies":[{"embeddable":true,"href":"https:\/\/www.lltrezor.sk\/shop\/wp-json\/wp\/v2\/comments?post=12422"}],"wp:featuredmedia":[{"embeddable":true,"href":"https:\/\/www.lltrezor.sk\/shop\/wp-json\/wp\/v2\/media\/12430"}],"wp:attachment":[{"href":"https:\/\/www.lltrezor.sk\/shop\/wp-json\/wp\/v2\/media?parent=12422"}],"wp:term":[{"taxonomy":"product_brand","embeddable":true,"href":"https:\/\/www.lltrezor.sk\/shop\/wp-json\/wp\/v2\/product_brand?post=12422"},{"taxonomy":"product_cat","embeddable":true,"href":"https:\/\/www.lltrezor.sk\/shop\/wp-json\/wp\/v2\/product_cat?post=12422"},{"taxonomy":"product_tag","embeddable":true,"href":"https:\/\/www.lltrezor.sk\/shop\/wp-json\/wp\/v2\/product_tag?post=12422"}],"curies":[{"name":"wp","href":"https:\/\/api.w.org\/{rel}","templated":true}]}}