{"id":12394,"date":"2025-09-06T17:13:39","date_gmt":"2025-09-06T15:13:39","guid":{"rendered":"https:\/\/www.lltrezor.sk\/shop\/?post_type=product&#038;p=12394"},"modified":"2026-04-02T10:31:04","modified_gmt":"2026-04-02T08:31:04","slug":"diana-7-queen-b","status":"publish","type":"product","link":"https:\/\/www.lltrezor.sk\/shop\/product\/diana-7-queen-b\/","title":{"rendered":"DIANA 7 QUEEN B"},"content":{"rendered":"<div class=\"product-sdesc\">\n<div class=\"product-sdesc\">\n<div class=\"product-sdesc\">\n<div class=\"product-sdesc\">\n<div class=\"product-sdesc\">\n<div class=\"product-sdesc\">\n<div class=\"product-sdesc\">\n<div class=\"product-sdesc\">\n<div class=\"product-sdesc\">\n<div class=\"product-sdesc\">\n<div class=\"product-sdesc\">\n<p data-start=\"277\" data-end=\"619\">T\u00e1to <strong data-start=\"282\" data-end=\"363\">certifikovan\u00e1 skri\u0148a na zbrane v bezpe\u010dnostnej triede S1 pod\u013ea normy EN 14450<\/strong> je ur\u010den\u00e1 na bezpe\u010dn\u00e9 ulo\u017eenie <strong data-start=\"395\" data-end=\"417\">7 ks dlh\u00fdch zbran\u00ed<\/strong> spolu so strelivom. Sp\u013a\u0148a v\u0161etky z\u00e1konn\u00e9 po\u017eiadavky <strong data-start=\"470\" data-end=\"527\">\u00a7 55 z\u00e1kona \u010d. 190\/2003 Zb. z. o zbraniach a strelive<\/strong>, v\u010faka \u010domu je vhodn\u00e1 pre civiln\u00fdch dr\u017eite\u013eov zbran\u00ed, po\u013eovn\u00edkov aj profesion\u00e1lne pou\u017eitie.<\/p>\n<p data-start=\"621\" data-end=\"777\">Mas\u00edvna <strong data-start=\"629\" data-end=\"665\">dvojpl\u00e1\u0161\u0165ov\u00e1 oce\u013eov\u00e1 kon\u0161trukcia<\/strong>, certifikovan\u00e9 z\u00e1mky triedy A a p\u00e4\u0165bodov\u00fd rozvorov\u00fd mechanizmus poskytuj\u00fa nad\u0161tandardn\u00fa ochranu proti vl\u00e1maniu.<\/p>\n<hr data-start=\"779\" data-end=\"782\" \/>\n<h3 data-start=\"784\" data-end=\"817\">\u2705 Z\u00e1konn\u00e1 zhoda a certifik\u00e1cia<\/h3>\n<ul>\n<li data-start=\"821\" data-end=\"862\"><strong data-start=\"821\" data-end=\"862\">Bezpe\u010dnostn\u00e1 trieda S1 pod\u013ea EN 14450<\/strong><\/li>\n<li data-start=\"865\" data-end=\"909\">Minim\u00e1lne <strong data-start=\"875\" data-end=\"909\">15 RU pod\u013ea \u010cSN EN 1143-1:2013<\/strong><\/li>\n<li data-start=\"912\" data-end=\"956\">Z\u00e1mok <strong data-start=\"918\" data-end=\"956\">triedy A pod\u013ea \u010cSN EN 1300+A1:2012<\/strong><\/li>\n<li data-start=\"959\" data-end=\"1006\">Pln\u00e1 zhoda s <strong data-start=\"972\" data-end=\"1006\">\u00a7 55 z\u00e1kona \u010d. 190\/2003 Zb. z.<\/strong><\/li>\n<\/ul>\n<hr data-start=\"1008\" data-end=\"1011\" \/>\n<h3 data-start=\"1013\" data-end=\"1043\">\ud83e\uddf1 Kon\u0161trukcia a bezpe\u010dnos\u0165<\/h3>\n<ul>\n<li data-start=\"1047\" data-end=\"1110\"><strong data-start=\"1047\" data-end=\"1075\">Dvojpl\u00e1\u0161\u0165ov\u00e1 kon\u0161trukcia<\/strong> z oce\u013eov\u00e9ho plechu hr\u00fabky <strong data-start=\"1102\" data-end=\"1110\">3 mm<\/strong><\/li>\n<li data-start=\"1113\" data-end=\"1175\"><strong data-start=\"1113\" data-end=\"1145\">Dvojpl\u00e1\u0161\u0165ov\u00e9 zosilnen\u00e9 dvere<\/strong> s kon\u0161trukciou proti vl\u00e1maniu<\/li>\n<li data-start=\"1178\" data-end=\"1225\"><strong data-start=\"1178\" data-end=\"1225\">Trojstrann\u00fd p\u00e4\u0165bodov\u00fd rozvorov\u00fd mechanizmus<\/strong><\/li>\n<li data-start=\"1228\" data-end=\"1261\">Mas\u00edvne z\u00e1vorov\u00e9 \u010dapy \u00d8 <strong data-start=\"1252\" data-end=\"1261\">22 mm<\/strong><\/li>\n<li data-start=\"1264\" data-end=\"1327\"><strong data-start=\"1264\" data-end=\"1300\">Trezorov\u00fd mechanick\u00fd z\u00e1mok MAUER<\/strong>, bezpe\u010dnostn\u00e1 trieda <strong data-start=\"1322\" data-end=\"1327\">A<\/strong><\/li>\n<li data-start=\"1330\" data-end=\"1387\"><strong data-start=\"1330\" data-end=\"1360\">Elektronick\u00fd z\u00e1mok LA-GARD<\/strong>, bezpe\u010dnostn\u00e1 trieda <strong data-start=\"1382\" data-end=\"1387\">A<\/strong><\/li>\n<\/ul>\n<hr data-start=\"1389\" data-end=\"1392\" \/>\n<h3 data-start=\"1394\" data-end=\"1429\">\ud83d\udd2b Kapacita a vn\u00fatorn\u00e9 vybavenie<\/h3>\n<ul>\n<li data-start=\"1433\" data-end=\"1465\">Kapacita: <strong data-start=\"1443\" data-end=\"1465\">7 ks dlh\u00fdch zbran\u00ed<\/strong><\/li>\n<li data-start=\"1468\" data-end=\"1549\">Dostato\u010dn\u00fd priestor aj pre zbrane s <strong data-start=\"1504\" data-end=\"1549\">v\u00e4\u010d\u0161\u00edm pu\u0161koh\u013eadom a mont\u00e1\u017eou s podh\u013eadom<\/strong><\/li>\n<li data-start=\"1552\" data-end=\"1600\"><strong data-start=\"1552\" data-end=\"1600\">Samostatne uzamykate\u013en\u00e1 schr\u00e1nka na strelivo<\/strong><\/li>\n<li data-start=\"1603\" data-end=\"1649\"><strong data-start=\"1603\" data-end=\"1624\">Molyt\u00e1nov\u00e1 vlo\u017eka<\/strong> \u2013 ochrana povrchu zbran\u00ed<\/li>\n<li data-start=\"1652\" data-end=\"1685\"><strong data-start=\"1652\" data-end=\"1685\">Molyt\u00e1nov\u00e1 opierka pre zbrane<\/strong><\/li>\n<li data-start=\"1688\" data-end=\"1756\">Dr\u017eiaky na <strong data-start=\"1699\" data-end=\"1730\">n\u00e1radie pre \u010distenie zbran\u00ed<\/strong> na vn\u00fatornej strane dver\u00ed<\/li>\n<\/ul>\n<hr data-start=\"1758\" data-end=\"1761\" \/>\n<h3 data-start=\"1763\" data-end=\"1791\">\ud83d\udd29 Mont\u00e1\u017e a pr\u00edslu\u0161enstvo<\/h3>\n<ul>\n<li data-start=\"1795\" data-end=\"1843\">Pr\u00edprava na <strong data-start=\"1807\" data-end=\"1843\">ukotvenie do podlahy alebo steny<\/strong><\/li>\n<li data-start=\"1846\" data-end=\"1887\"><strong data-start=\"1846\" data-end=\"1887\">Kotviaci materi\u00e1l je s\u00fa\u010das\u0165ou balenia<\/strong><\/li>\n<li data-start=\"1890\" data-end=\"1945\"><strong data-start=\"1890\" data-end=\"1924\">2 ks k\u013e\u00fa\u010dov s poradov\u00fdm \u010d\u00edslom<\/strong> k vn\u00fatornej schr\u00e1nke<\/li>\n<li data-start=\"1948\" data-end=\"1986\"><strong data-start=\"1948\" data-end=\"1986\">2 ks bezpe\u010dnostn\u00e9 mot\u00fdlikov\u00e9 k\u013e\u00fa\u010de<\/strong><\/li>\n<\/ul>\n<hr data-start=\"1988\" data-end=\"1991\" \/>\n<h3 data-start=\"1993\" data-end=\"2014\">\ud83c\udfa8 Technick\u00e9 \u00fadaje<\/h3>\n<ul>\n<li data-start=\"2018\" data-end=\"2095\">Povrchov\u00e1 \u00faprava: <strong data-start=\"2036\" data-end=\"2095\">polyuret\u00e1nov\u00e1 farba odoln\u00e1 vo\u010di mechanick\u00e9mu po\u0161kodeniu<\/strong><\/li>\n<li data-start=\"2098\" data-end=\"2204\">Z\u00e1kladn\u00e1 farba: <strong data-start=\"2114\" data-end=\"2133\">zelen\u00e1 RAL 6005<\/strong><br data-start=\"2133\" data-end=\"2136\" \/><em data-start=\"2138\" data-end=\"2204\">(ostatn\u00e9 farby pod\u013ea RAL palety na objedn\u00e1vku s 10 % pr\u00edplatkom)<\/em><\/li>\n<li data-start=\"2207\" data-end=\"2242\">Maxim\u00e1lna d\u013a\u017eka zbran\u00ed: <strong data-start=\"2231\" data-end=\"2242\">1310 mm<\/strong><\/li>\n<li data-start=\"2245\" data-end=\"2305\">V\u00fdrobca: <strong data-start=\"2254\" data-end=\"2295\"><span class=\"hover:entity-accent entity-underline inline cursor-pointer align-baseline\"><span class=\"whitespace-normal\">Trezor-Liktor Zrt.<\/span><\/span><\/strong>, Ma\u010farsko<\/li>\n<\/ul>\n<hr data-start=\"2307\" data-end=\"2310\" \/>\n<h3 data-start=\"2312\" data-end=\"2346\">\u2b50 Pre\u010do si vybra\u0165 tento model?<\/h3>\n<p data-start=\"2348\" data-end=\"2578\">\u2714 certifikovan\u00e1 bezpe\u010dnostn\u00e1 trieda <strong data-start=\"2384\" data-end=\"2390\">S2<\/strong><br data-start=\"2390\" data-end=\"2393\" \/>\u2714 vy\u0161\u0161ia ochrana oproti triede S1<br data-start=\"2426\" data-end=\"2429\" \/>\u2714 pln\u00e1 z\u00e1konn\u00e1 zhoda pre dr\u017eite\u013eov zbran\u00ed<br data-start=\"2470\" data-end=\"2473\" \/>\u2714 kombin\u00e1cia mechanick\u00e9ho a elektronick\u00e9ho z\u00e1mku<br data-start=\"2521\" data-end=\"2524\" \/>\u2714 robustn\u00e1 kon\u0161trukcia a kvalitn\u00e9 vn\u00fatorn\u00e9 vybavenie<\/p>\n<\/div>\n<\/div>\n<\/div>\n<\/div>\n<\/div>\n<\/div>\n<\/div>\n<\/div>\n<\/div>\n<\/div>\n<\/div>\n","protected":false},"excerpt":{"rendered":"<p>Certifikovan\u00e1 skri\u0148a na zbrane S1 \u2013 pre 7 dlh\u00fdch zbran\u00ed<\/p>\n","protected":false},"featured_media":12419,"comment_status":"open","ping_status":"closed","template":"","meta":{"_monsterinsights_skip_tracking":false,"_monsterinsights_sitenote_active":false,"_monsterinsights_sitenote_note":"","_monsterinsights_sitenote_category":0},"product_brand":[318],"product_cat":[82,84],"product_tag":[542],"class_list":{"0":"post-12394","1":"product","2":"type-product","3":"status-publish","4":"has-post-thumbnail","6":"product_brand-trezor-liktor","7":"product_cat-skrine-na-dlhe-zbrane","8":"product_cat-trezory-na-dlhe-zbrane","9":"product_tag-diana","10":"product_shipping_class-od-1501-kg-do-200kg","11":"pa_bezpecnostna-trieda-15-ru-norma-en-1143-1","12":"pa_bezpecnostna-trieda-bezpecnostnej-triedy-a-v-zmysle-normy-en-1300","13":"pa_bezpecnostna-trieda-s1-podla-normy-en-14450","14":"pa_farba-ral-1015-bezova","15":"pa_farba-ral-6005-zelena","16":"pa_farba-ral-8014-hneda","17":"pa_farba-ral-9005-cierna","18":"pa_material-ocel","19":"pa_miesto-instalacie-volne-stojace","20":"pa_typ-zamku-elektronicky-zamok","21":"pa_typ-zamku-mechanicky-zamok","22":"pa_typ-zamku-otocny-kombinacny-zamok","23":"pa_vnutorna-hlbka-536","24":"pa_vnutorna-sirka-586","25":"pa_vnutorna-vyska-554","26":"pa_vnutorny-objem-537","27":"pa_vonkajsia-hlbka-540","28":"pa_vonkajsia-sirka-587","29":"pa_vonkajsia-vyska-555","30":"ts_product_brand-trezor-liktor","32":"first","33":"instock","34":"taxable","35":"shipping-taxable","36":"purchasable","37":"product-type-variable","38":"has-default-attributes"},"aioseo_notices":[],"jetpack_sharing_enabled":true,"_links":{"self":[{"href":"https:\/\/www.lltrezor.sk\/shop\/wp-json\/wp\/v2\/product\/12394","targetHints":{"allow":["GET"]}}],"collection":[{"href":"https:\/\/www.lltrezor.sk\/shop\/wp-json\/wp\/v2\/product"}],"about":[{"href":"https:\/\/www.lltrezor.sk\/shop\/wp-json\/wp\/v2\/types\/product"}],"replies":[{"embeddable":true,"href":"https:\/\/www.lltrezor.sk\/shop\/wp-json\/wp\/v2\/comments?post=12394"}],"wp:featuredmedia":[{"embeddable":true,"href":"https:\/\/www.lltrezor.sk\/shop\/wp-json\/wp\/v2\/media\/12419"}],"wp:attachment":[{"href":"https:\/\/www.lltrezor.sk\/shop\/wp-json\/wp\/v2\/media?parent=12394"}],"wp:term":[{"taxonomy":"product_brand","embeddable":true,"href":"https:\/\/www.lltrezor.sk\/shop\/wp-json\/wp\/v2\/product_brand?post=12394"},{"taxonomy":"product_cat","embeddable":true,"href":"https:\/\/www.lltrezor.sk\/shop\/wp-json\/wp\/v2\/product_cat?post=12394"},{"taxonomy":"product_tag","embeddable":true,"href":"https:\/\/www.lltrezor.sk\/shop\/wp-json\/wp\/v2\/product_tag?post=12394"}],"curies":[{"name":"wp","href":"https:\/\/api.w.org\/{rel}","templated":true}]}}